{"id":656,"date":"2025-09-24T11:57:11","date_gmt":"2025-09-24T09:57:11","guid":{"rendered":"https:\/\/www.euro-soft.pl\/wordpress\/produkt\/wykrywacz-podsluchow-gy560\/"},"modified":"2026-01-02T22:03:13","modified_gmt":"2026-01-02T21:03:13","slug":"wykrywacz-podsluchow-gy560","status":"publish","type":"product","link":"https:\/\/www.euro-soft.pl\/w\/produkt\/wykrywacz-podsluchow-gy560\/","title":{"rendered":"Wykrywacz pods\u0142uch\u00f3w GY560"},"content":{"rendered":"<p>Zakres testowanej cz\u0119stotliwo\u015bci wynosi od 50 MHz do 2,4 GHz. Zasilany bateri\u0105 9V. Posiada funkcj\u0119 automatycznego wy\u0142\u0105czenia. W mierniku zastosowano du\u017cy czytelny wy\u015bwietlacz LCD.<\/p>\n<p><big>Dane techniczne:<\/big><\/p>\n<ul>\n<li>zakres testowanej cz\u0119stotliwo\u015bci: 50MHz \u2013 2,4GHz<\/li>\n<li>krok zmiany cz\u0119stotliwo\u015bci: 200 kHz, 1 kHz, 100 Hz<\/li>\n<li>wyci\u0105gana antena teleskopowa<\/li>\n<li>zasi\u0119g: UHF- 8m, VHF: 5m<\/li>\n<li>zasilanie: bateria 9V 6F22<\/li>\n<li>automatyczne wy\u0142\u0105czenie zasilania: 1 minuta<\/li>\n<li>wy\u015bwietlacz LCD<\/li>\n<li>prosta obs\u0142uga. zmiana kroku cz\u0119stotliwo\u015bci jednym przyciskiem<\/li>\n<li>wymiary: 94 x 57 x 23mm<\/li>\n<\/ul>\n","protected":false},"excerpt":{"rendered":"<p>Wykrywacz sygna\u0142\u00f3w radiowych. Jest to urz\u0105dzenie stale skanuj\u0105ce analogowe sygna\u0142y radiowe (radiotelefony, telefony bezprzewodowe itp.).\u00a0 Bardzo prosty w obs\u0142udze. Wystarczy w\u0142\u0105czy\u0107 miernik, ustawi\u0107 zakres pr\u00f3bkowania na 1 kHz i rozpocz\u0105\u0107 pomiar. Po wykryciu sygna\u0142u, na wy\u015bwietlaczu zostaje przedstawiona jego cz\u0119stotliwo\u015b\u0107 oraz linijka informuj\u0105ca o sile tego sygna\u0142u.<\/p>\n","protected":false},"featured_media":655,"template":"","meta":[],"product_brand":[],"product_cat":[21],"product_tag":[],"class_list":{"0":"post-656","1":"product","2":"type-product","3":"status-publish","4":"has-post-thumbnail","6":"product_cat-wykrywacze-podsluchu","8":"first","9":"instock","10":"taxable","11":"shipping-taxable","12":"purchasable","13":"product-type-simple"},"_links":{"self":[{"href":"https:\/\/www.euro-soft.pl\/w\/wp-json\/wp\/v2\/product\/656","targetHints":{"allow":["GET"]}}],"collection":[{"href":"https:\/\/www.euro-soft.pl\/w\/wp-json\/wp\/v2\/product"}],"about":[{"href":"https:\/\/www.euro-soft.pl\/w\/wp-json\/wp\/v2\/types\/product"}],"wp:featuredmedia":[{"embeddable":true,"href":"https:\/\/www.euro-soft.pl\/w\/wp-json\/wp\/v2\/media\/655"}],"wp:attachment":[{"href":"https:\/\/www.euro-soft.pl\/w\/wp-json\/wp\/v2\/media?parent=656"}],"wp:term":[{"taxonomy":"product_brand","embeddable":true,"href":"https:\/\/www.euro-soft.pl\/w\/wp-json\/wp\/v2\/product_brand?post=656"},{"taxonomy":"product_cat","embeddable":true,"href":"https:\/\/www.euro-soft.pl\/w\/wp-json\/wp\/v2\/product_cat?post=656"},{"taxonomy":"product_tag","embeddable":true,"href":"https:\/\/www.euro-soft.pl\/w\/wp-json\/wp\/v2\/product_tag?post=656"}],"curies":[{"name":"wp","href":"https:\/\/api.w.org\/{rel}","templated":true}]}}