{"id":649,"date":"2025-09-24T11:57:10","date_gmt":"2025-09-24T09:57:10","guid":{"rendered":"https:\/\/www.euro-soft.pl\/wordpress\/produkt\/kamera-pendrive\/"},"modified":"2026-04-14T10:36:14","modified_gmt":"2026-04-14T08:36:14","slug":"kamera-pendrive","status":"publish","type":"product","link":"https:\/\/www.euro-soft.pl\/w\/produkt\/kamera-pendrive\/","title":{"rendered":"Kamera pendrive"},"content":{"rendered":"<p>Dzi\u0119ki temu mo\u017ce nagrywa\u0107 przy s\u0142abym o\u015bwietleniu. Przechodzi wtedy w tryb czarno-bia\u0142y.<\/p>\n<div>\n<p><strong>Specyfikacja produktu:<\/strong><br \/>\nWymiary: 78*25*10mm<br \/>\nPrzetwornik obrazu: czujnik CMOS o wysokiej czu\u0142o\u015bci<br \/>\nPrzys\u0142ona obiektywu: F\/NO: 2,8<br \/>\nZakres ostro\u015bci: powy\u017cej 50 cm<br \/>\nFormat wideo: AVI<br \/>\nPojemno\u015b\u0107 baterii: 500 mAh<br \/>\nCzas nagrywania wideo: do 3 godzin<br \/>\nCzas nagrywania d\u017awi\u0119ku: do 5 godzin<br \/>\nRozdzielczo\u015b\u0107 wideo: FHD: 1920*1080 (30 klatek na sekund\u0119)<br \/>\nMikrofon: wbudowany<br \/>\nG\u0142o\u015bnik: wbudowany<br \/>\nKamera obraca si\u0119 o 180 st.<br \/>\nPami\u0119\u0107: Zewn\u0119trzna karta TF (do 128G (FAT32), aby uzyska\u0107 najlepszy efekt nagrywania, u\u017cyj karty U3TF)<br \/>\nAkumulator litowo-polimerowy 3,7 V (500 mAh)<br \/>\nPob\u00f3r mocy: DC5V\/1A<br \/>\nTemperatura pracy: -10-55\u00b0<\/p>\n<p><strong>W zestawie<\/strong>: pendrive z kamer\u0105 x 1, kabel USB x 1, instrukcja x 1<\/p>\n<\/div>\n","protected":false},"excerpt":{"rendered":"<section>Kamera pendrive pracuje na akumulatorze do 3 godzin (sam d\u017awi\u0119k do 5 godzin).\u00a0Obs\u0142uguje karty TF do 128 GB. Obiektyw obraca si\u0119 o 180 stopni.\u00a0W dzie\u0144 zapisuje obraz w kolorze.<br \/>\nPosiada wbudowane diody .<\/section>\n<section><\/section>\n","protected":false},"featured_media":648,"template":"","meta":[],"product_brand":[],"product_cat":[20],"product_tag":[],"class_list":{"0":"post-649","1":"product","2":"type-product","3":"status-publish","4":"has-post-thumbnail","6":"product_cat-nasze-produkty","8":"first","9":"instock","10":"taxable","11":"shipping-taxable","12":"purchasable","13":"product-type-simple"},"_links":{"self":[{"href":"https:\/\/www.euro-soft.pl\/w\/wp-json\/wp\/v2\/product\/649","targetHints":{"allow":["GET"]}}],"collection":[{"href":"https:\/\/www.euro-soft.pl\/w\/wp-json\/wp\/v2\/product"}],"about":[{"href":"https:\/\/www.euro-soft.pl\/w\/wp-json\/wp\/v2\/types\/product"}],"wp:featuredmedia":[{"embeddable":true,"href":"https:\/\/www.euro-soft.pl\/w\/wp-json\/wp\/v2\/media\/648"}],"wp:attachment":[{"href":"https:\/\/www.euro-soft.pl\/w\/wp-json\/wp\/v2\/media?parent=649"}],"wp:term":[{"taxonomy":"product_brand","embeddable":true,"href":"https:\/\/www.euro-soft.pl\/w\/wp-json\/wp\/v2\/product_brand?post=649"},{"taxonomy":"product_cat","embeddable":true,"href":"https:\/\/www.euro-soft.pl\/w\/wp-json\/wp\/v2\/product_cat?post=649"},{"taxonomy":"product_tag","embeddable":true,"href":"https:\/\/www.euro-soft.pl\/w\/wp-json\/wp\/v2\/product_tag?post=649"}],"curies":[{"name":"wp","href":"https:\/\/api.w.org\/{rel}","templated":true}]}}