{"id":633,"date":"2025-09-24T11:57:09","date_gmt":"2025-09-24T09:57:09","guid":{"rendered":"https:\/\/www.euro-soft.pl\/wordpress\/produkt\/mini-dyktafon-na-karte-sd\/"},"modified":"2025-10-21T09:34:53","modified_gmt":"2025-10-21T07:34:53","slug":"mini-dyktafon-na-karte-sd","status":"publish","type":"product","link":"https:\/\/www.euro-soft.pl\/w\/produkt\/mini-dyktafon-na-karte-sd\/","title":{"rendered":"Mini dyktafon na kart\u0119 SD"},"content":{"rendered":"<h2 style=\"text-align: center\">&nbsp;<\/h2>\n<p style=\"text-align: center\"><img loading=\"lazy\" decoding=\"async\" src=\"images\/Dyktafon\/mini_dyktafon_mp3.jpg\" alt=\"dyktafon z kart\u0105 SD\" width=\"200\" height=\"229\" \/><\/p>\n<p style=\"text-align: center\">&nbsp;<\/p>\n<p><strong>Dane techniczne<\/strong>:<\/p>\n<ul>\n<li>Wymiary: 40 x 30 x 8 mm<\/li>\n<li>Nagrywa w standardzie mp3<\/li>\n<li>Wsp\u00f3\u0142pracuje z systemem Windows<\/li>\n<li>Wbudowany akumulator<\/li>\n<li>Brak pami\u0119ci-zapis na kart\u0119 SD<\/li>\n<li>Czas pracy dyktafonu 3 godziny.<\/li>\n<\/ul>\n<p>Prezentowany <strong>mini dyktafon z kart\u0105 SD<\/strong> umo\u017cliwia wykonanie nagrania w standardzie mp3. Dzi\u0119ki temu mo\u017cemy wykona\u0107 nagranie o bardzo wysokiej jako\u015bci. Dodatkow\u0105 zalet\u0105 tego&nbsp; dyktafonu jest fakt, \u017ce nagranie jest wykonywane na karcie SD, co umo\u017cliwia szybkie fizyczne zabezpieczenie pozyskanych nagra\u0144. Ca\u0142o\u015b\u0107 nagrania wykonana jest w jednym pliku. Ods\u0142uch wykonanych nagra\u0144 jest mo\u017cliwy na ka\u017cdym komputerze. My rekomendujemy wykorzystanie darmowej w pe\u0142ni profesjonalnej aplikacji WavePad. Aplikacja ta pozwala na bardzo wygodne prowadzenie ods\u0142uchu wykonanych nagra\u0144 a tak\u017ce na ich obr\u00f3bk\u0119. Dyktafon zasilany jest akumulatorem o pojemno\u015bci 110 mAh. \u0141adowanie akumulatora odbywa si\u0119 poprzez kabel USB pod\u0142\u0105czony do&nbsp; komputera lub z wykorzystaniem \u0142adowarki sieciowej.<\/p>\n<h3 style=\"text-align: center\"><a href=\"https:\/\/www.euro-soft.pl\/w\/kategoria-produktu\/sklep-euro-soft\/mini-dyktafony\/\">Pe\u0142na oferta dyktafon\u00f3w.<\/a><\/h3>\n<h4 style=\"text-align: center\"><a href=\"https:\/\/mini-dyktafon.podsluch.pl\/\">Wi\u0119cej informacji o dyktafonach<\/a>.<\/h4>\n","protected":false},"excerpt":{"rendered":"<p style=\"text-align: justify;\"><strong>Dyktafon na kart\u0119 SD <\/strong>pozwala na bezpieczne wykonania nagrania wysokiej jako\u015bci i pewne zabezpieczenia pozyskanych tre\u015bci na karcie pami\u0119ci SD (brak w zestawie). Nagranie jest wykonywane w standarcie mp3. Standard ten pozwala na osi\u0105ganie bardzo wysokiej dynamiki nagrania.&nbsp;<\/p>\n","protected":false},"featured_media":632,"template":"","meta":[],"product_brand":[],"product_cat":[23],"product_tag":[],"class_list":{"0":"post-633","1":"product","2":"type-product","3":"status-publish","4":"has-post-thumbnail","6":"product_cat-mini-dyktafony","8":"first","9":"instock","10":"taxable","11":"shipping-taxable","12":"purchasable","13":"product-type-simple"},"_links":{"self":[{"href":"https:\/\/www.euro-soft.pl\/w\/wp-json\/wp\/v2\/product\/633","targetHints":{"allow":["GET"]}}],"collection":[{"href":"https:\/\/www.euro-soft.pl\/w\/wp-json\/wp\/v2\/product"}],"about":[{"href":"https:\/\/www.euro-soft.pl\/w\/wp-json\/wp\/v2\/types\/product"}],"wp:featuredmedia":[{"embeddable":true,"href":"https:\/\/www.euro-soft.pl\/w\/wp-json\/wp\/v2\/media\/632"}],"wp:attachment":[{"href":"https:\/\/www.euro-soft.pl\/w\/wp-json\/wp\/v2\/media?parent=633"}],"wp:term":[{"taxonomy":"product_brand","embeddable":true,"href":"https:\/\/www.euro-soft.pl\/w\/wp-json\/wp\/v2\/product_brand?post=633"},{"taxonomy":"product_cat","embeddable":true,"href":"https:\/\/www.euro-soft.pl\/w\/wp-json\/wp\/v2\/product_cat?post=633"},{"taxonomy":"product_tag","embeddable":true,"href":"https:\/\/www.euro-soft.pl\/w\/wp-json\/wp\/v2\/product_tag?post=633"}],"curies":[{"name":"wp","href":"https:\/\/api.w.org\/{rel}","templated":true}]}}