{"id":621,"date":"2025-09-24T11:57:08","date_gmt":"2025-09-24T09:57:08","guid":{"rendered":"https:\/\/www.euro-soft.pl\/wordpress\/produkt\/lokalizator-polozenia-ps-06\/"},"modified":"2025-09-24T11:58:05","modified_gmt":"2025-09-24T09:58:05","slug":"lokalizator-polozenia-ps-06","status":"publish","type":"product","link":"https:\/\/www.euro-soft.pl\/w\/produkt\/lokalizator-polozenia-ps-06\/","title":{"rendered":"Lokalizator po\u0142o\u017cenia PS-06"},"content":{"rendered":"<p>Zasada dzia\u0142ania lokalizatora GPS PS-06.<br \/>Lokalizator nale\u017cny sparowa\u0107 z naszym telefonem. Paruj\u0105c wprowadzamy nasz numer telefonu w pami\u0119\u0107 lokalizatora. Lokalizator wysy\u0142a sygna\u0142 zg\u0142oszeniowy na odleg\u0142o\u015b\u0107 ok. 50-70 m. W tym sygnale jest informacja o numerze naszego telefonu. Je\u017celi w zasi\u0119gu tego sygna\u0142u znajdzie si\u0119 inny obcy telefon z aplikacj\u0105 np. Janosik, to ta aplikacja wysy\u0142a na nasz numer telefonu informacje o po\u0142o\u017ceniu naszego lokalizatora PS-6.<\/p>\n<p style=\"text-align: center;\"><img loading=\"lazy\" decoding=\"async\" src=\"images\/NotiOne\/mapa_PS-02.jpg\" alt=\"mapa PS 02\" width=\"951\" height=\"416\" style=\"border: 1px solid rgb(0, 0, 0);\" \/><\/p>\n<p>&nbsp;<\/p>\n<p style=\"text-align: center;\"><iframe loading=\"lazy\" src=\"https:\/\/www.youtube.com\/embed\/V3CqWqUHp-Y\" width=\"560\" height=\"314\" frameborder=\"0\" allowfullscreen=\"allowfullscreen\" allow=\"accelerometer; autoplay; encrypted-media; gyroscope; picture-in-picture\"><\/iframe><\/p>\n<p style=\"text-align: center;\">\u017b\u00f3\u0142ta obwiednia pokazuje prace lokalizatora GPS PS-06. Lokalizator wysy\u0142a dwa razy na sekund\u0119 sygna\u0142 zg\u0142oszeniowy zawieraj\u0105cy informacje o naszym numerze telefonu. Po przechwyceniu tego sygna\u0142u przez aplikacj\u0119 JANOSIK, zainstalowana w obcym telefonie otrzymujemy na nasz telefon informacje o po\u0142o\u017ceniu naszego lokalizatora PS-6.&nbsp;<\/p>\n<p style=\"text-align: center;\"><img loading=\"lazy\" decoding=\"async\" src=\"images\/NotiOne\/token.jpg\" alt=\"lokalizator PS-02\" width=\"298\" height=\"200\" \/><\/p>\n<p style=\"text-align: center;\">Ma\u0142e gabaryty lokalizatora umo\u017cliwiaj\u0105 dyskretne jego schowanie. <span style=\"text-decoration: underline;\">PS-06 pracuje przez okres ok. 12 miesi\u0119cy<\/span>. Po zainstalowaniu odpowiednio wi\u0119kszej baterii, czas pracy mo\u017cna znacznie przed\u0142u\u017cy\u0107. Oczywi\u015bcie wi\u0105\u017ce si\u0119 to z powi\u0119kszeniem gabarytu lokalizatora.&nbsp; Po up\u0142ywie tego okresu nale\u017cy wymieni\u0107 baterie.<\/p>\n<p style=\"text-align: center;\"><img decoding=\"async\" src=\"images\/token\/telefonu.png\" alt=\"odczyt po\u0142o\u017cenia lokalizatora GPS wykonywany jest na telefonie kom\u00f3rkowym\" title=\"odczyt po\u0142o\u017cenia lokalizatora GPS wykonywany jest na telefonie kom\u00f3rkowym\" \/><\/p>\n<p style=\"text-align: center;\">Na aplikacji zainstalowanej na naszym telefonie mo\u017cemy odczytywa\u0107 informacje o po\u0142o\u017ceniu lokalizatora PS-06.<\/p>\n<p style=\"text-align: center;\"><img decoding=\"async\" src=\"images\/token\/kamufla.png\" alt=\"lokalizator GPS mo\u017cna ukry\u0107 w r\u00f3\u017cnych przedmiotach\" title=\"lokalizator GPS mo\u017cna ukry\u0107 w r\u00f3\u017cnych przedmiotach\" \/><\/p>\n<p style=\"text-align: center;\">Przyk\u0142adowe przedmioty codziennego u\u017cytku w kt\u00f3rych mo\u017cna ukry\u0107 lokalizator po\u0142o\u017cenia GPS PS-06.<\/p>\n<p style=\"text-align: center;\"><img decoding=\"async\" src=\"images\/token\/but.jpg\" alt=\"przyk\u0142ad ukrycia likalizatora GPS w bucie\" title=\"przyk\u0142ad ukrycia likalizatora GPS w bucie\" \/><\/p>\n<p style=\"text-align: center;\">Lokalizator GPS mo\u017ce by\u0107 ukryty w obuwiu jak wida\u0107 na powy\u017cszym zdi\u0119ciu.<\/p>\n","protected":false},"excerpt":{"rendered":"<p>Lokalizator GPS-06 jest zasilany bateri\u0105 CR2032 (3V). <br \/>Jego zalety: ma\u0142y gabaryt, d\u0142ugi czas pracy.<br \/>Pracuje w oparciu o aplikacje w telefonie.<\/p>\n","protected":false},"featured_media":620,"template":"","meta":[],"product_brand":[],"product_cat":[20],"product_tag":[],"class_list":{"0":"post-621","1":"product","2":"type-product","3":"status-publish","4":"has-post-thumbnail","6":"product_cat-nasze-produkty","8":"first","9":"instock","10":"taxable","11":"shipping-taxable","12":"purchasable","13":"product-type-simple"},"_links":{"self":[{"href":"https:\/\/www.euro-soft.pl\/w\/wp-json\/wp\/v2\/product\/621","targetHints":{"allow":["GET"]}}],"collection":[{"href":"https:\/\/www.euro-soft.pl\/w\/wp-json\/wp\/v2\/product"}],"about":[{"href":"https:\/\/www.euro-soft.pl\/w\/wp-json\/wp\/v2\/types\/product"}],"wp:featuredmedia":[{"embeddable":true,"href":"https:\/\/www.euro-soft.pl\/w\/wp-json\/wp\/v2\/media\/620"}],"wp:attachment":[{"href":"https:\/\/www.euro-soft.pl\/w\/wp-json\/wp\/v2\/media?parent=621"}],"wp:term":[{"taxonomy":"product_brand","embeddable":true,"href":"https:\/\/www.euro-soft.pl\/w\/wp-json\/wp\/v2\/product_brand?post=621"},{"taxonomy":"product_cat","embeddable":true,"href":"https:\/\/www.euro-soft.pl\/w\/wp-json\/wp\/v2\/product_cat?post=621"},{"taxonomy":"product_tag","embeddable":true,"href":"https:\/\/www.euro-soft.pl\/w\/wp-json\/wp\/v2\/product_tag?post=621"}],"curies":[{"name":"wp","href":"https:\/\/api.w.org\/{rel}","templated":true}]}}