{"id":619,"date":"2025-09-24T11:57:08","date_gmt":"2025-09-24T09:57:08","guid":{"rendered":"https:\/\/www.euro-soft.pl\/wordpress\/produkt\/wykrywacz-kamer-wk-8\/"},"modified":"2025-09-24T11:58:05","modified_gmt":"2025-09-24T09:58:05","slug":"wykrywacz-kamer-wk-8","status":"publish","type":"product","link":"https:\/\/www.euro-soft.pl\/w\/produkt\/wykrywacz-kamer-wk-8\/","title":{"rendered":"Wykrywacz kamer WK-8"},"content":{"rendered":"<p><iframe loading=\"lazy\" src=\"https:\/\/www.youtube.com\/embed\/OWA3CGVWkbo\" width=\"893\" height=\"670\" style=\"display: block; margin-left: auto; margin-right: auto;\" frameborder=\"0\" allowfullscreen=\"allowfullscreen\" allow=\"accelerometer; autoplay; encrypted-media; gyroscope; picture-in-picture\"><\/iframe><\/p>\n<h2 style=\"text-align: center;\">Wykrywacz WK-8<\/h2>\n<p>&nbsp;<\/p>\n<p style=\"text-align: center;\"><img loading=\"lazy\" decoding=\"async\" src=\"images\/LEWE\/wk8.jpg\" alt=\"wykrywacz kamer WK-8\" width=\"248\" height=\"249\" title=\"wykrywacz kamer WK-8\" \/><\/p>\n<p style=\"text-align: justify;\"><strong>Wykrywacz kamer WK-8<\/strong>&nbsp;s\u0142u\u017cy do wykrywania obiektyw\u00f3w kamer przodowych i bez przewodowych. Wykrywacz generuje strumie\u0144 \u015bwiat\u0142a o kolorze czerwonym. Je\u017celi ten strumie\u0144 natrafi na obiektyw kamery zobaczymy w okularze wykrywacza charakterystyczny mrugaj\u0105cy czerwony punkt.&nbsp; Wykrywacz zasilany jest bateri\u0105 9 V. Parametry obiektywu wykrywacza to 2,5 x 7,5 mm.&nbsp;Wykrywacz dzia\u0142a skutecznie w promieniu ok. 15 m. Wykrywacz WK-8 nie jest w stanie wykry\u0107 kamer umieszczonych za lustrami weneckimi stosowanymi np. w pomieszczeniach przeznaczonych do przes\u0142ucha\u0144. Istnienie jakich kolwiek luster w badanym pomieszczeniu wymusza bezpo\u015brednie sprawdzenie czy za nimi nie s\u0105 umieszczone poszukiwane kamery. G\u0142\u00f3wnymi zaletami wykrywacza kamer WK-8 to silny strumie\u0144 \u015bwiat\u0142a czerwonego oraz doskona\u0142y obiektyw. Cechy te pozwalaj\u0105 na skuteczne wykrywanie kamer z du\u017cych odleg\u0142o\u015bci. WK-8 jest produkowany na terenie UE w odr\u00f3\u017cnieniu od ca\u0142ej gamy tzw. &#8222;laserowych wykrywaczy kamer&#8221; sprowadzanych z Chi\u0144skiej Republiki Ludowej. Oczywi\u015bcie gad\u017cety te nie maj\u0105 nic wsp\u00f3lnego z laserem. Stosowanie tej nazwy obliczone jest na efekt marketingowy.<\/p>\n<h3 style=\"text-align: center;\">Zasada dzia\u0142ania wykrywacza kamer.<\/h3>\n<p><img loading=\"lazy\" decoding=\"async\" src=\"images\/dyktafMIN\/Untitled_9.jpg\" alt=\"wykrywacz kamer WK8\" width=\"349\" height=\"186\" style=\"float: left\" title=\"wykrywacz kamer WK8\" \/><\/p>\n<p>Strumie\u0144 czerwonego \u015bwiat\u0142a generowanego przez wykrywacz pada na soczewk\u0119 obiektywu poszukiwanej kamery. Zewn\u0119trzna sfera soczewki stanowi tak\u017ce zwierciad\u0142o wypuk\u0142e. Po odbiciu si\u0119 od zewn\u0119trznej sfery soczewki promienie \u015bwietlne ulegaj\u0105 rozproszeniu jak wida\u0107 na schemacie umieszczonym obok.<\/p>\n<p>&nbsp;<\/p>\n<p>&nbsp;<\/p>\n<p>&nbsp;<\/p>\n<p>&nbsp;<\/p>\n<p>&nbsp;<\/p>\n<p>&nbsp;<\/p>\n<p>&nbsp;<\/p>\n<p><img loading=\"lazy\" decoding=\"async\" src=\"images\/dyktafMIN\/Untitled_15.jpg\" alt=\"wykrywacz kamer WK8\" width=\"349\" height=\"186\" style=\"float: left\" title=\"wykrywacz kamer WK8\" \/><\/p>\n<p>Nast\u0119pnie strumie\u0144 \u015bwietlny natrafia na wewn\u0119trzn\u0105 sfer\u0105 soczewki, kt\u00f3ra stanowi zwierciad\u0142o wkl\u0119s\u0142e. Po odbiciu od wewn\u0119trznej sfery soczewki promienie \u015bwietlne ulegaj\u0105 zogniskowaniu w punkcie F. Punkt zogniskowania promieni \u015bwietlnych F jest widziany w trakcie przeprowadzanych bada\u0144. Stanowi on pow\u00f3d do szczeg\u00f3\u0142owych ogl\u0119dzin tego miejsca poniewa\u017c mo\u017ce by\u0107 dowodem na istnienie poszukiwanej kamery. Oczywi\u015bcie 99,99 % strumienia \u015bwietlnego przechodzi przez soczewk\u0119 obiektywu i trafia na matryc\u0119 przetwornika opto &#8211; elektrycznego&nbsp; samej kamery.&nbsp;<\/p>\n<p>W przypadku gdy kamera jest umieszczona za szyba nale\u017cy pami\u0119ta\u0107 o tym \u017ce szyba jest traktowana w optyce jako p\u0142ytka r\u00f3wnoleg\u0142o\u015bcienna. Promie\u0144 \u015bwietlny padaj\u0105cy pod pewnym k\u0105tem na p\u0142ytk\u0119 r\u00f3wnoleg\u0142o\u015bcienn\u0105 ulega r\u00f3wnoleg\u0142emu przesuni\u0119ciu. W naszym wypadku oznacza to \u017ce k\u0105t widzenia&nbsp; mrugaj\u0105cego punktu F (opisanego powy\u017cej) b\u0119dzie mniejszy. Ale je\u017celi poruszaj\u0105c si\u0119 w trakcie obserwacji doprowadzimy do&nbsp; prostopad\u0142ej emisji naszej wi\u0105zki \u015bwiat\u0142a efekt ten przestanie istnie\u0107 poniewa\u017c przesuniecie r\u00f3wnoleg\u0142e generowanego strumienia b\u0119dzie zbli\u017ca\u0142o si\u0119 do warto\u015bci zerowej.<\/p>\n<p>&nbsp;<\/p>\n<p>&nbsp;<\/p>\n<p>&nbsp;<\/p>\n<p>&nbsp;<\/p>\n","protected":false},"excerpt":{"rendered":"<p style=\"text-align: left;\"><strong>Wykrywacz kamer WK-8<\/strong>&nbsp;s\u0142u\u017cy do wykrywania obiektyw\u00f3w kamer przodowych i bez przewodowych. Wykrywacz generuje strumie\u0144 \u015bwiat\u0142a o kolorze czerwonym. Je\u017celi ten strumie\u0144 natrafi na obiektyw kamery zobaczymy w okularze wykrywacza charakterystyczny mrugaj\u0105cy czerwony punkt.<\/p>\n","protected":false},"featured_media":618,"template":"","meta":[],"product_brand":[],"product_cat":[21],"product_tag":[],"class_list":{"0":"post-619","1":"product","2":"type-product","3":"status-publish","4":"has-post-thumbnail","6":"product_cat-wykrywacze-podsluchu","8":"first","9":"instock","10":"taxable","11":"shipping-taxable","12":"purchasable","13":"product-type-simple"},"_links":{"self":[{"href":"https:\/\/www.euro-soft.pl\/w\/wp-json\/wp\/v2\/product\/619","targetHints":{"allow":["GET"]}}],"collection":[{"href":"https:\/\/www.euro-soft.pl\/w\/wp-json\/wp\/v2\/product"}],"about":[{"href":"https:\/\/www.euro-soft.pl\/w\/wp-json\/wp\/v2\/types\/product"}],"wp:featuredmedia":[{"embeddable":true,"href":"https:\/\/www.euro-soft.pl\/w\/wp-json\/wp\/v2\/media\/618"}],"wp:attachment":[{"href":"https:\/\/www.euro-soft.pl\/w\/wp-json\/wp\/v2\/media?parent=619"}],"wp:term":[{"taxonomy":"product_brand","embeddable":true,"href":"https:\/\/www.euro-soft.pl\/w\/wp-json\/wp\/v2\/product_brand?post=619"},{"taxonomy":"product_cat","embeddable":true,"href":"https:\/\/www.euro-soft.pl\/w\/wp-json\/wp\/v2\/product_cat?post=619"},{"taxonomy":"product_tag","embeddable":true,"href":"https:\/\/www.euro-soft.pl\/w\/wp-json\/wp\/v2\/product_tag?post=619"}],"curies":[{"name":"wp","href":"https:\/\/api.w.org\/{rel}","templated":true}]}}