{"id":615,"date":"2025-09-24T11:57:08","date_gmt":"2025-09-24T09:57:08","guid":{"rendered":"https:\/\/www.euro-soft.pl\/wordpress\/produkt\/pokrowiec-zagluszajacy-kluczyki\/"},"modified":"2025-11-19T11:16:45","modified_gmt":"2025-11-19T10:16:45","slug":"pokrowiec-zagluszajacy-kluczyki","status":"publish","type":"product","link":"https:\/\/www.euro-soft.pl\/w\/produkt\/pokrowiec-zagluszajacy-kluczyki\/","title":{"rendered":"Pokrowiec zag\u0142uszaj\u0105cy kluczyki"},"content":{"rendered":"<div style=\"text-align: center;\"><img decoding=\"async\" src=\"images\/kluczx.png\" alt=\"Pokrowiec zag\u0142uszaj\u0105cy kluczyki do samochodu\" \/><\/div>\n<div class=\"center\" style=\"text-align: justify;\">Poni\u017cszy materia\u0142 video prezentuje metody stosowane przez z\u0142odziei samochod\u00f3w przy otwieraniu samochodu. Prezentowany pokrowiec blokuj\u0105cy odcina \u0142\u0105czno\u015b\u0107 radiow\u0105 z kluczykami samochodowymi niezale\u017cnie od marki i typu pojazdu. Skuteczno\u015b\u0107 pokrowca wynosi 100 %.<\/div>\n<div class=\"center\" style=\"text-align: center;\"><img loading=\"lazy\" decoding=\"async\" src=\"images\/ADAC.jpg\" alt=\"pokrowiec zag\u0142uszai\u0105cy\" width=\"600\" height=\"326\" \/><\/div>\n<p style=\"text-align: center;\">Prezentowany powy\u017cej schemat dzia\u0142ania wsp\u00f3\u0142czesnych z\u0142odziei samochod\u00f3w z u\u017cyciem retransmitera kodu otwarcia drzwi oraz skanera niezagrywaj\u0105cego kod otwarcia i uruchomienia silnika pojazdu.<\/p>\n<p style=\"text-align: center;\"><img loading=\"lazy\" decoding=\"async\" title=\"Pokrowiec zag\u0142uszaj\u0105cy kluczyki samochodowe\" src=\"..\/media\/upload\/images\/zag%C5%82uszanie_pokrowiec\/oznaczenia.png\" alt=\"Pokrowiec zag\u0142uszaj\u0105cy kluczyki samochodowe\" width=\"337\" height=\"123\" \/><\/p>\n<p style=\"text-align: center;\"><iframe loading=\"lazy\" src=\"\/\/www.youtube.com\/embed\/0AHSDy6AiV0\" width=\"560\" height=\"314\" frameborder=\"0\" allowfullscreen=\"allowfullscreen\"><\/iframe><\/p>\n<p><img loading=\"lazy\" decoding=\"async\" style=\"margin-left: auto; margin-right: auto; display: block;\" title=\"Pokrowiec zag\u0142uszaj\u0105cy kluczyki samochodowe\" src=\"..\/media\/upload\/images\/pokrowiec_pc\/oferta_pokrowce.jpg\" alt=\"Pokrowiec zag\u0142uszaj\u0105cy kluczyki samochodowe\" width=\"739\" height=\"178\" \/><\/p>\n<p style=\"text-align: center;\"><img decoding=\"async\" title=\"Pokrowiec zag\u0142uszaj\u0105cy kluczyki samochodowe\" src=\"..\/media\/upload\/images\/jomla_sam\/untitled_8.jpg\" alt=\"Pokrowiec zag\u0142uszaj\u0105cy kluczyki samochodowe\" \/> <img decoding=\"async\" title=\"Pokrowiec zag\u0142uszaj\u0105cy kluczyki samochodowe\" src=\"..\/media\/upload\/images\/jomla_sam\/untitled_6.jpg\" alt=\"Pokrowiec zag\u0142uszaj\u0105cy kluczyki samochodowe\" \/> <img decoding=\"async\" title=\"Pokrowiec zag\u0142uszaj\u0105cy kluczyki samochodowe\" src=\"..\/media\/upload\/images\/jomla_sam\/untitled_16.jpg\" alt=\"Pokrowiec zag\u0142uszaj\u0105cy kluczyki samochodowe\" \/> <img decoding=\"async\" title=\"Pokrowiec zag\u0142uszaj\u0105cy kluczyki samochodowe\" src=\"..\/media\/upload\/images\/jomla_sam\/untitled_19.jpg\" alt=\"Pokrowiec zag\u0142uszaj\u0105cy kluczyki samochodowe\" \/> <img decoding=\"async\" title=\"Pokrowiec zag\u0142uszaj\u0105cy kluczyki samochodowe\" src=\"..\/media\/upload\/images\/jomla_sam\/untitled_12.jpg\" alt=\"Pokrowiec zag\u0142uszaj\u0105cy kluczyki samochodowe\" \/> <img decoding=\"async\" title=\"Pokrowiec zag\u0142uszaj\u0105cy kluczyki samochodowe\" src=\"..\/media\/upload\/images\/jomla_sam\/untitled_14.jpg\" alt=\"Pokrowiec zag\u0142uszaj\u0105cy kluczyki samochodowe\" \/> <img decoding=\"async\" title=\"Pokrowiec zag\u0142uszaj\u0105cy kluczyki samochodowe\" src=\"..\/media\/upload\/images\/jomla_sam\/untitled_4.jpg\" alt=\"Pokrowiec zag\u0142uszaj\u0105cy kluczyki samochodowe\" \/> <img decoding=\"async\" title=\"Pokrowiec zag\u0142uszaj\u0105cy kluczyki samochodowe\" src=\"..\/media\/upload\/images\/jomla_sam\/untitled_10.jpg\" alt=\"Pokrowiec zag\u0142uszaj\u0105cy kluczyki samochodowe\" \/> <img decoding=\"async\" title=\"Pokrowiec zag\u0142uszaj\u0105cy kluczyki samochodowe\" src=\"..\/media\/upload\/images\/jomla_sam\/untitled_2.jpg\" alt=\"Pokrowiec zag\u0142uszaj\u0105cy kluczyki samochodowe\" \/><\/p>\n<p>&nbsp;<\/p>\n","protected":false},"excerpt":{"rendered":"<p>Prezentowany pokrowiec odcina \u0142\u0105czno\u015b\u0107 radiow\u0105 z kluczykami samochodowymi, niezale\u017cnie od marki i typu pojazdu. Mo\u017cna te\u017c go u\u017cywa\u0107 do kart kredytowych &#8211; nie zostan\u0105 wtedy sczytane. Skuteczno\u015b\u0107 pokrowca 100 %.\u00a0 Wymiary 14 cm x 7 cm.<\/p>\n","protected":false},"featured_media":614,"template":"","meta":[],"product_brand":[],"product_cat":[20],"product_tag":[],"class_list":{"0":"post-615","1":"product","2":"type-product","3":"status-publish","4":"has-post-thumbnail","6":"product_cat-nasze-produkty","8":"first","9":"instock","10":"taxable","11":"shipping-taxable","12":"purchasable","13":"product-type-simple"},"_links":{"self":[{"href":"https:\/\/www.euro-soft.pl\/w\/wp-json\/wp\/v2\/product\/615","targetHints":{"allow":["GET"]}}],"collection":[{"href":"https:\/\/www.euro-soft.pl\/w\/wp-json\/wp\/v2\/product"}],"about":[{"href":"https:\/\/www.euro-soft.pl\/w\/wp-json\/wp\/v2\/types\/product"}],"wp:featuredmedia":[{"embeddable":true,"href":"https:\/\/www.euro-soft.pl\/w\/wp-json\/wp\/v2\/media\/614"}],"wp:attachment":[{"href":"https:\/\/www.euro-soft.pl\/w\/wp-json\/wp\/v2\/media?parent=615"}],"wp:term":[{"taxonomy":"product_brand","embeddable":true,"href":"https:\/\/www.euro-soft.pl\/w\/wp-json\/wp\/v2\/product_brand?post=615"},{"taxonomy":"product_cat","embeddable":true,"href":"https:\/\/www.euro-soft.pl\/w\/wp-json\/wp\/v2\/product_cat?post=615"},{"taxonomy":"product_tag","embeddable":true,"href":"https:\/\/www.euro-soft.pl\/w\/wp-json\/wp\/v2\/product_tag?post=615"}],"curies":[{"name":"wp","href":"https:\/\/api.w.org\/{rel}","templated":true}]}}