{"id":519,"date":"2016-03-07T22:49:24","date_gmt":"2016-03-07T21:49:24","guid":{"rendered":"https:\/\/www.euro-soft.pl\/wordpress\/mikrosluchawki\/"},"modified":"2016-03-07T22:49:24","modified_gmt":"2016-03-07T21:49:24","slug":"mikrosluchawki","status":"publish","type":"page","link":"https:\/\/www.euro-soft.pl\/w\/mikrosluchawki\/","title":{"rendered":"MIKROS\u0141UCHAWKI"},"content":{"rendered":"<div class=\"art-content-layout\">\n<div class=\"art-content-layout-row\">\n<div class=\"art-layout-cell\" style=\"width: 100%;\">\n<p style=\"text-align: center;\">&nbsp;<\/p>\n<p style=\"text-align: center;\"><img loading=\"lazy\" decoding=\"async\" class=\" size-full wp-image-513\" src=\"https:\/\/www.euro-soft.pl\/wordpress\/wp-content\/uploads\/2016\/03\/tmp1007.png\" alt=\"wykrywanie pods\u0142uchu Koszalin\" width=\"351\" height=\"144\" class=\"art-lightbox\" title=\"wykrywanie pods\u0142uchu Koszalin\" srcset=\"https:\/\/www.euro-soft.pl\/w\/wp-content\/uploads\/2016\/03\/tmp1007.png 351w, https:\/\/www.euro-soft.pl\/w\/wp-content\/uploads\/2016\/03\/tmp1007-300x123.png 300w\" sizes=\"auto, (max-width: 351px) 100vw, 351px\" \/><\/p>\n<p style=\"text-align: center;\">&nbsp;<\/p>\n<p style=\"text-align: left;\">Mikro s\u0142uchawka stosowany jest do wymiany informacji w dyskretny spos\u00f3b pomi\u0119dzy kilkoma osobami. . Cz\u0119sto jest wykorzystywana w trakcie obserwacji &#8222;figuranta&#8221; na ulicy lub w innych miejscach publicznych. Do transmisji sygna\u0142u mo\u017ce by\u0107 wykorzystywany system telefonii kom\u00f3rkowej lub dowolny inny radiotelefon. Mikro s\u0142uchawka sk\u0142ada si\u0119 miniaturowego g\u0142o\u015bnika umieszczanego w przewodzie s\u0142uchowym ucha. Bezprzewodowe po\u0142\u0105czenia mikro s\u0142uchawki z urz\u0105dzeniem transmituj\u0105cym informacje (np. telefon kom\u00f3rkowy) zapewnia p\u0119tla indukcyjna generuj\u0105ca zmienne pole magnetyczne. W cewce indukcyjnej mikro s\u0142uchawki generowana jest si\u0142a elektromotoryczna co pozwala na wytworzenie przebieg\u00f3w pr\u0105dowych zasilaj\u0105cych mikro g\u0142o\u015bnik zainstalowany w mikro s\u0142uchawce.<\/p>\n<p style=\"text-align: left;\">&nbsp;<\/p>\n<p style=\"text-align: center;\"><img loading=\"lazy\" decoding=\"async\" class=\" size-full wp-image-514\" src=\"https:\/\/www.euro-soft.pl\/wordpress\/wp-content\/uploads\/2016\/03\/tmp2ACE.png\" alt=\"wykrywanie pods\u0142uchu Koszalin\" width=\"816\" height=\"118\" class=\"art-lightbox\" title=\"wykrywanie pods\u0142uchu Koszalin\" srcset=\"https:\/\/www.euro-soft.pl\/w\/wp-content\/uploads\/2016\/03\/tmp2ACE.png 816w, https:\/\/www.euro-soft.pl\/w\/wp-content\/uploads\/2016\/03\/tmp2ACE-300x43.png 300w, https:\/\/www.euro-soft.pl\/w\/wp-content\/uploads\/2016\/03\/tmp2ACE-768x111.png 768w, https:\/\/www.euro-soft.pl\/w\/wp-content\/uploads\/2016\/03\/tmp2ACE-600x87.png 600w\" sizes=\"auto, (max-width: 816px) 100vw, 816px\" \/><\/p>\n<\/div>\n<\/div>\n<\/div>\n<div class=\"art-content-layout\">\n<div class=\"art-content-layout-row\">\n<div class=\"art-layout-cell\" style=\"width: 50%;\">\n<p style=\"text-align: center;\"><img loading=\"lazy\" decoding=\"async\" class=\" size-full wp-image-515\" src=\"https:\/\/www.euro-soft.pl\/wordpress\/wp-content\/uploads\/2016\/03\/tmpBC03.png\" alt=\"wykrywanie pods\u0142uchu Koszalin\" width=\"395\" height=\"192\" class=\"art-lightbox\" title=\"wykrywanie pods\u0142uchu Koszalin\" srcset=\"https:\/\/www.euro-soft.pl\/w\/wp-content\/uploads\/2016\/03\/tmpBC03.png 395w, https:\/\/www.euro-soft.pl\/w\/wp-content\/uploads\/2016\/03\/tmpBC03-300x146.png 300w\" sizes=\"auto, (max-width: 395px) 100vw, 395px\" \/><\/p>\n<\/div>\n<div class=\"art-layout-cell\" style=\"width: 50%;\">\n<p style=\"text-align: center;\"><img loading=\"lazy\" decoding=\"async\" class=\" size-full wp-image-516\" src=\"https:\/\/www.euro-soft.pl\/wordpress\/wp-content\/uploads\/2016\/03\/tmp163A.png\" alt=\"wykrywanie pods\u0142uchu Koszalin\" width=\"390\" height=\"190\" class=\"art-lightbox\" title=\"wykrywanie pods\u0142uchu Koszalin\" srcset=\"https:\/\/www.euro-soft.pl\/w\/wp-content\/uploads\/2016\/03\/tmp163A.png 390w, https:\/\/www.euro-soft.pl\/w\/wp-content\/uploads\/2016\/03\/tmp163A-300x146.png 300w\" sizes=\"auto, (max-width: 390px) 100vw, 390px\" \/><\/p>\n<\/div>\n<\/div>\n<\/div>\n<div class=\"art-content-layout\">\n<div class=\"art-content-layout-row\">\n<div class=\"art-layout-cell\" style=\"width: 100%;\">\n<p style=\"text-align: center;\">&nbsp;<\/p>\n<p style=\"text-align: center;\">&nbsp;<\/p>\n<h1 style=\"text-align: center;\">Cennik<\/h1>\n<p>&nbsp;<\/p>\n<hr \/>\n<\/div>\n<\/div>\n<\/div>\n<div class=\"art-content-layout\">\n<div class=\"art-content-layout-row\">\n<div class=\"art-layout-cell\" style=\"width: 33%;\">\n<p>&nbsp;<\/p>\n<p style=\"text-align: center;\"><img loading=\"lazy\" decoding=\"async\" class=\" size-full wp-image-517\" src=\"https:\/\/www.euro-soft.pl\/wordpress\/wp-content\/uploads\/2016\/03\/tmp69D7.png\" alt=\"wykrywanie pods\u0142uchu Koszalin\" width=\"200\" height=\"200\" class=\"art-lightbox\" title=\"wykrywanie pods\u0142uchu Koszalin\" srcset=\"https:\/\/www.euro-soft.pl\/w\/wp-content\/uploads\/2016\/03\/tmp69D7.png 200w, https:\/\/www.euro-soft.pl\/w\/wp-content\/uploads\/2016\/03\/tmp69D7-150x150.png 150w, https:\/\/www.euro-soft.pl\/w\/wp-content\/uploads\/2016\/03\/tmp69D7-100x100.png 100w\" sizes=\"auto, (max-width: 200px) 100vw, 200px\" \/><\/p>\n<\/div>\n<div class=\"art-layout-cell\" style=\"width: 67%;\">\n<h1><span style=\"font-size: 26px;\">Mikro s\u0142uchawka SM-5<\/span><\/h1>\n<p>Mikro s\u0142uchawka o bardzo ma\u0142ych gabarytach (7x7x13 mm). Mo\u017cna j\u0105 ukry\u0107 w kanale usznym i w spos\u00f3b bardzo dyskretny odbiera\u0107 przekazywane informacje. Mikro s\u0142uchawka SM-5 przystosowany jest do wsp\u00f3\u0142pracy z ka\u017cdym telefonem kom\u00f3rkowym poprzez po\u0142\u0105czenie BLUETOOTH. Zestaw zapewnia ci\u0105g\u0142e po\u0142\u0105czenie w okresie ok. 5 godzin. Po tym czasie nale\u017cy wymieni\u0107 bateri\u0119 w s\u0142uchawce a tak\u017ce na\u0142adowa\u0107 nadajnik BLUETOOTH.<\/p>\n<p>&nbsp;<\/p>\n<p style=\"text-align: center;\"><span style=\"font-weight: bold; font-size: 16px;\">Cena 220z\u0142.<\/span><\/p>\n<p style=\"text-align: center;\">&nbsp;<a href=\"http:\/\/www.euro-soft.pl\/sklep\/?p=productsMore&amp;iProduct=5&amp;sName=Mikro-sluchawka-SM-5\" target=\"_blank\" class=\"art-button\">Przejd\u017a do sklepu i dowiedz si\u0119 wi\u0119cej<\/a>&nbsp;<\/p>\n<\/div>\n<\/div>\n<\/div>\n<div class=\"art-content-layout\">\n<div class=\"art-content-layout-row\">\n<div class=\"art-layout-cell\" style=\"width: 100%;\">\n<hr \/>\n<\/div>\n<\/div>\n<\/div>\n<div class=\"art-content-layout\">\n<div class=\"art-content-layout-row\">\n<div class=\"art-layout-cell\" style=\"width: 33%;\">\n<p>&nbsp;<\/p>\n<p style=\"text-align: center;\"><img loading=\"lazy\" decoding=\"async\" class=\" size-full wp-image-518\" src=\"https:\/\/www.euro-soft.pl\/wordpress\/wp-content\/uploads\/2016\/03\/tmpB196.png\" alt=\"wykrywanie pods\u0142uchu Koszalin\" width=\"200\" height=\"150\" class=\"art-lightbox\" title=\"wykrywanie pods\u0142uchu Koszalin\" \/><\/p>\n<\/div>\n<div class=\"art-layout-cell\" style=\"width: 67%;\">\n<h1><span style=\"font-size: 26px;\">Mikro s\u0142uchawka przewodowa<\/span><\/h1>\n<p>Mikro s\u0142uchawka przewodowa. Wsp\u00f3\u0142pracuje z telefonami pracuj\u0105cymi na andfroidzie i na win.<\/p>\n<p>&nbsp;<\/p>\n<p style=\"text-align: center;\"><span style=\"font-weight: bold; font-size: 16px;\">Cena 170z\u0142.<\/span><\/p>\n<p style=\"text-align: center;\">&nbsp;<a href=\"http:\/\/www.euro-soft.pl\/sklep\/?p=productsMore&amp;iProduct=423&amp;sName=Mikro-sluchawka-przewodowa.\" target=\"_blank\" class=\"art-button\">Przejd\u017a do sklepu i dowiedz si\u0119 wi\u0119cej<\/a>&nbsp;<\/p>\n<\/div>\n<\/div>\n<\/div>\n","protected":false},"excerpt":{"rendered":"<p>&nbsp; &nbsp; Mikro s\u0142uchawka stosowany jest do wymiany informacji w dyskretny spos\u00f3b pomi\u0119dzy kilkoma osobami. . Cz\u0119sto jest wykorzystywana w trakcie obserwacji &#8222;figuranta&#8221; na ulicy lub w innych miejscach publicznych. Do transmisji sygna\u0142u mo\u017ce by\u0107 wykorzystywany system telefonii kom\u00f3rkowej lub dowolny inny radiotelefon. Mikro s\u0142uchawka sk\u0142ada si\u0119 miniaturowego g\u0142o\u015bnika umieszczanego w przewodzie s\u0142uchowym ucha. Bezprzewodowe [&hellip;]<\/p>\n","protected":false},"author":1,"featured_media":513,"parent":0,"menu_order":0,"comment_status":"closed","ping_status":"closed","template":"","meta":{"footnotes":""},"categories":[17],"tags":[],"class_list":["post-519","page","type-page","status-publish","has-post-thumbnail","hentry","category-artykuly"],"blocksy_meta":[],"_links":{"self":[{"href":"https:\/\/www.euro-soft.pl\/w\/wp-json\/wp\/v2\/pages\/519","targetHints":{"allow":["GET"]}}],"collection":[{"href":"https:\/\/www.euro-soft.pl\/w\/wp-json\/wp\/v2\/pages"}],"about":[{"href":"https:\/\/www.euro-soft.pl\/w\/wp-json\/wp\/v2\/types\/page"}],"author":[{"embeddable":true,"href":"https:\/\/www.euro-soft.pl\/w\/wp-json\/wp\/v2\/users\/1"}],"replies":[{"embeddable":true,"href":"https:\/\/www.euro-soft.pl\/w\/wp-json\/wp\/v2\/comments?post=519"}],"version-history":[{"count":0,"href":"https:\/\/www.euro-soft.pl\/w\/wp-json\/wp\/v2\/pages\/519\/revisions"}],"wp:featuredmedia":[{"embeddable":true,"href":"https:\/\/www.euro-soft.pl\/w\/wp-json\/wp\/v2\/media\/513"}],"wp:attachment":[{"href":"https:\/\/www.euro-soft.pl\/w\/wp-json\/wp\/v2\/media?parent=519"}],"wp:term":[{"taxonomy":"category","embeddable":true,"href":"https:\/\/www.euro-soft.pl\/w\/wp-json\/wp\/v2\/categories?post=519"},{"taxonomy":"post_tag","embeddable":true,"href":"https:\/\/www.euro-soft.pl\/w\/wp-json\/wp\/v2\/tags?post=519"}],"curies":[{"name":"wp","href":"https:\/\/api.w.org\/{rel}","templated":true}]}}