{"id":512,"date":"2016-03-07T22:49:24","date_gmt":"2016-03-07T21:49:24","guid":{"rendered":"https:\/\/www.euro-soft.pl\/wordpress\/mikrofony-do-dyktafonow\/"},"modified":"2016-03-07T22:49:24","modified_gmt":"2016-03-07T21:49:24","slug":"mikrofony-do-dyktafonow","status":"publish","type":"page","link":"https:\/\/www.euro-soft.pl\/w\/mikrofony-do-dyktafonow\/","title":{"rendered":"MIKROFONY DO DYKTAFON\u00d3W"},"content":{"rendered":"<div class=\"art-content-layout\">\n<div class=\"art-content-layout-row\">\n<div class=\"art-layout-cell\" style=\"width: 100%;\">\n<p>\u00a0<\/p>\n<p>Mikrofon do dyktafonu powinien spe\u0142nia\u0107 kilka parametr\u00f3w w zale\u017cnosci od specyfiki jego wykorzystania.<\/p>\n<p><span style=\"font-weight: bold;\">Mikrofon do dyktafonu pod wzgl\u0119dem ich zastosowania operacyjnego mo\u017cna podzieli\u0107 na:<\/span><\/p>\n<p>\u00a0<\/p>\n<ol>\n<li><span style=\"font-size: 14px; line-height: 17px;\">mikrofon do dyktafonu w kamufla\u017cu<\/span><\/li>\n<li><span style=\"font-size: 14px; line-height: 17px;\">mikrofon do dyktafonu z przeznaczeniem instalowania go w cz\u0119\u015bciach garderoby<\/span><\/li>\n<li><span style=\"font-size: 14px; line-height: 17px;\">mikrofon do dyktafonu instalowany w otworach wierconych np. w \u015bcianach<\/span><\/li>\n<li><span style=\"font-size: 14px; line-height: 17px;\">mikrofon do dyktafony umieszczany w szczelinach.<\/span><\/li>\n<\/ol>\n<p>\u00a0<\/p>\n<p>\u00a0<\/p>\n<p>\u00a0<\/p>\n<p>Oczywi\u015bcie istniei\u0105 bezprzewodowe mikrofony do dyktafonu. W tym przypadku dyktafon pe\u0142ni role odbiornika<br \/>transmisji bezprzewodowej z jednoczesn\u0105 mo\u017cliwo\u015bcia nagrywania ods\u0142uchiwanej tre\u015bci.<\/p>\n<p>\u00a0<\/p>\n<\/div>\n<\/div>\n<\/div>\n<div class=\"art-content-layout\">\n<div class=\"art-content-layout-row\">\n<div class=\"art-layout-cell\" style=\"width: 100%;\">\n<p>\u00a0<\/p>\n<h1 style=\"text-align: center;\">Cennik<\/h1>\n<\/div>\n<\/div>\n<\/div>\n<div class=\"art-content-layout\">\n<div class=\"art-content-layout-row\">\n<div class=\"art-layout-cell\" style=\"width: 100%;\">\n<hr \/>\n<\/div>\n<\/div>\n<\/div>\n<div class=\"art-content-layout\">\n<div class=\"art-content-layout-row\">\n<div class=\"art-layout-cell\" style=\"width: 33%;\">\n<p>\u00a0<\/p>\n<p style=\"text-align: center;\"><img loading=\"lazy\" decoding=\"async\" class=\"art-lightbox size-full wp-image-502\" title=\"wykrywanie pods\u0142uchu Koszalin\" src=\"https:\/\/www.euro-soft.pl\/wordpress\/wp-content\/uploads\/2016\/03\/tmp5E35.png\" alt=\"wykrywanie pods\u0142uchu Koszalin\" width=\"200\" height=\"148\" \/><\/p>\n<\/div>\n<div class=\"art-layout-cell\" style=\"width: 67%;\">\n<h1><span style=\"font-size: 26px;\">Mikrofon do dyktafonu MS-10<\/span><\/h1>\n<p>Mikrofon Pods\u0142uchowy MS-1 0 posiada bardzo ma\u0142e wymiary ( \u015brednica mikrofonu wynosi 4 mm).\u00a0Umo\u017cliwia to wygodne umieszczanie go w takich cz\u0119\u015bciach garderoby jak: biustonosze, elastyczne obcis\u0142e golfy itp.<\/p>\n<p>Mikrofon wsp\u00f3\u0142pracuje z dyktafonami cyfrowymi i analogowymi.<\/p>\n<p><\/p>\n<p><span style=\"font-weight: bold;\">Dane techniczne:<\/span><\/p>\n<p>Mikrofon elektretowy,<\/p>\n<p>50Hz-8000kHz,<\/p>\n<p>\u015arednica \u00d8 5 mm,<\/p>\n<p>Czu\u0142o\u015b\u0107 -44dB,<\/p>\n<p>D\u0142ugo\u015b\u0107 kabla 0,8 m<\/p>\n<p>Wtyk stereo \/ mono 3,5 mm<\/p>\n<p>Mocowanie &#8211; agrafka.<\/p>\n<p>\u00a0<\/p>\n<p style=\"text-align: center;\"><span style=\"font-weight: bold;\">Cena 40 z\u0142.<\/span><\/p>\n<p style=\"text-align: center;\">\u00a0<a class=\"art-button\" href=\"http:\/\/www.euro-soft.pl\/sklep\/?p=productsMore&amp;iProduct=45&amp;sName=Mikrofon-do-dyktafonu-MS-10\" target=\"_blank\">Przejd\u017a do sklepu i dowiedz si\u0119 wi\u0119cej<\/a>\u00a0<span style=\"font-weight: bold;\"><br \/><\/span><\/p>\n<\/div>\n<\/div>\n<\/div>\n<div class=\"art-content-layout\">\n<div class=\"art-content-layout-row\">\n<div class=\"art-layout-cell\" style=\"width: 100%;\">\n<hr \/>\n<\/div>\n<\/div>\n<\/div>\n<div class=\"art-content-layout\">\n<div class=\"art-content-layout-row\">\n<div class=\"art-layout-cell\" style=\"width: 33%;\">\n<p>\u00a0<\/p>\n<p style=\"text-align: center;\"><img loading=\"lazy\" decoding=\"async\" class=\"art-lightbox size-full wp-image-503\" title=\"wykrywanie pods\u0142uchu Koszalin\" src=\"https:\/\/www.euro-soft.pl\/wordpress\/wp-content\/uploads\/2016\/03\/tmp360D.png\" alt=\"wykrywanie pods\u0142uchu Koszalin\" width=\"200\" height=\"91\" \/><\/p>\n<\/div>\n<div class=\"art-layout-cell\" style=\"width: 67%;\">\n<h1><span style=\"font-size: 26px;\">Mikrofon do dyktafonu w d\u0142ugopisie MX-10<\/span><\/h1>\n<p>Mikrofon do dyktafonu MX-10 znajduje si\u0119 w obudowie d\u0142ugopisu.<\/p>\n<p>Umo\u017cliwia to wygodne umieszczanie go w zewn\u0119trznej kieszeni marynarki.<\/p>\n<p>Przeznaczony jest do wsp\u00f3\u0142pracy z dyktafonami cyfrowymi i analogowymi.<\/p>\n<p><\/p>\n<p>Dane techniczne:<\/p>\n<p>Mikrofon elektretowy,<\/p>\n<p>50Hz-20.000Hz,<\/p>\n<p>\u00d814.0&#215;150 mm,<\/p>\n<p>Czu\u0142o\u015b\u0107 -44dB,<\/p>\n<p>D\u0142ugo\u015b\u0107 kabla 0,8 m<\/p>\n<p>Wtyk mono 3,5 mm<\/p>\n<p>\u00a0<\/p>\n<p style=\"text-align: center;\"><span style=\"font-weight: bold; font-size: 16px;\">Cena 45 z\u0142.<\/span><\/p>\n<p style=\"text-align: center;\"><a class=\"art-button\" href=\"http:\/\/www.euro-soft.pl\/sklep\/?p=productsMore&amp;iProduct=46&amp;sName=Mikrofon-do-dyktafonu-w-dlugopisie-MX-10-\" target=\"_blank\">Przejd\u017a do sklepu i dowiedz si\u0119 wi\u0119cej<\/a><\/p>\n<\/div>\n<\/div>\n<\/div>\n<div class=\"art-content-layout\">\n<div class=\"art-content-layout-row\">\n<div class=\"art-layout-cell\" style=\"width: 100%;\">\n<hr \/>\n<\/div>\n<\/div>\n<\/div>\n<div class=\"art-content-layout\">\n<div class=\"art-content-layout-row\">\n<div class=\"art-layout-cell\" style=\"width: 33%;\">\n<p>\u00a0<\/p>\n<p style=\"text-align: center;\"><img loading=\"lazy\" decoding=\"async\" class=\"art-lightbox size-full wp-image-504\" title=\"wykrywanie pods\u0142uchu Koszalin\" src=\"https:\/\/www.euro-soft.pl\/wordpress\/wp-content\/uploads\/2016\/03\/tmpED4B.png\" alt=\"wykrywanie pods\u0142uchu Koszalin\" width=\"200\" height=\"174\" \/><\/p>\n<\/div>\n<div class=\"art-layout-cell\" style=\"width: 67%;\">\n<h1><span style=\"font-size: 26px;\">Mikrofon do dyktafonu<br \/>-nagrywanie z telefonu MK-11<\/span><\/h1>\n<p>Mikrofon do nagrywania rozm\u00f3w telefonicznych z telefonu kom\u00f3rkowego lub stacjonarnego.<\/p>\n<p>Aby nagra\u0107 prowadzon\u0105 rozmow\u0119 telefoniczn\u0105 nale\u017cy s\u0142uchawk\u0119 w\u0142o\u017cy\u0107 do ucha nast\u0119pnie po\u0142\u0105czy\u0107 j\u0105\u00a0z wej\u015bciem mikrofonowym dowolnego dyktafonu. Telefon w trakcie rozmowy nale\u017cy przy\u0142o\u017cy\u0107 do ucha\u00a0w kt\u00f3rym jest s\u0142uchawka.<\/p>\n<p><\/p>\n<p><span style=\"font-weight: bold;\">Dane techniczne:<\/span><\/p>\n<p>Mikrofon elektretowy,<\/p>\n<p>50Hz-8000kHz,<\/p>\n<p>\u00d815&#215;10 mm,<\/p>\n<p>czu\u0142o\u015b\u0107 -36dB,<\/p>\n<p>D\u0142ugo\u015b\u0107 kabla 0,8 m<\/p>\n<p>Wtyk stereo 3,5 mm (wsp\u00f3\u0142pracuje z gniazdem mono)<\/p>\n<p><\/p>\n<p style=\"text-align: center;\"><span style=\"font-weight: bold; font-size: 16px;\">Cena 40z\u0142.<\/span><\/p>\n<p style=\"text-align: center;\"><a class=\"art-button\" href=\"http:\/\/www.euro-soft.pl\/sklep\/?p=productsMore&amp;iProduct=389&amp;sName=Mikrofon-do-dyktafonu-nagrywanie-z-telefonu-MK-11\" target=\"_blank\">Przejd\u017a do sklepu i dowiedz si\u0119 wi\u0119cej<\/a><\/p>\n<\/div>\n<\/div>\n<\/div>\n<div class=\"art-content-layout\">\n<div class=\"art-content-layout-row\">\n<div class=\"art-layout-cell\" style=\"width: 100%;\">\n<hr \/>\n<\/div>\n<\/div>\n<\/div>\n<div class=\"art-content-layout\">\n<div class=\"art-content-layout-row\">\n<div class=\"art-layout-cell\" style=\"width: 33%;\">\n<p>\u00a0<\/p>\n<p style=\"text-align: center;\"><img loading=\"lazy\" decoding=\"async\" class=\"art-lightbox size-full wp-image-505\" title=\"wykrywanie pods\u0142uchu Koszalin\" src=\"https:\/\/www.euro-soft.pl\/wordpress\/wp-content\/uploads\/2016\/03\/tmp6A8.png\" alt=\"wykrywanie pods\u0142uchu Koszalin\" width=\"200\" height=\"150\" \/><\/p>\n<\/div>\n<div class=\"art-layout-cell\" style=\"width: 67%;\">\n<h1><span style=\"font-size: 26px;\">Mikrofon stereofoniczny do dyktafonu MS-10S<\/span><\/h1>\n<p>Mikrofon ten pozwala na wykonywanie niezale\u017cnego zapisu informacji akustycznych na dw\u00f3ch\u00a0niezale\u017cnych kana\u0142ach dyktafonu stereofonicznego.<\/p>\n<p>\u00a0<\/p>\n<p><span style=\"font-weight: bold;\">Dane techniczne:<\/span><\/p>\n<p>Mikrofon elektretowy,<\/p>\n<p>50Hz-8000kHz,<\/p>\n<p>\u00d810 mm,<\/p>\n<p>czu\u0142o\u015b\u0107 -36dB,<\/p>\n<p>D\u0142ugo\u015b\u0107 kabla 0,8 m<\/p>\n<p>Wtyk stereo 3,5 mm (wsp\u00f3\u0142pracuje z gniazdem mono)<\/p>\n<p>Mocowanie &#8211; agrafka.<\/p>\n<p><\/p>\n<p style=\"text-align: center;\"><span style=\"font-weight: bold; font-size: 16px;\">Cena 45z\u0142.<\/span><\/p>\n<p style=\"text-align: center;\"><a class=\"art-button\" href=\"http:\/\/www.euro-soft.pl\/sklep\/?p=productsMore&amp;iProduct=45&amp;sName=Mikrofon-do-dyktafonu-MS-10\" target=\"_blank\">Przejd\u017a do sklepu i dowiedz si\u0119 wi\u0119cej<\/a><\/p>\n<\/div>\n<\/div>\n<\/div>\n<div class=\"art-content-layout\">\n<div class=\"art-content-layout-row\">\n<div class=\"art-layout-cell\" style=\"width: 100%;\">\n<hr \/>\n<\/div>\n<\/div>\n<\/div>\n<div class=\"art-content-layout\">\n<div class=\"art-content-layout-row\">\n<div class=\"art-layout-cell\" style=\"width: 33%;\">\n<p>\u00a0<\/p>\n<p style=\"text-align: center;\"><img loading=\"lazy\" decoding=\"async\" class=\"art-lightbox size-full wp-image-506\" title=\"wykrywanie pods\u0142uchu Koszalin\" src=\"https:\/\/www.euro-soft.pl\/wordpress\/wp-content\/uploads\/2016\/03\/tmp51F3.png\" alt=\"wykrywanie pods\u0142uchu Koszalin\" width=\"200\" height=\"174\" \/><\/p>\n<\/div>\n<div class=\"art-layout-cell\" style=\"width: 67%;\">\n<h1><span style=\"font-size: 26px;\">Mikrofon do dyktafonu M-200<\/span><\/h1>\n<p>Mikrofon M-200 wyposa\u017cony jest w klips u\u0142atwiaj\u0105cy mocowanie go do np. ubrania.\u00a0Posiada tak\u017ce os\u0142on\u0119 z g\u0105bki poprawiaj\u0105cej jako\u015b\u0107 nagrania.<\/p>\n<p><\/p>\n<p><span style=\"font-weight: bold;\">Dane techniczne:<\/span><\/p>\n<p>Mikrofon elektretowy,<\/p>\n<p>50Hz-8000kHz,<\/p>\n<p>\u00d810&#215;15 mm,<\/p>\n<p>czu\u0142o\u015b\u0107 -36dB,<\/p>\n<p>D\u0142ugo\u015b\u0107 kabla 1,7 m<\/p>\n<p>Wtyk stereo 3,5 mm (wsp\u00f3\u0142pracuje z gniazdem mono)<\/p>\n<p>Obudowa plastikowa.<\/p>\n<p>\u00a0<\/p>\n<p style=\"text-align: center;\"><span style=\"font-weight: bold; font-size: 16px;\">Cena 35z\u0142.<\/span><\/p>\n<p style=\"text-align: center;\"><a class=\"art-button\" href=\"http:\/\/www.euro-soft.pl\/sklep\/?p=productsMore&amp;iProduct=390&amp;sName=Mikrofon-do-dyktafonu-M-200\" target=\"_blank\">Przejd\u017a do sklepu i dowiedz si\u0119 wi\u0119cej<\/a><\/p>\n<\/div>\n<\/div>\n<\/div>\n<div class=\"art-content-layout\">\n<div class=\"art-content-layout-row\">\n<div class=\"art-layout-cell\" style=\"width: 100%;\">\n<hr \/>\n<\/div>\n<\/div>\n<\/div>\n<div class=\"art-content-layout\">\n<div class=\"art-content-layout-row\">\n<div class=\"art-layout-cell\" style=\"width: 33%;\">\n<p>\u00a0<\/p>\n<p style=\"text-align: center;\"><img loading=\"lazy\" decoding=\"async\" class=\"art-lightbox size-full wp-image-507\" title=\"wykrywanie pods\u0142uchu Koszalin\" src=\"https:\/\/www.euro-soft.pl\/wordpress\/wp-content\/uploads\/2016\/03\/tmpBE2F.png\" alt=\"wykrywanie pods\u0142uchu Koszalin\" width=\"200\" height=\"90\" \/><\/p>\n<\/div>\n<div class=\"art-layout-cell\" style=\"width: 67%;\">\n<h1><span style=\"font-size: 26px;\">Mikrofon do dyktafonu I-10<\/span><\/h1>\n<p>Mikrofon umieszczony w igle chirurgicznej pozwala na przek\u0142ujcie np. \u015bciany gipsowej\u00a0lub na wprowadzenie w szczeliny r\u00f3\u017cnego rodzaju.<\/p>\n<p><\/p>\n<p><span style=\"font-weight: bold;\">Dane techniczne:<\/span><\/p>\n<p>Mikrofon pojemno\u015bciowy<\/p>\n<p>50Hz-7000kHz<\/p>\n<p>czu\u0142o\u015b\u0107 -38dB<\/p>\n<p>d\u0142ugo\u015b\u0107 ig\u0142y 100 mm<\/p>\n<p>d\u0142ugo\u015b\u0107 kabla ok. 80 cm<\/p>\n<p>wtyk mono lub stereo 3,5 m<\/p>\n<p>\u00a0<\/p>\n<p style=\"text-align: center;\"><span style=\"font-weight: bold; font-size: 16px;\">Cena 44z\u0142.<\/span><\/p>\n<p style=\"text-align: center;\"><a class=\"art-button\" href=\"http:\/\/www.euro-soft.pl\/sklep\/?p=productsMore&amp;iProduct=391&amp;sName=Mikrofon-do-dyktafonu-I-10\" target=\"_blank\">Przejd\u017a do sklepu i dowiedz si\u0119 wi\u0119cej<\/a><\/p>\n<\/div>\n<\/div>\n<\/div>\n<div class=\"art-content-layout\">\n<div class=\"art-content-layout-row\">\n<div class=\"art-layout-cell\" style=\"width: 100%;\">\n<hr \/>\n<\/div>\n<\/div>\n<\/div>\n<div class=\"art-content-layout\">\n<div class=\"art-content-layout-row\">\n<div class=\"art-layout-cell\" style=\"width: 33%;\">\n<p>\u00a0<\/p>\n<p style=\"text-align: center;\"><img loading=\"lazy\" decoding=\"async\" class=\"art-lightbox size-full wp-image-508\" title=\"wykrywanie pods\u0142uchu Koszalin\" src=\"https:\/\/www.euro-soft.pl\/wordpress\/wp-content\/uploads\/2016\/03\/tmp2CAB.png\" alt=\"wykrywanie pods\u0142uchu Koszalin\" width=\"200\" height=\"201\" srcset=\"https:\/\/www.euro-soft.pl\/w\/wp-content\/uploads\/2016\/03\/tmp2CAB.png 200w, https:\/\/www.euro-soft.pl\/w\/wp-content\/uploads\/2016\/03\/tmp2CAB-150x150.png 150w, https:\/\/www.euro-soft.pl\/w\/wp-content\/uploads\/2016\/03\/tmp2CAB-100x100.png 100w\" sizes=\"auto, (max-width: 200px) 100vw, 200px\" \/><\/p>\n<\/div>\n<div class=\"art-layout-cell\" style=\"width: 67%;\">\n<h1><span style=\"font-size: 26px;\">Mikrofon do dyktafonu SS-10<\/span><\/h1>\n<p>Mikrofon MM-2 przeznaczony jest do umieszczania go w szczelinach i szparach.\u00a0Grubo\u015b\u0107 mikrofonu to tylko 2 mm.<\/p>\n<p>\u00a0<\/p>\n<p><span style=\"font-weight: bold;\">Dane techniczne:<\/span><\/p>\n<p>Mikrofon elektretowy,<\/p>\n<p>50Hz-20.000Hz,<\/p>\n<p>\u00d84.0&#215;2.0mm,<\/p>\n<p>Czu\u0142o\u015b\u0107 -44dB,<\/p>\n<p>D\u0142ugo\u015b\u0107 kabla 0,8 m<\/p>\n<p>Wtyk mono 3,5 mm<\/p>\n<p>\u00a0<\/p>\n<p style=\"text-align: center;\"><span style=\"font-weight: bold; font-size: 16px;\">Cena 45z\u0142.<\/span><\/p>\n<p style=\"text-align: center;\"><a class=\"art-button\" href=\"http:\/\/www.euro-soft.pl\/sklep\/?p=productsMore&amp;iProduct=253&amp;sName=Mikrofon-do-dyktafonu-SS-10\" target=\"_blank\">Przejd\u017a do sklepu i dowiedz si\u0119 wi\u0119cej<\/a><\/p>\n<\/div>\n<\/div>\n<\/div>\n<div class=\"art-content-layout\">\n<div class=\"art-content-layout-row\">\n<div class=\"art-layout-cell\" style=\"width: 100%;\">\n<hr \/>\n<\/div>\n<\/div>\n<\/div>\n<div class=\"art-content-layout\">\n<div class=\"art-content-layout-row\">\n<div class=\"art-layout-cell\" style=\"width: 33%;\">\n<p>\u00a0<\/p>\n<p style=\"text-align: center;\"><img loading=\"lazy\" decoding=\"async\" class=\"art-lightbox size-full wp-image-509\" title=\"wykrywanie pods\u0142uchu Koszalin\" src=\"https:\/\/www.euro-soft.pl\/wordpress\/wp-content\/uploads\/2016\/03\/tmpB7B9.png\" alt=\"wykrywanie pods\u0142uchu Koszalin\" width=\"200\" height=\"218\" \/><\/p>\n<\/div>\n<div class=\"art-layout-cell\" style=\"width: 67%;\">\n<h1><span style=\"font-size: 26px;\">Stereofoniczny mikrofon do dyktafonu ECM-DS70P<br \/><\/span><\/h1>\n<p>Elektretowy mikrofon stereofoniczny do dyktafon\u00f3w z wej\u015bcie mikrofonowym 3,5 mm.\u00a0Mikrofon jest umocowany na przegubowym poz\u0142acanym sterewfonicznym wtyku 3,5 mm.<\/p>\n<p>\u00a0<\/p>\n<p><span style=\"font-weight: bold;\">Dane techniczne mikrofonu:<\/span><\/p>\n<p>Poziom szum\u00f3w 34 dB,<\/p>\n<p>Poz\u0142acany wtyk 3,5 mm,<\/p>\n<p>Przenoszone pasmo 50Hz-20.000kHz,<\/p>\n<p>Maksymalny poziom sygna\u0142u wej\u015bciowego 110 dB,<\/p>\n<p>Mikrofon jest umocowany na przegubowym wtyku 3,5 mm.<\/p>\n<p>\u00a0<\/p>\n<p style=\"text-align: center;\"><span style=\"font-weight: bold; font-size: 16px;\">Cena 80z\u0142.<\/span><\/p>\n<p style=\"text-align: center;\"><a class=\"art-button\" href=\"http:\/\/www.euro-soft.pl\/sklep\/?p=productsMore&amp;iProduct=393&amp;sName=Stereofoniczny-mikrofon-do-dyktafonu-ECM-DS70P\" target=\"_blank\">Przejd\u017a do sklepu i dowiedz si\u0119 wi\u0119cej<\/a><\/p>\n<\/div>\n<\/div>\n<\/div>\n<div class=\"art-content-layout\">\n<div class=\"art-content-layout-row\">\n<div class=\"art-layout-cell\" style=\"width: 100%;\">\n<hr \/>\n<\/div>\n<\/div>\n<\/div>\n<div class=\"art-content-layout\">\n<div class=\"art-content-layout-row\">\n<div class=\"art-layout-cell\" style=\"width: 33%;\">\n<p>\u00a0<\/p>\n<p style=\"text-align: center;\"><img loading=\"lazy\" decoding=\"async\" class=\"art-lightbox size-full wp-image-510\" title=\"wykrywanie pods\u0142uchu Koszalin\" src=\"https:\/\/www.euro-soft.pl\/wordpress\/wp-content\/uploads\/2016\/03\/tmp53E7.png\" alt=\"wykrywanie pods\u0142uchu Koszalin\" width=\"200\" height=\"198\" srcset=\"https:\/\/www.euro-soft.pl\/w\/wp-content\/uploads\/2016\/03\/tmp53E7.png 200w, https:\/\/www.euro-soft.pl\/w\/wp-content\/uploads\/2016\/03\/tmp53E7-150x150.png 150w, https:\/\/www.euro-soft.pl\/w\/wp-content\/uploads\/2016\/03\/tmp53E7-100x100.png 100w\" sizes=\"auto, (max-width: 200px) 100vw, 200px\" \/><\/p>\n<\/div>\n<div class=\"art-layout-cell\" style=\"width: 67%;\">\n<h1><span style=\"font-size: 26px;\">Mikrofon do dyktafonu S-11<\/span><\/h1>\n<p>Dyktafon przeznaczony jest do bezpo\u015bredniej instalacji w dyktafonie lub komputerze.\u00a0Sztywny elastyczny przew\u00f3d do ustawienia mikrofonu.<\/p>\n<p>\u00a0<\/p>\n<p><span style=\"font-weight: bold;\">Dane techniczne:<\/span><\/p>\n<p>Mikrofon elektretowy,<\/p>\n<p>50Hz-8000kHz,<\/p>\n<p>czu\u0142o\u015b\u0107 -36dB,<\/p>\n<p>Wtyk stereo 3,5 mm (wsp\u00f3\u0142pracuje z gniazdem mono).<\/p>\n<p>Obudowa plastikowa \/ matalowa<\/p>\n<p>\u00a0<\/p>\n<p style=\"text-align: center;\"><span style=\"font-weight: bold; font-size: 16px;\">Cena 35z\u0142.<\/span><\/p>\n<p style=\"text-align: center;\"><a class=\"art-button\" href=\"http:\/\/www.euro-soft.pl\/sklep\/?p=productsMore&amp;iProduct=397&amp;sName=Mikrofon-do-dyktafonu-S-11\" target=\"_blank\">Przejd\u017a do sklepu i dowiedz si\u0119 wi\u0119cej<\/a><\/p>\n<\/div>\n<\/div>\n<\/div>\n<div class=\"art-content-layout\">\n<div class=\"art-content-layout-row\">\n<div class=\"art-layout-cell\" style=\"width: 100%;\">\n<hr \/>\n<\/div>\n<\/div>\n<\/div>\n<div class=\"art-content-layout\">\n<div class=\"art-content-layout-row\">\n<div class=\"art-layout-cell\" style=\"width: 33%;\">\n<p>\u00a0<\/p>\n<p style=\"text-align: center;\"><img loading=\"lazy\" decoding=\"async\" class=\"art-lightbox size-full wp-image-511\" title=\"wykrywanie pods\u0142uchu Koszalin\" src=\"https:\/\/www.euro-soft.pl\/wordpress\/wp-content\/uploads\/2016\/03\/tmp6D7.png\" alt=\"wykrywanie pods\u0142uchu Koszalin\" width=\"200\" height=\"205\" \/><\/p>\n<\/div>\n<div class=\"art-layout-cell\" style=\"width: 67%;\">\n<h1><span style=\"font-size: 26px;\">Mikrofon do dyktafonu MS-100<\/span><\/h1>\n<p>Mikrofon przeznaczony jest do bezpo\u015bredniej instalacji w dyktafonie lub w komputerze.<\/p>\n<p>\u00a0<\/p>\n<p><span style=\"font-weight: bold;\">Dane techniczne:<\/span><\/p>\n<p>Mikrofon elektretowy,<\/p>\n<p>50Hz-8000kHz,<\/p>\n<p>\u00d84.0&#215;2.0mm,<\/p>\n<p>czu\u0142o\u015b\u0107 -44dB,<\/p>\n<p>Wtyk mono lub stereo 3,5 mm.<\/p>\n<p>Obudowa plastikowa.<\/p>\n<p>\u00a0<\/p>\n<p style=\"text-align: center;\"><span style=\"font-weight: bold; font-size: 16px;\">Cena 36z\u0142.<\/span><\/p>\n<p style=\"text-align: center;\"><a class=\"art-button\" href=\"http:\/\/www.euro-soft.pl\/sklep\/?p=productsMore&amp;iProduct=396&amp;sName=Mikrofon-do-dyktafonu-MS-100\" target=\"_blank\">Przejd\u017a do sklepu i dowiedz si\u0119 wi\u0119cej<\/a><\/p>\n<\/div>\n<\/div>\n<\/div>\n","protected":false},"excerpt":{"rendered":"<p>\u00a0 Mikrofon do dyktafonu powinien spe\u0142nia\u0107 kilka parametr\u00f3w w zale\u017cnosci od specyfiki jego wykorzystania. Mikrofon do dyktafonu pod wzgl\u0119dem ich zastosowania operacyjnego mo\u017cna podzieli\u0107 na: \u00a0 mikrofon do dyktafonu w kamufla\u017cu mikrofon do dyktafonu z przeznaczeniem instalowania go w cz\u0119\u015bciach garderoby mikrofon do dyktafonu instalowany w otworach wierconych np. w \u015bcianach mikrofon do dyktafony umieszczany [&hellip;]<\/p>\n","protected":false},"author":1,"featured_media":502,"parent":0,"menu_order":0,"comment_status":"closed","ping_status":"closed","template":"","meta":{"footnotes":""},"categories":[17],"tags":[],"class_list":["post-512","page","type-page","status-publish","has-post-thumbnail","hentry","category-artykuly"],"blocksy_meta":[],"_links":{"self":[{"href":"https:\/\/www.euro-soft.pl\/w\/wp-json\/wp\/v2\/pages\/512","targetHints":{"allow":["GET"]}}],"collection":[{"href":"https:\/\/www.euro-soft.pl\/w\/wp-json\/wp\/v2\/pages"}],"about":[{"href":"https:\/\/www.euro-soft.pl\/w\/wp-json\/wp\/v2\/types\/page"}],"author":[{"embeddable":true,"href":"https:\/\/www.euro-soft.pl\/w\/wp-json\/wp\/v2\/users\/1"}],"replies":[{"embeddable":true,"href":"https:\/\/www.euro-soft.pl\/w\/wp-json\/wp\/v2\/comments?post=512"}],"version-history":[{"count":0,"href":"https:\/\/www.euro-soft.pl\/w\/wp-json\/wp\/v2\/pages\/512\/revisions"}],"wp:featuredmedia":[{"embeddable":true,"href":"https:\/\/www.euro-soft.pl\/w\/wp-json\/wp\/v2\/media\/502"}],"wp:attachment":[{"href":"https:\/\/www.euro-soft.pl\/w\/wp-json\/wp\/v2\/media?parent=512"}],"wp:term":[{"taxonomy":"category","embeddable":true,"href":"https:\/\/www.euro-soft.pl\/w\/wp-json\/wp\/v2\/categories?post=512"},{"taxonomy":"post_tag","embeddable":true,"href":"https:\/\/www.euro-soft.pl\/w\/wp-json\/wp\/v2\/tags?post=512"}],"curies":[{"name":"wp","href":"https:\/\/api.w.org\/{rel}","templated":true}]}}