{"id":485,"date":"2016-03-07T22:49:24","date_gmt":"2016-03-07T21:49:24","guid":{"rendered":"https:\/\/www.euro-soft.pl\/wordpress\/podsluch-nadajnik-odbiornik\/"},"modified":"2016-03-07T22:49:24","modified_gmt":"2016-03-07T21:49:24","slug":"podsluch-nadajnik-odbiornik","status":"publish","type":"page","link":"https:\/\/www.euro-soft.pl\/w\/podsluch-nadajnik-odbiornik\/","title":{"rendered":"PODS\u0141UCH (nadajnik + odbiornik)"},"content":{"rendered":"<div class=\"art-content-layout\">\n<div class=\"art-content-layout-row\">\n<div class=\"art-layout-cell\" style=\"width: 100%;\">\n<p>\u00a0<\/p>\n<p style=\"text-align: center;\"><img loading=\"lazy\" decoding=\"async\" class=\"art-lightbox size-full wp-image-478\" title=\"wykrywanie pods\u0142uchu Koszalin\" src=\"https:\/\/www.euro-soft.pl\/wordpress\/wp-content\/uploads\/2016\/03\/tmpA9B.png\" alt=\"wykrywanie pods\u0142uchu Koszalin\" width=\"428\" height=\"149\" srcset=\"https:\/\/www.euro-soft.pl\/w\/wp-content\/uploads\/2016\/03\/tmpA9B.png 428w, https:\/\/www.euro-soft.pl\/w\/wp-content\/uploads\/2016\/03\/tmpA9B-300x104.png 300w\" sizes=\"auto, (max-width: 428px) 100vw, 428px\" \/><\/p>\n<p style=\"text-align: left;\">Oferowane zestawy pods\u0142uchowe stanowi\u0105 nasz\u0105 ofert\u0119 eksportow\u0105 poza obszar Unii Europejskiej. Sprzeda\u017c tych produkt\u00f3w odbywa si\u0119 zgodnie z wymogami UE.<\/p>\n<p style=\"text-align: left;\">\u00a0<\/p>\n<\/div>\n<\/div>\n<\/div>\n<div class=\"art-content-layout\">\n<div class=\"art-content-layout-row\">\n<div class=\"art-layout-cell\" style=\"width: 100%;\">\n<h1 style=\"text-align: center;\">Cennik<\/h1>\n<\/div>\n<\/div>\n<\/div>\n<div class=\"art-content-layout\">\n<div class=\"art-content-layout-row\">\n<div class=\"art-layout-cell\" style=\"width: 100%;\">\n<hr \/>\n<\/div>\n<\/div>\n<\/div>\n<div class=\"art-content-layout\">\n<div class=\"art-content-layout-row\">\n<div class=\"art-layout-cell\" style=\"width: 33%;\">\n<p style=\"text-align: center;\"><img loading=\"lazy\" decoding=\"async\" class=\"art-lightbox size-full wp-image-479\" title=\"wykrywanie pods\u0142uchu Koszalin\" src=\"https:\/\/www.euro-soft.pl\/wordpress\/wp-content\/uploads\/2016\/03\/tmp5F18.png\" alt=\"wykrywanie pods\u0142uchu Koszalin\" width=\"200\" height=\"180\" \/><\/p>\n<\/div>\n<div class=\"art-layout-cell\" style=\"width: 67%;\">\n<h1><span style=\"font-size: 24px;\">Pods\u0142uch RX-43<\/span><\/h1>\n<p>Zestaw pods\u0142uchowy charakteryzuje si\u0119 bardzo wysok\u0105 modulacj\u0105 ods\u0142uchiwanego d\u017awi\u0119ku i bardzo niskim poziomem szum\u00f3w w\u0142asnych. Zastosowanie wysokiej klasy s\u0142uchawek firmy SAGEM gwarantuje uzyskiwanie bardzo dobrego ods\u0142uchu. Odbiornik umo\u017cliwia prowadzenie nagrywania na dowolny dyktafon dost\u0119pny na polskim rynku. Pods\u0142uch RX-43 charakteryzuje si\u0119 bardzo d\u0142ugim czasem pracy nadajnika (ok. 90 dni). Prezentowany zestaw pods\u0142uchowy pracuje poza popularnym zakresem radiowym 88-108 MHz.<\/p>\n<p>\u00a0<\/p>\n<p style=\"text-align: center;\"><span style=\"font-weight: bold; font-size: 16px;\">Cena 400z\u0142.<\/span><\/p>\n<p style=\"text-align: center;\">\u00a0<a class=\"art-button\" href=\"http:\/\/www.euro-soft.pl\/sklep\/?p=productsMore&amp;iProduct=228&amp;sName=Podsluch-RX-43\" target=\"_blank\">Przejd\u017a do sklepu i dowiedz si\u0119 wi\u0119cej<\/a>\u00a0<span style=\"font-weight: bold; font-size: 16px;\"><br \/><\/span><\/p>\n<\/div>\n<\/div>\n<\/div>\n<div class=\"art-content-layout\">\n<div class=\"art-content-layout-row\">\n<div class=\"art-layout-cell\" style=\"width: 100%;\">\n<hr \/>\n<\/div>\n<\/div>\n<\/div>\n<div class=\"art-content-layout\">\n<div class=\"art-content-layout-row\">\n<div class=\"art-layout-cell\" style=\"width: 33%;\">\n<p style=\"text-align: center;\"><img loading=\"lazy\" decoding=\"async\" class=\"art-lightbox size-full wp-image-480\" title=\"wykrywanie pods\u0142uchu Koszalin\" src=\"https:\/\/www.euro-soft.pl\/wordpress\/wp-content\/uploads\/2016\/03\/tmp3D20.png\" alt=\"wykrywanie pods\u0142uchu Koszalin\" width=\"200\" height=\"187\" \/><\/p>\n<\/div>\n<div class=\"art-layout-cell\" style=\"width: 67%;\">\n<h1><span style=\"font-size: 26px;\">Pods\u0142uch RX-49<\/span><\/h1>\n<p>Prezentowany zestaw pods\u0142uchowy charakteryzuje si\u0119 bardzo wysok\u0105 modulacj\u0105 ods\u0142uchiwanego d\u017awi\u0119ku i bardzo niskim poziomem szum\u00f3w w\u0142asnych. Zastosowanie wysokiej klasy s\u0142uchawek firmy SAGEM gwarantuje uzyskiwanie bardzo dobrego ods\u0142uchu. Odbiornik umo\u017cliwia prowadzenie nagrywania na dowolny dyktafon dost\u0119pny na polskim rynku. Prezentowany zestaw pods\u0142uchowy pracuje poza popularnym zakresem radiowym 88-108 MHz.<\/p>\n<p>\u00a0<\/p>\n<p style=\"text-align: center;\"><span style=\"font-weight: bold; font-size: 16px;\">Cena 400z\u0142.<\/span><\/p>\n<p style=\"text-align: center;\">\u00a0<a class=\"art-button\" href=\"http:\/\/www.euro-soft.pl\/sklep\/?p=productsMore&amp;iProduct=229&amp;sName=Podsluch-RX-49\" target=\"_blank\">Przejd\u017a do sklepu i dowiedz si\u0119 wi\u0119cej<\/a>\u00a0<span style=\"font-weight: bold; font-size: 16px;\"><br \/><\/span><\/p>\n<\/div>\n<\/div>\n<\/div>\n<div class=\"art-content-layout\">\n<div class=\"art-content-layout-row\">\n<div class=\"art-layout-cell\" style=\"width: 100%;\">\n<hr \/>\n<\/div>\n<\/div>\n<\/div>\n<div class=\"art-content-layout\">\n<div class=\"art-content-layout-row\">\n<div class=\"art-layout-cell\" style=\"width: 33%;\">\n<p style=\"text-align: center;\"><img loading=\"lazy\" decoding=\"async\" class=\"art-lightbox size-full wp-image-481\" title=\"wykrywanie pods\u0142uchu Koszalin\" src=\"https:\/\/www.euro-soft.pl\/wordpress\/wp-content\/uploads\/2016\/03\/tmpAD70.png\" alt=\"wykrywanie pods\u0142uchu Koszalin\" width=\"200\" height=\"171\" \/><\/p>\n<\/div>\n<div class=\"art-layout-cell\" style=\"width: 67%;\">\n<h1><span style=\"font-size: 26px;\">Pods\u0142uch RX-4K<\/span><\/h1>\n<p>Prezentowany zestaw pods\u0142uchowy charakteryzuje si\u0119<br \/>bardzo wysok\u0105 modulacj\u0105 ods\u0142uchiwanego d\u017awi\u0119ku<br \/>i bardzo niskim poziomem szum\u00f3w w\u0142asnych.<br \/>Zastosowanie wysokiej klasy s\u0142uchawek firmy<br \/>SAGEM gwarantuje uzyskiwanie bardzo dobrego ods\u0142uchu. Odbiornik<br \/>umo\u017cliwia prowadzenie nagrywania na dowolny.<\/p>\n<p style=\"text-align: center;\"><span style=\"font-weight: bold; font-size: 16px;\">Cena 500z\u0142.<\/span><\/p>\n<p style=\"text-align: center;\"><a class=\"art-button\" href=\"http:\/\/www.euro-soft.pl\/sklep\/?p=productsMore&amp;iProduct=230&amp;sName=Podsluch-RX-4K\" target=\"_blank\">Przejd\u017a do sklepu i dowiedz si\u0119 wi\u0119cej<\/a><span style=\"font-weight: bold; font-size: 16px;\"><br \/><\/span><\/p>\n<\/div>\n<\/div>\n<\/div>\n<div class=\"art-content-layout\">\n<div class=\"art-content-layout-row\">\n<div class=\"art-layout-cell\" style=\"width: 100%;\">\n<hr \/>\n<\/div>\n<\/div>\n<\/div>\n<div class=\"art-content-layout\">\n<div class=\"art-content-layout-row\">\n<div class=\"art-layout-cell\" style=\"width: 33%;\">\n<p style=\"text-align: center;\"><img loading=\"lazy\" decoding=\"async\" class=\"art-lightbox size-full wp-image-482\" title=\"wykrywanie pods\u0142uchu Koszalin\" src=\"https:\/\/www.euro-soft.pl\/wordpress\/wp-content\/uploads\/2016\/03\/tmp93FA.png\" alt=\"wykrywanie pods\u0142uchu Koszalin\" width=\"200\" height=\"200\" srcset=\"https:\/\/www.euro-soft.pl\/w\/wp-content\/uploads\/2016\/03\/tmp93FA.png 200w, https:\/\/www.euro-soft.pl\/w\/wp-content\/uploads\/2016\/03\/tmp93FA-150x150.png 150w, https:\/\/www.euro-soft.pl\/w\/wp-content\/uploads\/2016\/03\/tmp93FA-100x100.png 100w\" sizes=\"auto, (max-width: 200px) 100vw, 200px\" \/><\/p>\n<\/div>\n<div class=\"art-layout-cell\" style=\"width: 67%;\">\n<h1><span style=\"font-size: 26px;\">Pods\u0142uch MH-402K<\/span><\/h1>\n<p>Brak w magazynie.Profesjonalny zestaw pods\u0142uchowy. Dzi\u0119ki zastosowaniu odpowiedniego mikrofonu<br \/>uzyskano bardzo dobr\u0105 jako\u015b\u0107 transmisji d\u017awi\u0119ku.<br \/>Pods\u0142uch umieszczony jest w gniazdku sieciowym.<br \/>Odbiornik po w\u0142\u0105czeniu automatycznie dostraja si\u0119 do<br \/>cz\u0119stotliwo\u015bci, na kt\u00f3rej pracuje nadajnik pods\u0142uchowy. Podczas ods\u0142uchu mo\u017cna prowadzi\u0107.<\/p>\n<p style=\"text-align: center;\"><span style=\"font-weight: bold; font-size: 16px;\">Cena 800z\u0142.<\/span><\/p>\n<p style=\"text-align: center;\"><a class=\"art-button\" href=\"http:\/\/www.euro-soft.pl\/sklep\/?p=productsMore&amp;iProduct=232&amp;sName=Podsluch-MH-402K\" target=\"_blank\">Przejd\u017a do sklepu i dowiedz si\u0119 wi\u0119cej<\/a><span style=\"font-weight: bold; font-size: 16px;\"><br \/><\/span><\/p>\n<\/div>\n<\/div>\n<\/div>\n<div class=\"art-content-layout\">\n<div class=\"art-content-layout-row\">\n<div class=\"art-layout-cell\" style=\"width: 100%;\">\n<hr \/>\n<\/div>\n<\/div>\n<\/div>\n<div class=\"art-content-layout\">\n<div class=\"art-content-layout-row\">\n<div class=\"art-layout-cell\" style=\"width: 33%;\">\n<p style=\"text-align: center;\"><img loading=\"lazy\" decoding=\"async\" class=\"art-lightbox size-full wp-image-483\" title=\"wykrywanie pods\u0142uchu Koszalin\" src=\"https:\/\/www.euro-soft.pl\/wordpress\/wp-content\/uploads\/2016\/03\/tmp7A65.png\" alt=\"wykrywanie pods\u0142uchu Koszalin\" width=\"199\" height=\"199\" srcset=\"https:\/\/www.euro-soft.pl\/w\/wp-content\/uploads\/2016\/03\/tmp7A65.png 199w, https:\/\/www.euro-soft.pl\/w\/wp-content\/uploads\/2016\/03\/tmp7A65-150x150.png 150w, https:\/\/www.euro-soft.pl\/w\/wp-content\/uploads\/2016\/03\/tmp7A65-100x100.png 100w\" sizes=\"auto, (max-width: 199px) 100vw, 199px\" \/><\/p>\n<\/div>\n<div class=\"art-layout-cell\" style=\"width: 67%;\">\n<h1><span style=\"font-size: 26px;\">Pods\u0142uch MH-400<\/span><\/h1>\n<p>Profesjonalny zestaw pods\u0142uchowy. Dzi\u0119ki zastosowaniu odpowiedniego mikrofonu\u00a0uzyskano bardzo dobr\u0105 jako\u015b\u0107 transmisji d\u017awi\u0119ku.<br \/>Odbiornik po w\u0142\u0105czeniu automatycznie dostraja si\u0119 do<br \/>cz\u0119stotliwo\u015bci, na kt\u00f3rej pracuje nadajnik pods\u0142uchowy. Podczas ods\u0142uchu mo\u017cna prowadzi\u0107 nagrywanie na dowolny dyktafon.<br \/>Zestaw pods\u0142uchowy MH-400 charakteryzuje si\u0119 prost\u0105 obs\u0142ug\u0105 i<br \/>niezawodno\u015bci\u0105 w dzia\u0142aniu. Nadajnik pods\u0142uchowy mo\u017ce by\u0107 zasilany<br \/>z sieci 220 V poprzez zasilacz DC. W tym przypadku<br \/>uzyskujemy nieograniczony czas pracy nadajnika.<\/p>\n<p style=\"text-align: center;\"><span style=\"font-weight: bold; font-size: 16px;\">Cena 800z\u0142.<\/span><\/p>\n<p style=\"text-align: center;\"><a class=\"art-button\" href=\"http:\/\/www.euro-soft.pl\/sklep\/?p=productsMore&amp;iProduct=233&amp;sName=Podsluch-MH-400\" target=\"_blank\">Przejd\u017a do sklepu i dowiedz si\u0119 wi\u0119cej<\/a><span style=\"font-weight: bold; font-size: 16px;\"><br \/><\/span><\/p>\n<\/div>\n<\/div>\n<\/div>\n<div class=\"art-content-layout\">\n<div class=\"art-content-layout-row\">\n<div class=\"art-layout-cell\" style=\"width: 100%;\">\n<hr \/>\n<\/div>\n<\/div>\n<\/div>\n<div class=\"art-content-layout\">\n<div class=\"art-content-layout-row\">\n<div class=\"art-layout-cell\" style=\"width: 33%;\">\n<p style=\"text-align: center;\"><img loading=\"lazy\" decoding=\"async\" class=\"art-lightbox size-full wp-image-484\" title=\"wykrywanie pods\u0142uchu Koszalin\" src=\"https:\/\/www.euro-soft.pl\/wordpress\/wp-content\/uploads\/2016\/03\/tmp9B68.png\" alt=\"wykrywanie pods\u0142uchu Koszalin\" width=\"200\" height=\"200\" srcset=\"https:\/\/www.euro-soft.pl\/w\/wp-content\/uploads\/2016\/03\/tmp9B68.png 200w, https:\/\/www.euro-soft.pl\/w\/wp-content\/uploads\/2016\/03\/tmp9B68-150x150.png 150w, https:\/\/www.euro-soft.pl\/w\/wp-content\/uploads\/2016\/03\/tmp9B68-100x100.png 100w\" sizes=\"auto, (max-width: 200px) 100vw, 200px\" \/><\/p>\n<\/div>\n<div class=\"art-layout-cell\" style=\"width: 67%;\">\n<h1><span style=\"font-size: 26px;\">Pods\u0142uch MH-402P<\/span><\/h1>\n<p>Profesjonalny zestaw pods\u0142uchowy. Dzi\u0119ki zastosowaniu odpowiedniego mikrofonu\u00a0uzyskano bardzo dobr\u0105 jako\u015b\u0107 transmisji d\u017awi\u0119ku.<br \/>Pods\u0142uch umieszczony jest w listwie pr\u0105dowej.<br \/>Odbiornik po w\u0142\u0105czeniu automatycznie dostraja si\u0119 do<br \/>cz\u0119stotliwo\u015bci, na kt\u00f3rej pracuje nadajnik pods\u0142uchowy. Podczas ods\u0142uchu mo\u017cna prowadzi\u0107 nagrywanie na dowolny dyktafon.<br \/>Zestaw pods\u0142uchowy MH-402P charakteryzuje si\u0119 prost\u0105 obs\u0142ug\u0105 i<br \/>niezawodno\u015bci\u0105 w dzia\u0142aniu. Nadajnik pods\u0142uchowy zasilany jest z sieci pr\u0105dowej.<\/p>\n<p style=\"text-align: center;\"><span style=\"font-weight: bold; font-size: 16px;\">Cena 800z\u0142.<\/span><\/p>\n<p style=\"text-align: center;\"><a class=\"art-button\" href=\"http:\/\/www.euro-soft.pl\/sklep\/?p=productsMore&amp;iProduct=231&amp;sName=Podsluch-MH-402P\" target=\"_blank\">Przejd\u017a do sklepu i dowiedz si\u0119 wi\u0119cej<\/a><span style=\"font-weight: bold; font-size: 16px;\"><br \/><\/span><\/p>\n<\/div>\n<\/div>\n<\/div>\n","protected":false},"excerpt":{"rendered":"<p>\u00a0 Oferowane zestawy pods\u0142uchowe stanowi\u0105 nasz\u0105 ofert\u0119 eksportow\u0105 poza obszar Unii Europejskiej. Sprzeda\u017c tych produkt\u00f3w odbywa si\u0119 zgodnie z wymogami UE. \u00a0 Cennik Pods\u0142uch RX-43 Zestaw pods\u0142uchowy charakteryzuje si\u0119 bardzo wysok\u0105 modulacj\u0105 ods\u0142uchiwanego d\u017awi\u0119ku i bardzo niskim poziomem szum\u00f3w w\u0142asnych. Zastosowanie wysokiej klasy s\u0142uchawek firmy SAGEM gwarantuje uzyskiwanie bardzo dobrego ods\u0142uchu. Odbiornik umo\u017cliwia prowadzenie nagrywania [&hellip;]<\/p>\n","protected":false},"author":1,"featured_media":478,"parent":0,"menu_order":0,"comment_status":"closed","ping_status":"closed","template":"","meta":{"footnotes":""},"categories":[17],"tags":[],"class_list":["post-485","page","type-page","status-publish","has-post-thumbnail","hentry","category-artykuly"],"blocksy_meta":[],"_links":{"self":[{"href":"https:\/\/www.euro-soft.pl\/w\/wp-json\/wp\/v2\/pages\/485","targetHints":{"allow":["GET"]}}],"collection":[{"href":"https:\/\/www.euro-soft.pl\/w\/wp-json\/wp\/v2\/pages"}],"about":[{"href":"https:\/\/www.euro-soft.pl\/w\/wp-json\/wp\/v2\/types\/page"}],"author":[{"embeddable":true,"href":"https:\/\/www.euro-soft.pl\/w\/wp-json\/wp\/v2\/users\/1"}],"replies":[{"embeddable":true,"href":"https:\/\/www.euro-soft.pl\/w\/wp-json\/wp\/v2\/comments?post=485"}],"version-history":[{"count":0,"href":"https:\/\/www.euro-soft.pl\/w\/wp-json\/wp\/v2\/pages\/485\/revisions"}],"wp:featuredmedia":[{"embeddable":true,"href":"https:\/\/www.euro-soft.pl\/w\/wp-json\/wp\/v2\/media\/478"}],"wp:attachment":[{"href":"https:\/\/www.euro-soft.pl\/w\/wp-json\/wp\/v2\/media?parent=485"}],"wp:term":[{"taxonomy":"category","embeddable":true,"href":"https:\/\/www.euro-soft.pl\/w\/wp-json\/wp\/v2\/categories?post=485"},{"taxonomy":"post_tag","embeddable":true,"href":"https:\/\/www.euro-soft.pl\/w\/wp-json\/wp\/v2\/tags?post=485"}],"curies":[{"name":"wp","href":"https:\/\/api.w.org\/{rel}","templated":true}]}}