{"id":473,"date":"2016-03-07T22:49:24","date_gmt":"2016-03-07T21:49:24","guid":{"rendered":"https:\/\/www.euro-soft.pl\/wordpress\/transmisja-i-nagrywanie-obrazu\/"},"modified":"2016-03-07T22:49:24","modified_gmt":"2016-03-07T21:49:24","slug":"transmisja-i-nagrywanie-obrazu","status":"publish","type":"page","link":"https:\/\/www.euro-soft.pl\/w\/transmisja-i-nagrywanie-obrazu\/","title":{"rendered":"TRANSMISJA I NAGRYWANIE OBRAZU"},"content":{"rendered":"<div class=\"art-content-layout\">\n<div class=\"art-content-layout-row\">\n<div class=\"art-layout-cell\" style=\"width: 100%;\">\n<p>\u00a0<\/p>\n<p style=\"text-align: center;\"><img loading=\"lazy\" decoding=\"async\" class=\"art-lightbox size-full wp-image-468\" title=\"wykrywanie pods\u0142uchu Koszalin\" src=\"https:\/\/www.euro-soft.pl\/wordpress\/wp-content\/uploads\/2016\/03\/tmp2BB.png\" alt=\"wykrywanie pods\u0142uchu Koszalin\" width=\"428\" height=\"149\" srcset=\"https:\/\/www.euro-soft.pl\/w\/wp-content\/uploads\/2016\/03\/tmp2BB.png 428w, https:\/\/www.euro-soft.pl\/w\/wp-content\/uploads\/2016\/03\/tmp2BB-300x104.png 300w\" sizes=\"auto, (max-width: 428px) 100vw, 428px\" \/><\/p>\n<p>Pods\u0142uch wykonywany z jednoczesnym nagrywaniem obrazu pozwala na \u0142atw\u0105 identyfikacje oryginalno\u015bci nagrania. Tego typu pods\u0142uch uniemo\u017cliwia manipulacj\u0119 \u015bcie\u017ck\u0105 fonii bez widocznego naruszenia \u015bcie\u017cki obrazu. Posiada niezaprzeczaln\u0105 warto\u015b\u0107 procesow\u0105.<\/p>\n<p>\u00a0<\/p>\n<\/div>\n<\/div>\n<\/div>\n<div class=\"art-content-layout\">\n<div class=\"art-content-layout-row\">\n<div class=\"art-layout-cell\" style=\"width: 100%;\">\n<h1 style=\"text-align: center;\">CENNIK<\/h1>\n<\/div>\n<\/div>\n<\/div>\n<div class=\"art-content-layout\">\n<div class=\"art-content-layout-row\">\n<div class=\"art-layout-cell\" style=\"width: 100%;\">\n<div class=\"art-content-layout\">\n<div class=\"art-content-layout-row\">\n<div class=\"art-layout-cell\" style=\"width: 100%;\">\n<hr \/>\n<\/div>\n<\/div>\n<\/div>\n<div class=\"art-content-layout\">\n<div class=\"art-content-layout-row responsive-layout-row-2\">\n<div class=\"art-layout-cell\" style=\"width: 33%;\">\n<p>\u00a0<\/p>\n<p style=\"text-align: center;\"><img loading=\"lazy\" decoding=\"async\" class=\"art-lightbox size-full wp-image-469\" title=\"wykrywanie pods\u0142uchu Koszalin\" src=\"https:\/\/www.euro-soft.pl\/wordpress\/wp-content\/uploads\/2016\/03\/tmpC8E0.png\" alt=\"wykrywanie pods\u0142uchu Koszalin\" width=\"200\" height=\"173\" \/><\/p>\n<\/div>\n<div class=\"art-layout-cell\" style=\"width: 67%;\">\n<h1><span style=\"font-size: 24px;\">Odbiornik z nagrywark\u0105 obrazu i dzwi\u0119ku RR4<\/span><\/h1>\n<p>RR4 jest odbiornikiem z ekranem i nagrywark\u0105 obrazu. Umo\u017cliwia podgl\u0105d i nagrywanie transmisji z czterech kamer bezprzewodowych, pracuj\u0105cych na 2,4 GHz. Zapis odbywa si\u0119 na karcie SD (2 GB lub 4 GB). Posiada wewn\u0119trzny akumulator. Posiada wej\u015bcie na kamer\u0119 przewodow\u0105.<\/p>\n<p>\u00a0<\/p>\n<p style=\"text-align: center;\"><span style=\"font-weight: bold; font-size: 16px;\">Cena 750z\u0142.<\/span><\/p>\n<p style=\"text-align: center;\">\u00a0<a class=\"art-button\" href=\"http:\/\/www.euro-soft.pl\/sklep\/?p=productsMore&amp;iProduct=165&amp;sName=Odbiornik-z-nagrywarka-obrazu-i-dzwieku-RR4\" target=\"_blank\">Przejd\u017a do sklepu i dowiedz si\u0119 wi\u0119cej<\/a>\u00a0<\/p>\n<\/div>\n<\/div>\n<\/div>\n<div class=\"art-content-layout\">\n<div class=\"art-content-layout-row\">\n<div class=\"art-layout-cell\" style=\"width: 100%;\">\n<hr \/>\n<\/div>\n<\/div>\n<\/div>\n<div class=\"art-content-layout\">\n<div class=\"art-content-layout-row responsive-layout-row-2\">\n<div class=\"art-layout-cell\" style=\"width: 33%;\">\n<p>\u00a0<\/p>\n<p style=\"text-align: center;\"><img loading=\"lazy\" decoding=\"async\" class=\"art-lightbox size-full wp-image-470\" title=\"wykrywanie pods\u0142uchu Koszalin\" src=\"https:\/\/www.euro-soft.pl\/wordpress\/wp-content\/uploads\/2016\/03\/tmp1444.png\" alt=\"wykrywanie pods\u0142uchu Koszalin\" width=\"200\" height=\"200\" srcset=\"https:\/\/www.euro-soft.pl\/w\/wp-content\/uploads\/2016\/03\/tmp1444.png 200w, https:\/\/www.euro-soft.pl\/w\/wp-content\/uploads\/2016\/03\/tmp1444-150x150.png 150w, https:\/\/www.euro-soft.pl\/w\/wp-content\/uploads\/2016\/03\/tmp1444-100x100.png 100w\" sizes=\"auto, (max-width: 200px) 100vw, 200px\" \/><\/p>\n<\/div>\n<div class=\"art-layout-cell\" style=\"width: 67%;\">\n<h1><span style=\"font-size: 24px;\">Konektor USB do kamery<\/span><\/h1>\n<p>Konektor AD1 pozwala na pod\u0142\u0105czenie analogowego przetwornika opto-elektrycznego (kamery) do komputera poprzez z\u0142\u0105cze USB. Oprogramowanie za\u0142\u0105czone do Konektora AD1 pozwala na obserwacj\u0119 i nagrywanie obrazu i d\u017awi\u0119ku z kamery lub z odbiornika w przypadku transmisji bezprzewodowej.<\/p>\n<p>\u00a0<\/p>\n<p style=\"text-align: center;\"><span style=\"font-weight: bold; font-size: 16px;\">Cena 140z\u0142.<\/span><\/p>\n<p style=\"text-align: center;\">\u00a0<a class=\"art-button\" href=\"http:\/\/www.euro-soft.pl\/sklep\/?p=productsMore&amp;iProduct=343&amp;sName=Konektor-USB-do-kamery-\" target=\"_blank\">Przejd\u017a do sklepu i dowiedz si\u0119 wi\u0119cej<\/a>\u00a0<\/p>\n<\/div>\n<\/div>\n<\/div>\n<div class=\"art-content-layout\">\n<div class=\"art-content-layout-row\">\n<div class=\"art-layout-cell\" style=\"width: 100%;\">\n<hr \/>\n<\/div>\n<\/div>\n<\/div>\n<div class=\"art-content-layout\">\n<div class=\"art-content-layout-row responsive-layout-row-2\">\n<div class=\"art-layout-cell\" style=\"width: 33%;\">\n<p>\u00a0<\/p>\n<p style=\"text-align: center;\"><img loading=\"lazy\" decoding=\"async\" class=\"art-lightbox size-full wp-image-471\" title=\"wykrywanie pods\u0142uchu Koszalin\" src=\"https:\/\/www.euro-soft.pl\/wordpress\/wp-content\/uploads\/2016\/03\/tmpEE54.png\" alt=\"wykrywanie pods\u0142uchu Koszalin\" width=\"200\" height=\"200\" srcset=\"https:\/\/www.euro-soft.pl\/w\/wp-content\/uploads\/2016\/03\/tmpEE54.png 200w, https:\/\/www.euro-soft.pl\/w\/wp-content\/uploads\/2016\/03\/tmpEE54-150x150.png 150w, https:\/\/www.euro-soft.pl\/w\/wp-content\/uploads\/2016\/03\/tmpEE54-100x100.png 100w\" sizes=\"auto, (max-width: 200px) 100vw, 200px\" \/><\/p>\n<\/div>\n<div class=\"art-layout-cell\" style=\"width: 67%;\">\n<p>Konektor USB na 4 kamery<\/p>\n<p>Konektor AD2 pozwala na pod\u0142\u0105czenie analogowego przetwornika opto-elektrycznego (kamery) do komputera poprzez z\u0142\u0105cze USB. Oprogramowanie za\u0142\u0105czone do Konektora AD2 pozwala na obserwacj\u0119 i nagrywanie obrazu i d\u017awi\u0119ku z czterech kamer.<\/p>\n<p>\u00a0<\/p>\n<p style=\"text-align: center;\"><span style=\"font-weight: bold; font-size: 16px;\">Cena 250z\u0142.<\/span><\/p>\n<p style=\"text-align: center;\">\u00a0<a class=\"art-button\" href=\"http:\/\/www.euro-soft.pl\/sklep\/?p=productsMore&amp;iProduct=344&amp;sName=Konektor-USB-na-4-kamery\" target=\"_blank\">Przejd\u017a do sklepu i dowiedz si\u0119 wi\u0119cej<\/a>\u00a0<\/p>\n<\/div>\n<\/div>\n<\/div>\n<div class=\"art-content-layout\">\n<div class=\"art-content-layout-row\">\n<div class=\"art-layout-cell\" style=\"width: 100%;\">\n<hr \/>\n<\/div>\n<\/div>\n<\/div>\n<div class=\"art-content-layout\">\n<div class=\"art-content-layout-row responsive-layout-row-2\">\n<div class=\"art-layout-cell\" style=\"width: 33%;\">\n<p>\u00a0<\/p>\n<p style=\"text-align: center;\"><img loading=\"lazy\" decoding=\"async\" class=\"art-lightbox size-full wp-image-472\" title=\"wykrywanie pods\u0142uchu Koszalin\" src=\"https:\/\/www.euro-soft.pl\/wordpress\/wp-content\/uploads\/2016\/03\/tmpF735.png\" alt=\"wykrywanie pods\u0142uchu Koszalin\" width=\"200\" height=\"220\" \/><\/p>\n<\/div>\n<div class=\"art-layout-cell\" style=\"width: 67%;\">\n<p>Pods\u0142uch Podgl\u0105d MMS<\/p>\n<p>Nadajnik MMS pozwala na odbieranie na w\u0142asnej kom\u00f3rce obraz\u00f3w (MMS-\u00f3w) z pomieszczenia w kt\u00f3rym jest zainstalowany oraz na poczcie internetowej.<br \/>Wymaga zainstalowanie karty SIM bez kodu PIN i z uruchomion\u0105 opcja przesy\u0142ania MMS-\u00f3w.<br \/>\u015aci\u0105gni\u0119cie obrazu nast\u0119puje po wykonaniu klasycznego po\u0142\u0105czenia na numer zainstalowanej karty SIM.<\/p>\n<p style=\"text-align: center;\"><span style=\"font-weight: bold; font-size: 16px;\">Cena 690z\u0142.<\/span><\/p>\n<p style=\"text-align: center;\">\u00a0<a class=\"art-button\" href=\"http:\/\/www.euro-soft.pl\/sklep\/?p=productsMore&amp;iProduct=219&amp;sName=Podsluch-Podglad-MMS\" target=\"_blank\">Przejd\u017a do sklepu i dowiedz si\u0119 wi\u0119cej<\/a>\u00a0<\/p>\n<\/div>\n<\/div>\n<\/div>\n<\/div>\n<\/div>\n<\/div>\n","protected":false},"excerpt":{"rendered":"<p>\u00a0 Pods\u0142uch wykonywany z jednoczesnym nagrywaniem obrazu pozwala na \u0142atw\u0105 identyfikacje oryginalno\u015bci nagrania. Tego typu pods\u0142uch uniemo\u017cliwia manipulacj\u0119 \u015bcie\u017ck\u0105 fonii bez widocznego naruszenia \u015bcie\u017cki obrazu. Posiada niezaprzeczaln\u0105 warto\u015b\u0107 procesow\u0105. \u00a0 CENNIK \u00a0 Odbiornik z nagrywark\u0105 obrazu i dzwi\u0119ku RR4 RR4 jest odbiornikiem z ekranem i nagrywark\u0105 obrazu. Umo\u017cliwia podgl\u0105d i nagrywanie transmisji z czterech kamer [&hellip;]<\/p>\n","protected":false},"author":1,"featured_media":468,"parent":0,"menu_order":0,"comment_status":"closed","ping_status":"closed","template":"","meta":{"footnotes":""},"categories":[17],"tags":[],"class_list":["post-473","page","type-page","status-publish","has-post-thumbnail","hentry","category-artykuly"],"blocksy_meta":[],"_links":{"self":[{"href":"https:\/\/www.euro-soft.pl\/w\/wp-json\/wp\/v2\/pages\/473","targetHints":{"allow":["GET"]}}],"collection":[{"href":"https:\/\/www.euro-soft.pl\/w\/wp-json\/wp\/v2\/pages"}],"about":[{"href":"https:\/\/www.euro-soft.pl\/w\/wp-json\/wp\/v2\/types\/page"}],"author":[{"embeddable":true,"href":"https:\/\/www.euro-soft.pl\/w\/wp-json\/wp\/v2\/users\/1"}],"replies":[{"embeddable":true,"href":"https:\/\/www.euro-soft.pl\/w\/wp-json\/wp\/v2\/comments?post=473"}],"version-history":[{"count":0,"href":"https:\/\/www.euro-soft.pl\/w\/wp-json\/wp\/v2\/pages\/473\/revisions"}],"wp:featuredmedia":[{"embeddable":true,"href":"https:\/\/www.euro-soft.pl\/w\/wp-json\/wp\/v2\/media\/468"}],"wp:attachment":[{"href":"https:\/\/www.euro-soft.pl\/w\/wp-json\/wp\/v2\/media?parent=473"}],"wp:term":[{"taxonomy":"category","embeddable":true,"href":"https:\/\/www.euro-soft.pl\/w\/wp-json\/wp\/v2\/categories?post=473"},{"taxonomy":"post_tag","embeddable":true,"href":"https:\/\/www.euro-soft.pl\/w\/wp-json\/wp\/v2\/tags?post=473"}],"curies":[{"name":"wp","href":"https:\/\/api.w.org\/{rel}","templated":true}]}}