{"id":430,"date":"2016-03-07T22:49:24","date_gmt":"2016-03-07T21:49:24","guid":{"rendered":"https:\/\/www.euro-soft.pl\/wordpress\/wykrywanie-lokalizatorow-gsm-gps\/"},"modified":"2025-10-21T09:34:52","modified_gmt":"2025-10-21T07:34:52","slug":"wykrywanie-lokalizatorow-gsm-gps","status":"publish","type":"page","link":"https:\/\/www.euro-soft.pl\/w\/wykrywanie-lokalizatorow-gsm-gps\/","title":{"rendered":"WYKRYWANIE GPS WARSZAWA"},"content":{"rendered":"<div class=\"art-content-layout\">\n<div class=\"art-content-layout-row\">\n<div class=\"art-layout-cell\" style=\"width: 100%;\">\n<p style=\"text-align: center;\">&nbsp;<strong>Wykrywanie GPS<\/strong> w samochodzie wykonujemy unikaln\u0105 metod\u0105 Breaking Force. Opiera si\u0119 ona na wykorzystaniu pewnych w\u0142a\u015bciwo\u015bci ka\u017cdego telefonu kom\u00f3rkowego lub modu\u0142u GSM. Procedura Breaking Force realizowana jest zestawem pomiarowym PTS-1000 umo\u017cliwiaj\u0105cym odczyt obwiedni sygna\u0142u cyfrowego z bardzo du\u017c\u0105 czu\u0142o\u015bci\u0105. Metoda Breaking Force zapewnia stu procentow\u0105 skuteczno\u015b\u0107 pod warunkiem \u017ce modu\u0142 GSM lub lokalizator GPS jest gotowy do pracy. Oznacza to \u017ce modu\u0142 GSM jest zalogowany do systemu telefonii kom\u00f3rkowej i w ka\u017cdej chwili mo\u017ce przyj\u0105\u0107 polecenie o podanie swojej pozycji. Wykonujemy tak\u017ce Audyty Bezpiecze\u0144stwa w pomieszczeniach stacjonarnych w sk\u0142ad kt\u00f3rych wchodzi wykrywanie pods\u0142uchu. Czynno\u015bci te wykonuj\u0105 osoby posiadaj\u0105ce Certyfikat Bezpiecze\u0144stwa Osobowego wystawiony zgodnie z wymogami ABW. Osoby te posiadaj\u0105 r\u00f3wnie\u017c aktualne szkolenia w zakresie dost\u0119pu do informacji niejawnych. Euro-Soft wykonuje ekspertyzy na zlecenia prokuratur z zakresu wykrywania pods\u0142uchu. Pisemne opracowania czynno\u015bci zwi\u0105zanych z wykrywaniem pods\u0142uch\u00f3w opracowywane s\u0105 na podstawie wynik\u00f3w pomiar\u00f3w wykonanych profesjonalnym sprz\u0119tem. Materia\u0142 ten stanowi podstaw\u0119 przeprowadzanych analiz oraz wniosk\u00f3w pokontrolnych.<\/p>\n<p style=\"text-align: center;\"><img loading=\"lazy\" decoding=\"async\" src=\"https:\/\/www.euro-soft.pl\/media\/upload\/images\/oscor_green\/oscor_zd1.jpg\" alt=\"Wykrywanie GPS Warszawa.\" width=\"190\" height=\"206\" title=\"wykrywanie GPS Warszawa\" \/><\/p>\n<p style=\"text-align: center;\">Wykrywanie GPS wykonywane jest zgodnie zaleceniami TSCM. Stosowana procedura zapewniania stu procentow\u0105 wiarygodno\u015b\u0107 uzyskanych wynik\u00f3w.&nbsp;<\/p>\n<p style=\"text-align: center;\">&nbsp;<img loading=\"lazy\" decoding=\"async\" class=\" size-full wp-image-423\" src=\"https:\/\/www.euro-soft.pl\/wordpress\/wp-content\/uploads\/2016\/03\/tmp8AE7.png\" alt=\"Wykrywanie GPS Warszawa.\" width=\"534\" height=\"146\" class=\"art-lightbox\" title=\"wykrywanie GPS Warszawa\" srcset=\"https:\/\/www.euro-soft.pl\/w\/wp-content\/uploads\/2016\/03\/tmp8AE7.png 534w, https:\/\/www.euro-soft.pl\/w\/wp-content\/uploads\/2016\/03\/tmp8AE7-300x82.png 300w\" sizes=\"auto, (max-width: 534px) 100vw, 534px\" \/><\/p>\n<p style=\"text-align: center;\">&nbsp;<\/p>\n<p style=\"text-align: left;\"><strong>Wykrywanie GPS<\/strong> w samochodzie z wykorzystaniem r\u0119cznych miernik\u00f3w cz\u0119stotliwo\u015bci lub generator\u00f3w samowzbudnych ACECO jest skazane na niepowodzenie. Przyrz\u0105dy te posiadaj\u0105 zbyt ma\u0142\u0105 czu\u0142o\u015b\u0107 i nie s\u0105 w stanie dokonywa\u0107 selektywnych pomiar\u00f3w obwiedni sygna\u0142u cyfrowego. U\u017cywanie tego typu sprz\u0119tu do wykrywania lokalizator\u00f3w GPS i pods\u0142uchu GSM w samochodzie jest dowodem na kompletn\u0105 nieznajomo\u015b\u0107 tematu. Wykrywanie pods\u0142uchu oraz wykrywanie GPS powinno odbywa\u0107 si\u0119 w przestrzeni o niskim poziomie t\u0142a co w znacznym stopniu u\u0142atwi prawid\u0142owe pomiary sprawdzaj\u0105ce..<\/p>\n<p style=\"text-align: left;\">&nbsp;<\/p>\n<p style=\"text-align: center;\"><img loading=\"lazy\" decoding=\"async\" class=\" size-full wp-image-424\" src=\"https:\/\/www.euro-soft.pl\/wordpress\/wp-content\/uploads\/2016\/03\/tmp9207.png\" alt=\"Wykrywanie GPS Warszawa.\" width=\"309\" height=\"163\" class=\"art-lightbox\" title=\"wykrywanie GPS Warszawa\" srcset=\"https:\/\/www.euro-soft.pl\/w\/wp-content\/uploads\/2016\/03\/tmp9207.png 309w, https:\/\/www.euro-soft.pl\/w\/wp-content\/uploads\/2016\/03\/tmp9207-300x158.png 300w\" sizes=\"auto, (max-width: 309px) 100vw, 309px\" \/><\/p>\n<p style=\"text-align: left;\">&nbsp;<\/p>\n<p style=\"text-align: left;\">U\u017cywanie miernika RAKSA do <strong>wykrywanie GPS<\/strong> jest nieporozumieniem, poniewa\u017c sygna\u0142 zdradzaj\u0105cy istnienie nieautoryzowanego modu\u0142u GSM (lokalizatora GPS) trwa ok. dwie sekundy. Tak kr\u00f3tki czas nie pozwala na prawid\u0142ow\u0105 interpretacje wskaza\u0144 przyrz\u0105du typu RAKSA.<\/p>\n<p style=\"text-align: left;\">&nbsp;<\/p>\n<p style=\"text-align: center;\"><img loading=\"lazy\" decoding=\"async\" class=\" size-full wp-image-425\" src=\"https:\/\/www.euro-soft.pl\/wordpress\/wp-content\/uploads\/2016\/03\/tmp8AB.png\" alt=\"Wykrywanie GPS Warszawa.\" width=\"765\" height=\"323\" class=\"art-lightbox\" title=\"wykrywanie GPS Warszawa\" srcset=\"https:\/\/www.euro-soft.pl\/w\/wp-content\/uploads\/2016\/03\/tmp8AB.png 765w, https:\/\/www.euro-soft.pl\/w\/wp-content\/uploads\/2016\/03\/tmp8AB-300x127.png 300w, https:\/\/www.euro-soft.pl\/w\/wp-content\/uploads\/2016\/03\/tmp8AB-600x253.png 600w\" sizes=\"auto, (max-width: 765px) 100vw, 765px\" \/><\/p>\n<p style=\"text-align: left;\">&nbsp;<\/p>\n<p style=\"text-align: left;\"><strong>Wykrywanie GPS<\/strong> w samochodzie musi by\u0107 poprzedzone wymuszeniem emisji ujawniaj\u0105cej modu\u0142u GSM. W przypadku pomini\u0119cia wymuszenia emisji ujawniaj\u0105cej badania z u\u017cyciem skaner\u00f3w rejestruj\u0105cych jest bezzasadne.<\/p>\n<p style=\"text-align: left;\">&nbsp;<\/p>\n<p style=\"text-align: center;\"><img loading=\"lazy\" decoding=\"async\" class=\" size-full wp-image-426\" src=\"https:\/\/www.euro-soft.pl\/wordpress\/wp-content\/uploads\/2016\/03\/tmpA1FA.png\" alt=\"Wykrywanie GPS Warszawa.\" width=\"275\" height=\"145\" class=\"art-lightbox\" title=\"wykrywanie GPS Warszawa\" \/>&nbsp;<img loading=\"lazy\" decoding=\"async\" class=\" size-full wp-image-427\" src=\"https:\/\/www.euro-soft.pl\/wordpress\/wp-content\/uploads\/2016\/03\/tmp5A6.png\" alt=\"Wykrywanie GPS Warszawa.\" width=\"275\" height=\"145\" class=\"art-lightbox\" title=\"wykrywanie GPS Warszawa\" \/><\/p>\n<div class=\"vcard\">\n<div class=\"org\" style=\"text-align: center;\"><span style=\"font-family: 'times new roman', times; font-size: 14pt;\">Wykrywanie GPS Warszawa<\/span><\/div>\n<div class=\"adr\" style=\"text-align: center;\">\n<footer><\/footer>\n<div class=\"street-address\"><span style=\"font-family: 'times new roman', times; font-size: 14pt;\">&nbsp;Euro-Soft, tel 501 159 903<\/span><br \/><span style=\"font-family: 'times new roman', times; font-size: 14pt;\">Powsta\u0144c\u00f3w \u015al\u0105skich 124 (parking)<\/span><br \/><span style=\"font-family: 'times new roman', times; font-size: 14pt;\">od pon do sob po uprzednim ustaleniu godziny&nbsp;<\/span><\/div>\n<div class=\"locality\"><span style=\"font-family: 'times new roman', times; font-size: 14pt;\">Warszawa&nbsp;<\/span><\/div>\n<div class=\"postal-code\" style=\"text-align: center;\"><span style=\"font-size: 11px;\">Polska<\/span><\/div>\n<\/div>\n<p style=\"text-align: left;\">&nbsp;<\/p>\n<\/div>\n<\/div>\n<\/div>\n<div class=\"art-content-layout\">\n<div class=\"art-content-layout-row\">\n<div class=\"art-layout-cell\" style=\"width: 100%;\">\n<h1 style=\"text-align: center;\">Cennik us\u0142ug<\/h1>\n<\/div>\n<\/div>\n<\/div>\n<div class=\"art-content-layout\">\n<div class=\"art-content-layout-row\">\n<div class=\"art-layout-cell\" style=\"width: 100%;\">\n<hr \/>\n<\/div>\n<\/div>\n<\/div>\n<div class=\"art-content-layout\">\n<div class=\"art-content-layout-row\">\n<div class=\"art-layout-cell\" style=\"width: 33%;\">\n<p style=\"text-align: center;\"><img loading=\"lazy\" decoding=\"async\" class=\" size-full wp-image-428\" src=\"https:\/\/www.euro-soft.pl\/wordpress\/wp-content\/uploads\/2016\/03\/tmpF1C7.png\" alt=\"\" width=\"200\" height=\"133\" class=\"art-lightbox\" title=\"wykrywanie GPS Warszawa\" data-alt=\"Wykrywanie GPS Warszawa.\" \/><\/p>\n<\/div>\n<div class=\"art-layout-cell\" style=\"width: 67%;\">\n<p><span style=\"font-weight: bold;\">Wykrywanie lokalizator\u00f3w GPS w samochodzie<\/span> odbywa si\u0119 metod\u0105 &#8221; Breaking Force&#8221;. Metoda ta wymaga u\u017cycia sprz\u0119tu pomiarowego o bardzo wysokiej czu\u0142o\u015bci. W Euro-Soft do wykrywania lokalizator\u00f3w GPS w samochodzie u\u017cywany jest zestaw pomiarowy PTS-1000. Bardzo wysok\u0105 czu\u0142o\u015b\u0107 tego zestawu zapewnia zewn\u0119trzna sonda pomiarowa. Czynno\u015bci sprawdzaj\u0105ce wykonywane s\u0105&nbsp; w okolicy lotniska Babice na Bemowie, po uprzednim kontakcie telefonicznym&nbsp; z numerem 501-159-903. Po wykonaniu pomiar\u00f3w na \u017cyczenie zleceniodawcy opracowywane jest pisemne sprawozdanie z wynik\u00f3w przeprowadzonych czynno\u015bci.<\/p>\n<p style=\"text-align: center;\"><span style=\"font-size: 18px; font-weight: bold;\">500 z\u0142<\/span><\/p>\n<p>&nbsp;&nbsp;<\/p>\n<\/div>\n<\/div>\n<\/div>\n<div class=\"art-content-layout\">\n<div class=\"art-content-layout-row\">\n<div class=\"art-layout-cell\" style=\"width: 67%;\">\n<div class=\"gA gt acV\" style=\"font-size: 12.800000190734863px; background-color: transparent; padding: 0px; width: auto; border-right-width: 0px; border-bottom-width: 0px; border-left-width: 0px; border-top-style: none; margin: 0px; color: #222222; font-family: arial, sans-serif;\">\n<div><span style=\"font-size: 12pt;\"><strong>Nasi przedstawiciele regionalni.<\/strong><\/span><\/div>\n<div>&nbsp;<\/div>\n<div style=\"color: #222222; font-family: arial, sans-serif; font-size: 12.800000190734863px;\">&nbsp;<span style=\"font-size: 12pt;\"><strong>Wykrywanie GPS Warszawa tel. 501-159-903<\/strong><\/span><\/div>\n<div>&nbsp;<\/div>\n<div class=\"a3s aXjCH m15a79a48a6532b41\" style=\"color: #222222; font-family: arial, sans-serif; font-size: 12.800000190734863px; overflow: hidden;\">\n<p style=\"margin: 1px;\"><span style=\"font-size: 12pt;\"><strong>Wykrywanie GPS Warszawa tel. 575-093-045 (11.00-18.00)<\/strong><\/span><\/p>\n<p style=\"margin: 1px;\"><span style=\"font-size: 12pt;\"><strong>Wykrywanie GPS Warszawa tel. 575-093-062 (11.00-18.00)<\/strong><\/span><\/p>\n<p style=\"margin: 1px;\"><span style=\"font-size: 12pt;\"><strong>Wykrywanie GPS Warszawa tel. 577-975-263 (11.00-18.00)<\/strong><\/span><\/p>\n<p style=\"margin: 1px;\"><span style=\"font-size: 12pt;\"><strong>Wykrywanie GPS Warszawa tel. 575-508-554 (11.00-18.00)<\/strong><\/span><\/p>\n<p style=\"margin: 1px;\"><span style=\"font-size: 12pt;\"><strong>Wykrywanie GPS Ko\u0142obrzeg tel. 884-835-370<\/strong><\/span><\/p>\n<p style=\"margin: 1px;\"><span style=\"font-size: 12pt;\"><strong>Wykrywanie GPS Gda\u0144sk tel. 507-203-434<\/strong><\/span><\/p>\n<p style=\"margin: 1px;\"><span style=\"font-size: 12pt;\"><strong>Wykrywanie GPS Ustka tel. 884-835-370<\/strong><\/span><\/p>\n<p style=\"margin: 1px;\"><span style=\"font-size: 12pt;\"><strong>Wykrywanie GPS S\u0142upsk tel. 888-868-233<\/strong><\/span><\/p>\n<p style=\"margin: 1px;\"><span style=\"font-size: 12pt;\"><strong>Wykrywanie GPS Pi\u0142a tel. 888-868-233<\/strong><\/span><\/p>\n<p style=\"margin: 1px;\"><span style=\"font-size: 12pt;\"><strong>Wykrywanie GPS Sopot tel. 507-203-434<\/strong><\/span><\/p>\n<p style=\"margin: 1px;\"><span style=\"font-size: 12pt;\"><strong>Wykrywanie GPS Szczecin tel. 888-868-233<\/strong><\/span><\/p>\n<p style=\"margin: 1px;\"><span style=\"font-size: 12pt;\"><strong>Wykrywanie GPS Gdynia tel. 507-203-434<\/strong><\/span><\/p>\n<p style=\"margin: 1px;\"><span style=\"font-size: 12pt;\"><strong>Wykrywanie GPS Koszalin tel. 884-835-370<\/strong><\/span><\/p>\n<p style=\"margin: 1px;\"><a href=\"https:\/\/www.euro-soft.pl\/w\/wykrywanie-lokalizatorow-gsm-gps\/\" target=\"_blank\" rel=\"noopener noreferrer\" style=\"color: #1155cc;\" data-saferedirecturl=\"https:\/\/www.google.com\/url?hl=pl&amp;q=https:\/\/wykrywaniepodsluchukoszalin.pl\/uslugi\/wykrywanie-lokalizatorow-gsm-gps.html&amp;source=gmail&amp;ust=1489740861341000&amp;usg=AFQjCNH8sNOiZMNnerflAjU0MT4tVtoTGg\">http:\/\/www.<wbr \/>wykrywaniepodsluchukoszalin.<wbr \/>pl\/uslugi\/wykrywanie-<wbr \/>lokalizatorow-gsm-gps.html<\/a><\/p>\n<p>&nbsp;<\/p>\n<p>&nbsp;<\/p>\n<p>&nbsp;<\/p>\n<p>&nbsp;<\/p>\n<p>&nbsp;<\/p>\n<p>&nbsp;<\/p>\n<p>&nbsp;<\/p>\n<p><img loading=\"lazy\" decoding=\"async\" class=\" size-full wp-image-429\" src=\"https:\/\/www.euro-soft.pl\/wordpress\/wp-content\/uploads\/2016\/03\/mapa-111.jpg\" alt=\"Wykrywanie GPS Warszawa.\" style=\"display: block; margin-left: auto; margin-right: auto;\" title=\"wykrywanie GPS Warszawa\" width=\"601\" height=\"300\" srcset=\"https:\/\/www.euro-soft.pl\/w\/wp-content\/uploads\/2016\/03\/mapa-111.jpg 601w, https:\/\/www.euro-soft.pl\/w\/wp-content\/uploads\/2016\/03\/mapa-111-300x150.jpg 300w\" sizes=\"auto, (max-width: 601px) 100vw, 601px\" \/><\/p>\n<p>&nbsp;<\/p>\n<p>&nbsp;<\/p>\n<\/div>\n<\/div>\n<\/div>\n<\/div>\n<\/div>\n<\/div>\n","protected":false},"excerpt":{"rendered":"<p>&nbsp;Wykrywanie GPS w samochodzie wykonujemy unikaln\u0105 metod\u0105 Breaking Force. Opiera si\u0119 ona na wykorzystaniu pewnych w\u0142a\u015bciwo\u015bci ka\u017cdego telefonu kom\u00f3rkowego lub modu\u0142u GSM. Procedura Breaking Force realizowana jest zestawem pomiarowym PTS-1000 umo\u017cliwiaj\u0105cym odczyt obwiedni sygna\u0142u cyfrowego z bardzo du\u017c\u0105 czu\u0142o\u015bci\u0105. Metoda Breaking Force zapewnia stu procentow\u0105 skuteczno\u015b\u0107 pod warunkiem \u017ce modu\u0142 GSM lub lokalizator GPS jest [&hellip;]<\/p>\n","protected":false},"author":1,"featured_media":0,"parent":0,"menu_order":0,"comment_status":"closed","ping_status":"closed","template":"","meta":{"footnotes":""},"categories":[17],"tags":[],"class_list":["post-430","page","type-page","status-publish","hentry","category-artykuly"],"blocksy_meta":[],"_links":{"self":[{"href":"https:\/\/www.euro-soft.pl\/w\/wp-json\/wp\/v2\/pages\/430","targetHints":{"allow":["GET"]}}],"collection":[{"href":"https:\/\/www.euro-soft.pl\/w\/wp-json\/wp\/v2\/pages"}],"about":[{"href":"https:\/\/www.euro-soft.pl\/w\/wp-json\/wp\/v2\/types\/page"}],"author":[{"embeddable":true,"href":"https:\/\/www.euro-soft.pl\/w\/wp-json\/wp\/v2\/users\/1"}],"replies":[{"embeddable":true,"href":"https:\/\/www.euro-soft.pl\/w\/wp-json\/wp\/v2\/comments?post=430"}],"version-history":[{"count":1,"href":"https:\/\/www.euro-soft.pl\/w\/wp-json\/wp\/v2\/pages\/430\/revisions"}],"predecessor-version":[{"id":697,"href":"https:\/\/www.euro-soft.pl\/w\/wp-json\/wp\/v2\/pages\/430\/revisions\/697"}],"wp:attachment":[{"href":"https:\/\/www.euro-soft.pl\/w\/wp-json\/wp\/v2\/media?parent=430"}],"wp:term":[{"taxonomy":"category","embeddable":true,"href":"https:\/\/www.euro-soft.pl\/w\/wp-json\/wp\/v2\/categories?post=430"},{"taxonomy":"post_tag","embeddable":true,"href":"https:\/\/www.euro-soft.pl\/w\/wp-json\/wp\/v2\/tags?post=430"}],"curies":[{"name":"wp","href":"https:\/\/api.w.org\/{rel}","templated":true}]}}