{"id":421,"date":"2016-03-07T22:49:24","date_gmt":"2016-03-07T21:49:24","guid":{"rendered":"https:\/\/www.euro-soft.pl\/wordpress\/referencje-2\/"},"modified":"2016-03-07T22:49:24","modified_gmt":"2016-03-07T21:49:24","slug":"referencje-2","status":"publish","type":"page","link":"https:\/\/www.euro-soft.pl\/w\/referencje-2\/","title":{"rendered":"REFERENCJE"},"content":{"rendered":"<p>\u00a0<\/p>\n<p style=\"text-align: center;\"><span style=\"font-size: 16px; font-weight: bold;\">Prezentowane poni\u017cej dokumenty nie stanowi\u0105 ujawnienie tajemnicy s\u0142u\u017cbowej.<\/span><\/p>\n<p>\u00a0<\/p>\n<p style=\"text-align: center;\"><img loading=\"lazy\" decoding=\"async\" class=\"art-lightbox size-full wp-image-409\" title=\"wykrywanie pods\u0142uchu Koszalin\" src=\"https:\/\/www.euro-soft.pl\/wordpress\/wp-content\/uploads\/2016\/03\/tmpBC56.png\" alt=\"wykrywanie pods\u0142uchu Koszalin\" width=\"425\" height=\"272\" srcset=\"https:\/\/www.euro-soft.pl\/w\/wp-content\/uploads\/2016\/03\/tmpBC56.png 425w, https:\/\/www.euro-soft.pl\/w\/wp-content\/uploads\/2016\/03\/tmpBC56-300x192.png 300w\" sizes=\"auto, (max-width: 425px) 100vw, 425px\" \/><\/p>\n<p style=\"text-align: center;\">Przysi\u0119ga. Szko\u0142a Specjalist\u00f3w Wojskowych.<\/p>\n<p style=\"text-align: center;\">\u00a0<\/p>\n<p style=\"text-align: center;\"><img loading=\"lazy\" decoding=\"async\" class=\"art-lightbox size-full wp-image-410\" title=\"wykrywanie pods\u0142uchu Koszalin\" src=\"https:\/\/www.euro-soft.pl\/wordpress\/wp-content\/uploads\/2016\/03\/tmpD8B3.png\" alt=\"wykrywanie pods\u0142uchu Koszalin\" width=\"428\" height=\"149\" srcset=\"https:\/\/www.euro-soft.pl\/w\/wp-content\/uploads\/2016\/03\/tmpD8B3.png 428w, https:\/\/www.euro-soft.pl\/w\/wp-content\/uploads\/2016\/03\/tmpD8B3-300x104.png 300w\" sizes=\"auto, (max-width: 428px) 100vw, 428px\" \/><\/p>\n<p style=\"text-align: left;\">Na podstawie \u00a7 1 ust. 1 rozporz\u0105dzenia Ministra Sprawiedliwo\u015bci z dnia 24 stycznia 2005 r. w sprawie bieg\u0142ych s\u0105dowych (Dz. U. Nr 15 poz. 133) zosta\u0142 ustanowiony pan Czes\u0142aw Wiencis bieg\u0142ym s\u0105dowym przy S\u0105dzie Okr\u0119gowym w Warszawie w zakresie kryminalistyki o specjalno\u015bci wykrywanie pods\u0142uch\u00f3w. W oparciu o powy\u017csz\u0105 decyzj\u0119 wykonujemy wykrywanie pods\u0142uch\u00f3w na zlecenia s\u0105d\u00f3w, prokuratur a tak\u017ce policji.<\/p>\n<p style=\"text-align: center;\"><img loading=\"lazy\" decoding=\"async\" class=\"art-lightbox size-full wp-image-411\" title=\"wykrywanie pods\u0142uchu Koszalin\" src=\"https:\/\/www.euro-soft.pl\/wordpress\/wp-content\/uploads\/2016\/03\/tmp271E.png\" alt=\"wykrywanie pods\u0142uchu Koszalin\" width=\"500\" height=\"699\" srcset=\"https:\/\/www.euro-soft.pl\/w\/wp-content\/uploads\/2016\/03\/tmp271E.png 500w, https:\/\/www.euro-soft.pl\/w\/wp-content\/uploads\/2016\/03\/tmp271E-215x300.png 215w\" sizes=\"auto, (max-width: 500px) 100vw, 500px\" \/><\/p>\n<p style=\"text-align: left;\">B\u0119d\u0105c absolwentem Wojskowej Akademii Technicznej szczeg\u00f3lnie ceni\u0119 sobie mo\u017cliwo\u015b\u0107 wsp\u00f3\u0142pracy z KBM WAT.<\/p>\n<p style=\"text-align: center;\"><img loading=\"lazy\" decoding=\"async\" class=\"art-lightbox size-full wp-image-412\" title=\"wykrywanie pods\u0142uchu Koszalin\" src=\"https:\/\/www.euro-soft.pl\/wordpress\/wp-content\/uploads\/2016\/03\/tmp422F.png\" alt=\"wykrywanie pods\u0142uchu Koszalin\" width=\"500\" height=\"688\" srcset=\"https:\/\/www.euro-soft.pl\/w\/wp-content\/uploads\/2016\/03\/tmp422F.png 500w, https:\/\/www.euro-soft.pl\/w\/wp-content\/uploads\/2016\/03\/tmp422F-218x300.png 218w\" sizes=\"auto, (max-width: 500px) 100vw, 500px\" \/><\/p>\n<p style=\"text-align: center;\"><img loading=\"lazy\" decoding=\"async\" class=\"art-lightbox size-full wp-image-413\" title=\"wykrywanie pods\u0142uchu Koszalin\" src=\"https:\/\/www.euro-soft.pl\/wordpress\/wp-content\/uploads\/2016\/03\/tmpACEB.png\" alt=\"wykrywanie pods\u0142uchu Koszalin\" width=\"484\" height=\"499\" srcset=\"https:\/\/www.euro-soft.pl\/w\/wp-content\/uploads\/2016\/03\/tmpACEB.png 484w, https:\/\/www.euro-soft.pl\/w\/wp-content\/uploads\/2016\/03\/tmpACEB-291x300.png 291w\" sizes=\"auto, (max-width: 484px) 100vw, 484px\" \/><\/p>\n<p style=\"text-align: center;\"><img loading=\"lazy\" decoding=\"async\" class=\"art-lightbox size-full wp-image-414\" title=\"wykrywanie pods\u0142uchu Koszalin\" src=\"https:\/\/www.euro-soft.pl\/wordpress\/wp-content\/uploads\/2016\/03\/tmpDDBB.png\" alt=\"wykrywanie pods\u0142uchu Koszalin\" width=\"358\" height=\"495\" srcset=\"https:\/\/www.euro-soft.pl\/w\/wp-content\/uploads\/2016\/03\/tmpDDBB.png 358w, https:\/\/www.euro-soft.pl\/w\/wp-content\/uploads\/2016\/03\/tmpDDBB-217x300.png 217w\" sizes=\"auto, (max-width: 358px) 100vw, 358px\" \/><\/p>\n<p style=\"text-align: center;\"><img loading=\"lazy\" decoding=\"async\" class=\"art-lightbox size-full wp-image-415\" title=\"wykrywanie pods\u0142uchu Koszalin\" src=\"https:\/\/www.euro-soft.pl\/wordpress\/wp-content\/uploads\/2016\/03\/tmpA959.png\" alt=\"wykrywanie pods\u0142uchu Koszalin\" width=\"414\" height=\"300\" srcset=\"https:\/\/www.euro-soft.pl\/w\/wp-content\/uploads\/2016\/03\/tmpA959.png 414w, https:\/\/www.euro-soft.pl\/w\/wp-content\/uploads\/2016\/03\/tmpA959-300x217.png 300w\" sizes=\"auto, (max-width: 414px) 100vw, 414px\" \/><\/p>\n<p style=\"text-align: center;\"><img loading=\"lazy\" decoding=\"async\" class=\"art-lightbox size-full wp-image-416\" title=\"wykrywanie pods\u0142uchu Koszalin\" src=\"https:\/\/www.euro-soft.pl\/wordpress\/wp-content\/uploads\/2016\/03\/tmpC932.png\" alt=\"wykrywanie pods\u0142uchu Koszalin\" width=\"218\" height=\"300\" \/>\u00a0<img loading=\"lazy\" decoding=\"async\" class=\"art-lightbox size-full wp-image-417\" title=\"wykrywanie pods\u0142uchu Koszalin\" src=\"https:\/\/www.euro-soft.pl\/wordpress\/wp-content\/uploads\/2016\/03\/tmp5769.png\" alt=\"wykrywanie pods\u0142uchu Koszalin\" width=\"208\" height=\"300\" \/><\/p>\n<p style=\"text-align: center;\"><img loading=\"lazy\" decoding=\"async\" class=\"art-lightbox size-full wp-image-418\" title=\"wykrywanie pods\u0142uchu Koszalin\" src=\"https:\/\/www.euro-soft.pl\/wordpress\/wp-content\/uploads\/2016\/03\/tmpB7DA.png\" alt=\"wykrywanie pods\u0142uchu Koszalin\" width=\"212\" height=\"300\" \/>\u00a0<img loading=\"lazy\" decoding=\"async\" class=\"art-lightbox size-full wp-image-419\" title=\"wykrywanie pods\u0142uchu Koszalin\" src=\"https:\/\/www.euro-soft.pl\/wordpress\/wp-content\/uploads\/2016\/03\/tmp106B.png\" alt=\"wykrywanie pods\u0142uchu Koszalin\" width=\"188\" height=\"300\" \/>\u00a0<img loading=\"lazy\" decoding=\"async\" class=\"art-lightbox size-full wp-image-420\" title=\"wykrywanie pods\u0142uchu Koszalin\" src=\"https:\/\/www.euro-soft.pl\/wordpress\/wp-content\/uploads\/2016\/03\/tmp5610.png\" alt=\"wykrywanie pods\u0142uchu Koszalin\" width=\"210\" height=\"300\" \/><\/p>\n","protected":false},"excerpt":{"rendered":"<p>\u00a0 Prezentowane poni\u017cej dokumenty nie stanowi\u0105 ujawnienie tajemnicy s\u0142u\u017cbowej. \u00a0 Przysi\u0119ga. Szko\u0142a Specjalist\u00f3w Wojskowych. \u00a0 Na podstawie \u00a7 1 ust. 1 rozporz\u0105dzenia Ministra Sprawiedliwo\u015bci z dnia 24 stycznia 2005 r. w sprawie bieg\u0142ych s\u0105dowych (Dz. U. Nr 15 poz. 133) zosta\u0142 ustanowiony pan Czes\u0142aw Wiencis bieg\u0142ym s\u0105dowym przy S\u0105dzie Okr\u0119gowym w Warszawie w zakresie kryminalistyki [&hellip;]<\/p>\n","protected":false},"author":1,"featured_media":409,"parent":0,"menu_order":0,"comment_status":"closed","ping_status":"closed","template":"","meta":{"footnotes":""},"categories":[17],"tags":[],"class_list":["post-421","page","type-page","status-publish","has-post-thumbnail","hentry","category-artykuly"],"blocksy_meta":[],"_links":{"self":[{"href":"https:\/\/www.euro-soft.pl\/w\/wp-json\/wp\/v2\/pages\/421","targetHints":{"allow":["GET"]}}],"collection":[{"href":"https:\/\/www.euro-soft.pl\/w\/wp-json\/wp\/v2\/pages"}],"about":[{"href":"https:\/\/www.euro-soft.pl\/w\/wp-json\/wp\/v2\/types\/page"}],"author":[{"embeddable":true,"href":"https:\/\/www.euro-soft.pl\/w\/wp-json\/wp\/v2\/users\/1"}],"replies":[{"embeddable":true,"href":"https:\/\/www.euro-soft.pl\/w\/wp-json\/wp\/v2\/comments?post=421"}],"version-history":[{"count":0,"href":"https:\/\/www.euro-soft.pl\/w\/wp-json\/wp\/v2\/pages\/421\/revisions"}],"wp:featuredmedia":[{"embeddable":true,"href":"https:\/\/www.euro-soft.pl\/w\/wp-json\/wp\/v2\/media\/409"}],"wp:attachment":[{"href":"https:\/\/www.euro-soft.pl\/w\/wp-json\/wp\/v2\/media?parent=421"}],"wp:term":[{"taxonomy":"category","embeddable":true,"href":"https:\/\/www.euro-soft.pl\/w\/wp-json\/wp\/v2\/categories?post=421"},{"taxonomy":"post_tag","embeddable":true,"href":"https:\/\/www.euro-soft.pl\/w\/wp-json\/wp\/v2\/tags?post=421"}],"curies":[{"name":"wp","href":"https:\/\/api.w.org\/{rel}","templated":true}]}}