{"id":367,"date":"2021-03-24T09:25:03","date_gmt":"2021-03-24T08:25:03","guid":{"rendered":"https:\/\/www.euro-soft.pl\/wordpress\/cena\/"},"modified":"2025-10-21T09:34:45","modified_gmt":"2025-10-21T07:34:45","slug":"cena","status":"publish","type":"page","link":"https:\/\/www.euro-soft.pl\/w\/cena\/","title":{"rendered":"Cena"},"content":{"rendered":"<p><img loading=\"lazy\" decoding=\"async\" class=\" size-full wp-image-366\" src=\"https:\/\/www.euro-soft.pl\/wordpress\/wp-content\/uploads\/2021\/03\/AAAprezentacja.png\" alt=\"AAAprezentacja\" width=\"700\" height=\"222\" srcset=\"https:\/\/www.euro-soft.pl\/w\/wp-content\/uploads\/2021\/03\/AAAprezentacja.png 918w, https:\/\/www.euro-soft.pl\/w\/wp-content\/uploads\/2021\/03\/AAAprezentacja-300x95.png 300w, https:\/\/www.euro-soft.pl\/w\/wp-content\/uploads\/2021\/03\/AAAprezentacja-768x243.png 768w, https:\/\/www.euro-soft.pl\/w\/wp-content\/uploads\/2021\/03\/AAAprezentacja-600x190.png 600w\" sizes=\"auto, (max-width: 700px) 100vw, 700px\" \/><\/p>\n<h2>Cena wykrywania pods\u0142uchu:<\/h2>\n<p>&nbsp;<\/p>\n<ul>\n<li>Wykrywanie pods\u0142uchu w jednym pomieszczeniu 1000 &#8211; 1500 z\u0142. <strong>(zgodnie z procedur\u0105 analizy t\u0142a)<\/strong><\/li>\n<li>Wykrywanie pods\u0142uchu i lokalizator\u00f3w GPS w samochodach 500 z\u0142&nbsp;<strong>(zgodnie z procedur\u0105 wymuszenia emisji ujawniaj\u0105cej)<\/strong><\/li>\n<li>Wykrywanie pods\u0142uchu w telefonach kom\u00f3rkowych 600 z\u0142.<strong> (odczyt wykonujemy Izraelskim systemem UFED 4PC)<\/strong><\/li>\n<li>Odczyt skasowanych nagra\u0144 audio z dyktafon\u00f3w 500 z\u0142&nbsp;<strong>(odczyt wykonujemy Izraelskim systemem UFED 4PC)<\/strong>&nbsp;<\/li>\n<\/ul>\n<p>Podane ceny nie uwzgl\u0119dniaj\u0105 koszt\u00f3w dojazdu.<\/p>\n<p>Ostateczna cena jest uzgadniana ka\u017cdorazowo ze zleceniodawc\u0105.<\/p>\n<p>tel. 501-159-903<\/p>\n<h5 style=\"text-align: center;\" itemprop=\"headline\"><a href=\"https:\/\/www.euro-soft.pl\/w\/\">Wykrywanie pods\u0142uchu &#8211; weryfikacja wykonawcy<\/a>.<\/h5>\n","protected":false},"excerpt":{"rendered":"<p>Cena wykrywania pods\u0142uchu: &nbsp; Wykrywanie pods\u0142uchu w jednym pomieszczeniu 1000 &#8211; 1500 z\u0142. (zgodnie z procedur\u0105 analizy t\u0142a) Wykrywanie pods\u0142uchu i lokalizator\u00f3w GPS w samochodach 500 z\u0142&nbsp;(zgodnie z procedur\u0105 wymuszenia emisji ujawniaj\u0105cej) Wykrywanie pods\u0142uchu w telefonach kom\u00f3rkowych 600 z\u0142. (odczyt wykonujemy Izraelskim systemem UFED 4PC) Odczyt skasowanych nagra\u0144 audio z dyktafon\u00f3w 500 z\u0142&nbsp;(odczyt wykonujemy Izraelskim [&hellip;]<\/p>\n","protected":false},"author":1,"featured_media":366,"parent":0,"menu_order":0,"comment_status":"closed","ping_status":"closed","template":"","meta":{"footnotes":""},"categories":[8],"tags":[],"class_list":["post-367","page","type-page","status-publish","has-post-thumbnail","hentry","category-blog"],"blocksy_meta":[],"_links":{"self":[{"href":"https:\/\/www.euro-soft.pl\/w\/wp-json\/wp\/v2\/pages\/367","targetHints":{"allow":["GET"]}}],"collection":[{"href":"https:\/\/www.euro-soft.pl\/w\/wp-json\/wp\/v2\/pages"}],"about":[{"href":"https:\/\/www.euro-soft.pl\/w\/wp-json\/wp\/v2\/types\/page"}],"author":[{"embeddable":true,"href":"https:\/\/www.euro-soft.pl\/w\/wp-json\/wp\/v2\/users\/1"}],"replies":[{"embeddable":true,"href":"https:\/\/www.euro-soft.pl\/w\/wp-json\/wp\/v2\/comments?post=367"}],"version-history":[{"count":1,"href":"https:\/\/www.euro-soft.pl\/w\/wp-json\/wp\/v2\/pages\/367\/revisions"}],"predecessor-version":[{"id":685,"href":"https:\/\/www.euro-soft.pl\/w\/wp-json\/wp\/v2\/pages\/367\/revisions\/685"}],"wp:featuredmedia":[{"embeddable":true,"href":"https:\/\/www.euro-soft.pl\/w\/wp-json\/wp\/v2\/media\/366"}],"wp:attachment":[{"href":"https:\/\/www.euro-soft.pl\/w\/wp-json\/wp\/v2\/media?parent=367"}],"wp:term":[{"taxonomy":"category","embeddable":true,"href":"https:\/\/www.euro-soft.pl\/w\/wp-json\/wp\/v2\/categories?post=367"},{"taxonomy":"post_tag","embeddable":true,"href":"https:\/\/www.euro-soft.pl\/w\/wp-json\/wp\/v2\/tags?post=367"}],"curies":[{"name":"wp","href":"https:\/\/api.w.org\/{rel}","templated":true}]}}