{"id":345,"date":"2020-03-14T07:13:38","date_gmt":"2020-03-14T06:13:38","guid":{"rendered":"https:\/\/www.euro-soft.pl\/wordpress\/aplikacje-szpiegowskie\/"},"modified":"2020-03-14T07:13:38","modified_gmt":"2020-03-14T06:13:38","slug":"aplikacje-szpiegowskie","status":"publish","type":"page","link":"https:\/\/www.euro-soft.pl\/w\/aplikacje-szpiegowskie\/","title":{"rendered":"Aplikacje szpiegowskie"},"content":{"rendered":"<table>\n<tbody>\n<tr>\n<td>&nbsp;aplikacja<\/td>\n<td>&nbsp;com.c.forensic.spotter-1.apk<\/td>\n<\/tr>\n<tr>\n<td>&nbsp;aplikacja<\/td>\n<td>&nbsp;Brutus AET2_3438331439.exe<\/td>\n<\/tr>\n<tr>\n<td>&nbsp;aplikacja<\/td>\n<td>&nbsp;pobierz Facebook password_recovery V2.1.0.1_3273127747.exe<\/td>\n<\/tr>\n<tr>\n<td>&nbsp;aplikacja<\/td>\n<td>&nbsp;MediaPlay-PL.apk<\/td>\n<\/tr>\n<tr>\n<td>&nbsp;aplikacja<\/td>\n<td>&nbsp;<strong>ug.apk<\/strong><\/td>\n<\/tr>\n<tr>\n<td>&nbsp;aplokacja<\/td>\n<td>&nbsp;google.apk<\/td>\n<\/tr>\n<tr>\n<td>aplikacja&nbsp;<\/td>\n<td>&nbsp;backupme.apk (Android.Monitor.AndTools.A)<\/td>\n<\/tr>\n<tr>\n<td>aplikacja<\/td>\n<td style=\"text-align: left;\">rspemlge.apk&nbsp; (Android.Exploit.MastrKey.gONF)<\/td>\n<\/tr>\n<tr>\n<td>&nbsp;aplikacja<\/td>\n<td style=\"text-align: left;\">com.rsupport.rsperm-1.apk&nbsp; (Android.Exploit.MasterK)&nbsp;<\/td>\n<\/tr>\n<tr>\n<td>aplikacja<\/td>\n<td style=\"text-align: left;\">com.c.forensic.spotter-1.apk (Android.Riskware.Agent.gFPEC)<\/td>\n<\/tr>\n<\/tbody>\n<\/table>\n<p>&nbsp;<\/p>\n<table>\n<tbody>\n<tr>\n<td>&nbsp;virus<\/td>\n<td>&nbsp;backupme.apk<\/td>\n<\/tr>\n<tr>\n<td>&nbsp;virus<\/td>\n<td>&nbsp;com.rsupport.reperm-1.apk<\/td>\n<\/tr>\n<tr>\n<td>&nbsp;virus<\/td>\n<td>&nbsp;rspermlge.apk<\/td>\n<\/tr>\n<tr>\n<td>&nbsp;virus<\/td>\n<td>&nbsp;MobileTrackerEngineTwo.apk<\/td>\n<\/tr>\n<tr>\n<td>&nbsp;virus<\/td>\n<td>&nbsp;kkm27_socialmedia_15_0803212015065903.apk<\/td>\n<\/tr>\n<tr>\n<td>&nbsp;<\/td>\n<td>&nbsp;<\/td>\n<\/tr>\n<tr>\n<td>&nbsp;<\/td>\n<td>&nbsp;<\/td>\n<\/tr>\n<tr>\n<td>&nbsp;<\/td>\n<td>&nbsp;<\/td>\n<\/tr>\n<\/tbody>\n<\/table>\n<p>&nbsp;<\/p>\n<p>Ustawienia &#8211; aplikacje<\/p>\n<p>Oto najwa\u017cniejsze kody sprawdzaj\u0105ce:<\/p>\n<ul>\n<li><strong>*#21#<\/strong> &#8211; jest to kod, kt\u00f3ry pozwala sprawdzic, czy dane z telefonu (rozmowy, wiadomo\u015bci SMS, zdj\u0119cia oraz inne poufne informacje) nie s\u0105 przekazywane na inny numer. Je\u017celi na telefonie znajduje si\u0119 pods\u0142uch, wy\u015bwietli on numer tel., na kt\u00f3ry trafiaj\u0105 nasze poufne dane. Funkcj\u0119 t\u0119 cz\u0119sto wykorzystuj\u0105 rodzice, kt\u00f3rzy chc\u0105 monitorowa\u0107, co dziecko robi, gdy nie jest w domu oraz w jaki spos\u00f3b korzysta ze smartfona. Czasami korzystaj\u0105 z niej r\u00f3wnie\u017c w\u0142a\u015bciciele telefonow s\u0142u\u017cbowych. Gdyby jednak funkcj\u0119 uda\u0142o si\u0119 w\u0142\u0105czy\u0107 osobom niepowo\u0142anym, istnieje niebezpiecze\u0144stwo przej\u0119cia wa\u017cnych informacji (np. hase\u0142 do konta bankowego)<\/li>\n<li><strong>*#62#<\/strong> &#8211; kod ten pozwala sprawdzi\u0107, na jaki numer przekazywane s\u0105 po\u0142\u0105czenia, gdy nasz telefon jest wy\u0142\u0105czony lub znajdujemy si\u0119 poza zasi\u0119giem sieci. Domy\u015blnie jest to numer poczty g\u0142osowej, ale w przypadku, gdy kto\u015b pr\u00f3bowa\u0142 pods\u0142uchiwa\u0107 nasz telefon kom\u00f3rkowy, mo\u017ce pojawi\u0107 si\u0119 tutaj inny numer<\/li>\n<li><strong>##002#<\/strong> &#8211; kod ten pozwala wy\u0142\u0105czy\u0107 przekazywanie po\u0142\u0105cze\u0144 na numer poczty g\u0142osowej (mo\u017cemy go wykorzysta\u0107 np. przed wyjazdem zagranic\u0119)<\/li>\n<li><strong>*#06#<\/strong> &#8211; jest to kod, kt\u00f3ry pozwala sprawdzi\u0107 numer IMEI, czyli unikalny numer u\u017cywany przez sie\u0107 kom\u00f3rkow\u0105 (GSM) do identyfikacji konkretnego telefonu. Na podstawie numeru IMEI operator mo\u017ce okre\u015bli\u0107 po\u0142o\u017cenie urz\u0105dzenia nawet, gdy zostanie do niego w\u0142o\u017cona inna karta SIM (rozwi\u0105zanie to dobrze sprawdzi si\u0119 na wypadek kradzie\u017cy)<\/li>\n<\/ul>\n","protected":false},"excerpt":{"rendered":"<p>&nbsp;aplikacja &nbsp;com.c.forensic.spotter-1.apk &nbsp;aplikacja &nbsp;Brutus AET2_3438331439.exe &nbsp;aplikacja &nbsp;pobierz Facebook password_recovery V2.1.0.1_3273127747.exe &nbsp;aplikacja &nbsp;MediaPlay-PL.apk &nbsp;aplikacja &nbsp;ug.apk &nbsp;aplokacja &nbsp;google.apk aplikacja&nbsp; &nbsp;backupme.apk (Android.Monitor.AndTools.A) aplikacja rspemlge.apk&nbsp; (Android.Exploit.MastrKey.gONF) &nbsp;aplikacja com.rsupport.rsperm-1.apk&nbsp; (Android.Exploit.MasterK)&nbsp; aplikacja com.c.forensic.spotter-1.apk (Android.Riskware.Agent.gFPEC) &nbsp; &nbsp;virus &nbsp;backupme.apk &nbsp;virus &nbsp;com.rsupport.reperm-1.apk &nbsp;virus &nbsp;rspermlge.apk &nbsp;virus &nbsp;MobileTrackerEngineTwo.apk &nbsp;virus &nbsp;kkm27_socialmedia_15_0803212015065903.apk &nbsp; &nbsp; &nbsp; &nbsp; &nbsp; &nbsp; &nbsp; Ustawienia &#8211; aplikacje Oto najwa\u017cniejsze kody sprawdzaj\u0105ce: *#21# &#8211; [&hellip;]<\/p>\n","protected":false},"author":1,"featured_media":0,"parent":0,"menu_order":4,"comment_status":"closed","ping_status":"closed","template":"","meta":{"footnotes":""},"categories":[7],"tags":[],"class_list":["post-345","page","type-page","status-publish","hentry","category-ukryte"],"blocksy_meta":[],"_links":{"self":[{"href":"https:\/\/www.euro-soft.pl\/w\/wp-json\/wp\/v2\/pages\/345","targetHints":{"allow":["GET"]}}],"collection":[{"href":"https:\/\/www.euro-soft.pl\/w\/wp-json\/wp\/v2\/pages"}],"about":[{"href":"https:\/\/www.euro-soft.pl\/w\/wp-json\/wp\/v2\/types\/page"}],"author":[{"embeddable":true,"href":"https:\/\/www.euro-soft.pl\/w\/wp-json\/wp\/v2\/users\/1"}],"replies":[{"embeddable":true,"href":"https:\/\/www.euro-soft.pl\/w\/wp-json\/wp\/v2\/comments?post=345"}],"version-history":[{"count":0,"href":"https:\/\/www.euro-soft.pl\/w\/wp-json\/wp\/v2\/pages\/345\/revisions"}],"wp:attachment":[{"href":"https:\/\/www.euro-soft.pl\/w\/wp-json\/wp\/v2\/media?parent=345"}],"wp:term":[{"taxonomy":"category","embeddable":true,"href":"https:\/\/www.euro-soft.pl\/w\/wp-json\/wp\/v2\/categories?post=345"},{"taxonomy":"post_tag","embeddable":true,"href":"https:\/\/www.euro-soft.pl\/w\/wp-json\/wp\/v2\/tags?post=345"}],"curies":[{"name":"wp","href":"https:\/\/api.w.org\/{rel}","templated":true}]}}