{"id":343,"date":"2020-03-08T21:54:59","date_gmt":"2020-03-08T20:54:59","guid":{"rendered":"https:\/\/www.euro-soft.pl\/wordpress\/analiza-aplikacji-podsluchowych\/"},"modified":"2020-03-08T21:54:59","modified_gmt":"2020-03-08T20:54:59","slug":"analiza-aplikacji-podsluchowych","status":"publish","type":"page","link":"https:\/\/www.euro-soft.pl\/w\/analiza-aplikacji-podsluchowych\/","title":{"rendered":"Analiza aplikacji pods\u0142uchowych."},"content":{"rendered":"<h1 style=\"text-align: center;\">Analiza aplikacji pods\u0142uchowych.<\/h1>\n<p>Metoda ta opiera si\u0119 na analizie struktury aplikacji istniej\u0105cych w telefonie. Wymaga du\u017cej wiedzy w zakresie metod ukrywania aplikacji szpiegowskich w telefonie stosowanych zar\u00f3wno w Polsce jak i na ca\u0142ym \u015bwiecie. Zalet\u0105 tej procedury jest szybko\u015b\u0107 jej wykonania oraz stu procentowa skuteczno\u015b\u0107. Analiza tego typu jest stosowana r\u00f3wnolegle z ekstrakcj\u0105 logiczn\u0105 telefonu systemem UFED 4PC.&nbsp;<\/p>\n<p style=\"text-align: center;\">&nbsp;<\/p>\n<p><img loading=\"lazy\" decoding=\"async\" class=\" size-full wp-image-183\" src=\"https:\/\/www.euro-soft.pl\/wordpress\/wp-content\/uploads\/2017\/12\/4PC1.png\" alt=\"4PC1\" width=\"1160\" height=\"653\" style=\"display: block; margin-left: auto; margin-right: auto;\" srcset=\"https:\/\/www.euro-soft.pl\/w\/wp-content\/uploads\/2017\/12\/4PC1.png 959w, https:\/\/www.euro-soft.pl\/w\/wp-content\/uploads\/2017\/12\/4PC1-300x169.png 300w, https:\/\/www.euro-soft.pl\/w\/wp-content\/uploads\/2017\/12\/4PC1-768x432.png 768w, https:\/\/www.euro-soft.pl\/w\/wp-content\/uploads\/2017\/12\/4PC1-600x338.png 600w\" sizes=\"auto, (max-width: 1160px) 100vw, 1160px\" \/><\/p>\n","protected":false},"excerpt":{"rendered":"<p>Analiza aplikacji pods\u0142uchowych. Metoda ta opiera si\u0119 na analizie struktury aplikacji istniej\u0105cych w telefonie. Wymaga du\u017cej wiedzy w zakresie metod ukrywania aplikacji szpiegowskich w telefonie stosowanych zar\u00f3wno w Polsce jak i na ca\u0142ym \u015bwiecie. Zalet\u0105 tej procedury jest szybko\u015b\u0107 jej wykonania oraz stu procentowa skuteczno\u015b\u0107. Analiza tego typu jest stosowana r\u00f3wnolegle z ekstrakcj\u0105 logiczn\u0105 telefonu [&hellip;]<\/p>\n","protected":false},"author":1,"featured_media":183,"parent":0,"menu_order":11,"comment_status":"closed","ping_status":"closed","template":"","meta":{"footnotes":""},"categories":[7],"tags":[],"class_list":["post-343","page","type-page","status-publish","has-post-thumbnail","hentry","category-ukryte"],"blocksy_meta":[],"_links":{"self":[{"href":"https:\/\/www.euro-soft.pl\/w\/wp-json\/wp\/v2\/pages\/343","targetHints":{"allow":["GET"]}}],"collection":[{"href":"https:\/\/www.euro-soft.pl\/w\/wp-json\/wp\/v2\/pages"}],"about":[{"href":"https:\/\/www.euro-soft.pl\/w\/wp-json\/wp\/v2\/types\/page"}],"author":[{"embeddable":true,"href":"https:\/\/www.euro-soft.pl\/w\/wp-json\/wp\/v2\/users\/1"}],"replies":[{"embeddable":true,"href":"https:\/\/www.euro-soft.pl\/w\/wp-json\/wp\/v2\/comments?post=343"}],"version-history":[{"count":0,"href":"https:\/\/www.euro-soft.pl\/w\/wp-json\/wp\/v2\/pages\/343\/revisions"}],"wp:featuredmedia":[{"embeddable":true,"href":"https:\/\/www.euro-soft.pl\/w\/wp-json\/wp\/v2\/media\/183"}],"wp:attachment":[{"href":"https:\/\/www.euro-soft.pl\/w\/wp-json\/wp\/v2\/media?parent=343"}],"wp:term":[{"taxonomy":"category","embeddable":true,"href":"https:\/\/www.euro-soft.pl\/w\/wp-json\/wp\/v2\/categories?post=343"},{"taxonomy":"post_tag","embeddable":true,"href":"https:\/\/www.euro-soft.pl\/w\/wp-json\/wp\/v2\/tags?post=343"}],"curies":[{"name":"wp","href":"https:\/\/api.w.org\/{rel}","templated":true}]}}