{"id":311,"date":"2020-02-05T09:05:47","date_gmt":"2020-02-05T08:05:47","guid":{"rendered":"https:\/\/www.euro-soft.pl\/wordpress\/mini-dyktafon-ks-40\/"},"modified":"2025-10-21T09:34:46","modified_gmt":"2025-10-21T07:34:46","slug":"mini-dyktafon-ks-40","status":"publish","type":"page","link":"https:\/\/www.euro-soft.pl\/w\/mini-dyktafon-ks-40\/","title":{"rendered":"Dyktafon KS-40"},"content":{"rendered":"<h1 style=\"text-align: center;\">Nini dyktafon KS-40<\/h1>\n<h1 style=\"text-align: center;\">Dane techniczne<\/h1>\n<p style=\"text-align: center;\"><img loading=\"lazy\" decoding=\"async\" class=\" size-full wp-image-306\" src=\"https:\/\/www.euro-soft.pl\/wordpress\/wp-content\/uploads\/2020\/02\/Dyktafon_KS40.jpg\" alt=\"Dyktafon KS40\" width=\"753\" height=\"311\" srcset=\"https:\/\/www.euro-soft.pl\/w\/wp-content\/uploads\/2020\/02\/Dyktafon_KS40.jpg 753w, https:\/\/www.euro-soft.pl\/w\/wp-content\/uploads\/2020\/02\/Dyktafon_KS40-300x124.jpg 300w, https:\/\/www.euro-soft.pl\/w\/wp-content\/uploads\/2020\/02\/Dyktafon_KS40-600x248.jpg 600w\" sizes=\"auto, (max-width: 753px) 100vw, 753px\" \/><\/p>\n<p style=\"text-align: center;\"><img loading=\"lazy\" decoding=\"async\" class=\" size-full wp-image-307\" src=\"https:\/\/www.euro-soft.pl\/wordpress\/wp-content\/uploads\/2020\/02\/40.png\" alt=\"Mini dyktafon czas nagrywania\" width=\"203\" height=\"200\" srcset=\"https:\/\/www.euro-soft.pl\/w\/wp-content\/uploads\/2020\/02\/40.png 203w, https:\/\/www.euro-soft.pl\/w\/wp-content\/uploads\/2020\/02\/40-100x100.png 100w\" sizes=\"auto, (max-width: 203px) 100vw, 203px\" \/><img loading=\"lazy\" decoding=\"async\" class=\" size-full wp-image-308\" src=\"https:\/\/www.euro-soft.pl\/wordpress\/wp-content\/uploads\/2020\/02\/70.png\" alt=\"Mini dyktafon pojemno\u015b\u0107 pami\u0119ci\" width=\"203\" height=\"200\" srcset=\"https:\/\/www.euro-soft.pl\/w\/wp-content\/uploads\/2020\/02\/70.png 203w, https:\/\/www.euro-soft.pl\/w\/wp-content\/uploads\/2020\/02\/70-100x100.png 100w\" sizes=\"auto, (max-width: 203px) 100vw, 203px\" \/><\/p>\n<div style=\"text-align: center;\"><a href=\"https:\/\/www.podsluchy.pl\/joomla\/\"><img loading=\"lazy\" decoding=\"async\" class=\" size-full wp-image-299\" src=\"https:\/\/www.euro-soft.pl\/wordpress\/wp-content\/uploads\/2020\/02\/pliki.png\" alt=\"pliki z kontrol\u0105 dost\u0119pu\" width=\"605\" height=\"114\" srcset=\"https:\/\/www.euro-soft.pl\/w\/wp-content\/uploads\/2020\/02\/pliki.png 605w, https:\/\/www.euro-soft.pl\/w\/wp-content\/uploads\/2020\/02\/pliki-300x57.png 300w, https:\/\/www.euro-soft.pl\/w\/wp-content\/uploads\/2020\/02\/pliki-600x113.png 600w\" sizes=\"auto, (max-width: 605px) 100vw, 605px\" \/><\/a><\/div>\n<div>Ka\u017cda nagrana rozmowa zapisana jest w pliku, kt\u00f3ry posiada informacje o dacie i dok\u0142adnej godzinie jego wykonania. Pozwala to na szybkie odnalezienia interesuj\u0105cego nas nagrania. W przypadku ustawienia ci\u0105g\u0142ego nagrywania tworzone s\u0105 pliki po cztery godziny. One tak\u017ce posiadaj\u0105 dat\u0119 i godzin\u0119 wykonania. Ponadto pliki cztero godzinne s\u0105 wygodniejsze w ods\u0142uchu.<\/div>\n<h2 class=\"center\" style=\"text-align: center;\">Przyk\u0142adowe kamufla\u017ce.<\/h2>\n<div class=\"center\" style=\"text-align: center;\">&nbsp;<\/div>\n<div class=\"center\" style=\"text-align: center;\"><img loading=\"lazy\" decoding=\"async\" class=\" size-full wp-image-300\" src=\"https:\/\/www.euro-soft.pl\/wordpress\/wp-content\/uploads\/2020\/02\/kamuflaz_w_kontroli_odczytu.png\" alt=\"kamufla\u017c w kontroli odczytu\" width=\"680\" height=\"170\" srcset=\"https:\/\/www.euro-soft.pl\/w\/wp-content\/uploads\/2020\/02\/kamuflaz_w_kontroli_odczytu.png 680w, https:\/\/www.euro-soft.pl\/w\/wp-content\/uploads\/2020\/02\/kamuflaz_w_kontroli_odczytu-300x75.png 300w, https:\/\/www.euro-soft.pl\/w\/wp-content\/uploads\/2020\/02\/kamuflaz_w_kontroli_odczytu-600x150.png 600w\" sizes=\"auto, (max-width: 680px) 100vw, 680px\" \/><\/div>\n<div style=\"text-align: center;\"><iframe loading=\"lazy\" src=\"https:\/\/www.youtube.com\/embed\/8XHUHK3f7qE\" width=\"1000\" height=\"300\" frameborder=\"0\" allow=\"accelerometer; autoplay; encrypted-media; gyroscope; picture-in-picture\" allowfullscreen=\"\"><\/iframe><\/div>\n<h2 style=\"text-align: center;\">Informacje eksploatacyjne.<\/h2>\n<p style=\"text-align: justify;\"><span style=\"font-size: 12pt;\"><strong>Dyktafon KS40<\/strong> <\/span><span style=\"font-size: 12pt;\">przeznaczony jest do nagrywania rozm\u00f3w bezpo\u015brednich oraz do nagrywania w pomieszczeniach w cyklu dziennym. Czas zapisu na mini dyktafonie przy w pe\u0142ni na\u0142adowanym akumulatorze to 40 godzin nagrania.&nbsp;&nbsp;<\/span><span style=\"font-size: 12pt;\">Ka\u017cdy cztero godzinny plik fonii&nbsp;posiada datowanie co oznacza \u017ce w sowiej nazwie plik posiada informacje o dacie i godzinie jego wykonania. Ta informacja pozwala na szybk\u0105 preselekcje nagra\u0144 podlegaj\u0105cych ods\u0142uchowi z mini dyktafonu.&nbsp;<\/span><span style=\"font-size: 12pt;\">\u0141adowanie akumulatora odbywa si\u0119 w momencie pod\u0142\u0105czenia rejestratora do PC lub innego gniazda USB (np. \u0142adowarka do kom\u00f3rki).<\/span><\/p>\n<p style=\"text-align: justify;\"><span style=\"font-size: 12pt;\">Nagranie wykonane z u\u017cyciem mini dyktafonu odczytuje standardowy program istniej\u0105cy na komputerze jako dodatek do systemu operacyjnego Windows (Media Player). Do szybkiej obr\u00f3bki wykonanych nagra\u0144 rekomendujemy program WavePad. Jest to darmowa aplikacja do pobrania&nbsp; w wersji Polsko j\u0119zycznej. Pozwala ona na szybkie dotarcie do tre\u015bci zapisanej w konkretnej godzinie. Przes\u00f3waj\u0105c linijk\u0119 widzimy akustyczn\u0105 modulacje wykonanego nagrania nagrania. Pozwala to na wyeliminowanie w ods\u0142uchu ciszy. Program umo\u017cliwia poprawianie jako\u015bci nagrania&nbsp; a to znaczy odszumowania i wzmacniania element\u00f3w s\u0142abiej s\u0142yszalnych.<\/span><\/p>\n<h3 style=\"text-align: center;\">Por\u00f3wnania KS280 z KP320<\/h3>\n<p style=\"text-align: justify;\"><span style=\"font-size: 12pt;\">Poni\u017cej prezentujemy nagrania wykonane jednocze\u015bnie na dw\u00f3ch mini rejestratorach. Pierwszy to mini rejestrator KS-280 nagrywaj\u0105cy w standardzie WAV. Drugi mini dyktafon u\u017cyty do tego do\u015bwiadczenie to KP-320 nagrywaj\u0105cy w sardanie mp3.<\/span><\/p>\n<p style=\"text-align: center;\"><img loading=\"lazy\" decoding=\"async\" class=\" size-full wp-image-309\" src=\"https:\/\/www.euro-soft.pl\/wordpress\/wp-content\/uploads\/2020\/02\/mini_dyktafon_wav.jpg\" alt=\"mini dyktafon wav\" title=\"zapis nagrania por\u00f3wnawczego w standarcie wav\" width=\"598\" height=\"358\" srcset=\"https:\/\/www.euro-soft.pl\/w\/wp-content\/uploads\/2020\/02\/mini_dyktafon_wav.jpg 598w, https:\/\/www.euro-soft.pl\/w\/wp-content\/uploads\/2020\/02\/mini_dyktafon_wav-300x180.jpg 300w\" sizes=\"auto, (max-width: 598px) 100vw, 598px\" \/>&nbsp;<\/p>\n<p style=\"text-align: center;\"><img loading=\"lazy\" decoding=\"async\" class=\" size-full wp-image-310\" src=\"https:\/\/www.euro-soft.pl\/wordpress\/wp-content\/uploads\/2020\/02\/mini_dyktafon_wav1.jpg\" alt=\"mini dyktafon wav1\" title=\"zapis nagrania por\u00f3wnawczego w standarcie mp3\" width=\"601\" height=\"359\" srcset=\"https:\/\/www.euro-soft.pl\/w\/wp-content\/uploads\/2020\/02\/mini_dyktafon_wav1.jpg 601w, https:\/\/www.euro-soft.pl\/w\/wp-content\/uploads\/2020\/02\/mini_dyktafon_wav1-300x179.jpg 300w\" sizes=\"auto, (max-width: 601px) 100vw, 601px\" \/><\/p>\n<p style=\"text-align: center;\"><span style=\"font-size: 12pt; color: #000000;\">Zapis&nbsp; g\u0142osu zosta\u0142 wykonany jednocze\u015bnie na obu mini dyktafonach w tych samych warunkach akustycznych.<\/span><\/p>\n<p style=\"text-align: center;\">&nbsp;<\/p>\n<p style=\"text-align: justify;\"><span style=\"font-size: 12pt; color: #000000;\">Wykonane nagrania wskazuj\u0105 jednoznacznie \u017ce <a href=\"https:\/\/mini-dyktafon.podsluch.pl\/index.php\/produkt\/mini-dyktafon-kp-320\/\">mini dyktafon KP-320<\/a> nagrywaj\u0105cy w standardzie mp3 gwarantuje wy\u017csz\u0105 jako\u015b\u0107 nagrania. Wy\u017csza jako\u015b\u0107 nagrania poci\u0105ga za sob\u0105 konieczno\u015b\u0107 zapewnienia wy\u017cszej pojemno\u015bci pami\u0119ci oraz konieczno\u015b\u0107 stosowania \u017ar\u00f3de\u0142 zasilania o wy\u017cszej pojemno\u015bci. Mini dyktafon produkowany w Euro-Soft pozwala na nagranie rozmowy bezpo\u015bredniej trawi\u0105cej ok. 5 godziny w standardzie mp3.<\/span><\/p>\n<p style=\"text-align: center;\"><span style=\"font-size: 12pt;\"><a href=\"https:\/\/www.euro-soft.pl\/w\/sklep\/\" title=\"mini dyktafony\"><span style=\"color: #000000;\"><img loading=\"lazy\" decoding=\"async\" src=\"images\/Dyktafon\/Untitled_14.jpg\" alt=\"Mini dyktafon\" width=\"105\" height=\"264\" title=\"Mini dyktafon pe\u0142na oferta\" \/><img loading=\"lazy\" decoding=\"async\" src=\"images\/Dyktafon\/Untitled_2.jpg\" alt=\"Mini dyktafon \" width=\"143\" height=\"203\" title=\"Mini dyktafon pe\u0142na oferta \" \/><img loading=\"lazy\" decoding=\"async\" src=\"images\/Dyktafon\/Untitled_4.jpg\" alt=\"mini dyktafon\" width=\"105\" height=\"264\" title=\"Mini dyktafon pe\u0142na oferta\" \/><img loading=\"lazy\" decoding=\"async\" src=\"images\/Dyktafon\/Untitled_6.jpg\" alt=\"mini dyktafon\" width=\"95\" height=\"163\" title=\"Mini dyktafon pe\u0142na oferta\" \/><img loading=\"lazy\" decoding=\"async\" src=\"images\/Dyktafon\/Untitled_11.jpg\" alt=\"mini dyktafon\" width=\"104\" height=\"265\" title=\"Mini dyktafon pe\u0142na oferta\" \/><\/span><\/a><\/span><\/p>\n<p style=\"text-align: center;\"><span style=\"font-size: 12pt; color: #000000;\">Po klikni\u0119ciu w powy\u017csze zdj\u0119cie zostaniesz przekierowany na stron\u0119 z pe\u0142n\u0105 ofert\u0105 mini dyktafon\u00f3w.<\/span><\/p>\n<p style=\"text-align: justify;\"><span style=\"font-size: 12pt;\">Oferowane&nbsp;<span style=\"font-family: arial, helvetica, sans-serif;\">mini dyktafony<\/span>&nbsp;r\u00f3\u017cni si\u0119 gabarytem, czasem nagrywania (od 20 do 280 godzin), umiejscowieniem mikrofonu,&nbsp;zamontowanym magnesu neodymowego do szybkiego mocowania oraz standarte zapisu.. Na uwag\u0119 zas\u0142uguje fakt \u017ce te dyktafony bywaj\u0105 cz\u0119sto wykorzystywany przez agencje detektywistyczne w ca\u0142ej Polsce. Ka\u017cdy model mini dyktafonu mo\u017ce by\u0107 skonfigurowany zgodnie z \u017cyczeniem zamawiaj\u0105cego. Dyktafon pozwala na&nbsp;rejestracje rozm\u00f3w bezpo\u015brednich jak r\u00f3wnie\u017c na rejestracje w d\u0142ugich okresach czasowych si\u0119gaj\u0105cych okresu&nbsp;11 dni.&nbsp; <\/span><\/p>\n<p style=\"text-align: justify;\"><span style=\"font-size: 12pt;\">Do&nbsp;&nbsp;ka\u017cdego dyktafonu mo\u017cna zainstalowa\u0107 zewn\u0119trzny mikrofon&nbsp; o d\u0142ugo\u015bci nawet jednego metra.&nbsp; Pos\u0142uguj\u0105c si\u0119 dyktafonami nale\u017cy pami\u0119ta\u0107 \u017ce nagrywanie rozm\u00f3w w kt\u00f3rych bierzemy udzia\u0142 jest zgodne&nbsp;z przepisami prawa. W takim przypadku mo\u017cemy powiedzie\u0107 \u017ce nagrywamy w\u0142asne wypowiedzi a nagrywanie jest po to aby wsp\u00f3\u0142rozm\u00f3wce nie m\u00f3g\u0142 nam zarzuci\u0107 czego\u015b czego nie&nbsp; powiedzieli\u015bmy. Nagrywanie rozm\u00f3w innych os\u00f3b mo\u017ce by\u0107 zakwestionowane przez prawnika strony przeciwnej.<\/span><\/p>\n<p style=\"text-align: center;\"><a href=\"https:\/\/wavepad.softonic.pl\/\"><img loading=\"lazy\" decoding=\"async\" src=\"images\/Dyktafon\/kontrola_odczytu.png\" alt=\"kontrola odczytu\" width=\"512\" height=\"233\" \/><\/a>&nbsp;<\/p>\n<div id=\"\u201dEuro-Soft\u201d\" class=\"\u201dEuro-Soft\u201d\" style=\"text-align: center;\"><a href=\"https:\/\/www.google.pl\/maps\/place\/Wykrywanie+pods%C5%82uch%C3%B3w.+Wykrywanie+GPS.+Mikro+s%C5%82uchawka.+Odczyt+skasowanych+SMS.+Mini+dyktafon.\/@52.2625283,20.9274352,18z\/data=!4m8!1m2!2m1!1seuro-soft!3m4!1s0x471eca52b70fc705:0x58672abdf1891ccb!8m2!3d52.2627112!4d20.92806\"><img loading=\"lazy\" decoding=\"async\" src=\"images\/Dyktafon\/dyktafon_og\u0142oszenie.png\" alt=\"dyktafony og\u0142oszenie\" width=\"560\" height=\"146\" \/><\/a><\/div>\n","protected":false},"excerpt":{"rendered":"<p>Nini dyktafon KS-40 Dane techniczne Ka\u017cda nagrana rozmowa zapisana jest w pliku, kt\u00f3ry posiada informacje o dacie i dok\u0142adnej godzinie jego wykonania. Pozwala to na szybkie odnalezienia interesuj\u0105cego nas nagrania. W przypadku ustawienia ci\u0105g\u0142ego nagrywania tworzone s\u0105 pliki po cztery godziny. One tak\u017ce posiadaj\u0105 dat\u0119 i godzin\u0119 wykonania. Ponadto pliki cztero godzinne s\u0105 wygodniejsze w [&hellip;]<\/p>\n","protected":false},"author":1,"featured_media":306,"parent":0,"menu_order":9,"comment_status":"closed","ping_status":"closed","template":"","meta":{"footnotes":""},"categories":[7],"tags":[],"class_list":["post-311","page","type-page","status-publish","has-post-thumbnail","hentry","category-ukryte"],"blocksy_meta":[],"_links":{"self":[{"href":"https:\/\/www.euro-soft.pl\/w\/wp-json\/wp\/v2\/pages\/311","targetHints":{"allow":["GET"]}}],"collection":[{"href":"https:\/\/www.euro-soft.pl\/w\/wp-json\/wp\/v2\/pages"}],"about":[{"href":"https:\/\/www.euro-soft.pl\/w\/wp-json\/wp\/v2\/types\/page"}],"author":[{"embeddable":true,"href":"https:\/\/www.euro-soft.pl\/w\/wp-json\/wp\/v2\/users\/1"}],"replies":[{"embeddable":true,"href":"https:\/\/www.euro-soft.pl\/w\/wp-json\/wp\/v2\/comments?post=311"}],"version-history":[{"count":1,"href":"https:\/\/www.euro-soft.pl\/w\/wp-json\/wp\/v2\/pages\/311\/revisions"}],"predecessor-version":[{"id":687,"href":"https:\/\/www.euro-soft.pl\/w\/wp-json\/wp\/v2\/pages\/311\/revisions\/687"}],"wp:featuredmedia":[{"embeddable":true,"href":"https:\/\/www.euro-soft.pl\/w\/wp-json\/wp\/v2\/media\/306"}],"wp:attachment":[{"href":"https:\/\/www.euro-soft.pl\/w\/wp-json\/wp\/v2\/media?parent=311"}],"wp:term":[{"taxonomy":"category","embeddable":true,"href":"https:\/\/www.euro-soft.pl\/w\/wp-json\/wp\/v2\/categories?post=311"},{"taxonomy":"post_tag","embeddable":true,"href":"https:\/\/www.euro-soft.pl\/w\/wp-json\/wp\/v2\/tags?post=311"}],"curies":[{"name":"wp","href":"https:\/\/api.w.org\/{rel}","templated":true}]}}