{"id":227,"date":"2018-03-20T17:23:52","date_gmt":"2018-03-20T16:23:52","guid":{"rendered":"https:\/\/www.euro-soft.pl\/wordpress\/podsluch-telefonu-dziecka\/"},"modified":"2025-12-10T15:45:45","modified_gmt":"2025-12-10T14:45:45","slug":"podsluch-telefonu-dziecka","status":"publish","type":"page","link":"https:\/\/www.euro-soft.pl\/w\/podsluch-telefonu-dziecka\/","title":{"rendered":"Pods\u0142uch telefonu dziecka"},"content":{"rendered":"<h1 style=\"text-align: center;\">Pods\u0142uch telefonu dziecka &#8211; Kontrola rodzicielska<\/h1>\n<p style=\"text-align: center;\"><img loading=\"lazy\" decoding=\"async\" class=\" size-full wp-image-216\" src=\"https:\/\/www.euro-soft.pl\/wordpress\/wp-content\/uploads\/2018\/03\/SPYONE.jpg\" alt=\"pods\u0142uch telefonu dziecka\" width=\"601\" height=\"219\" title=\"pods\u0142uch telefonu\" srcset=\"https:\/\/www.euro-soft.pl\/w\/wp-content\/uploads\/2018\/03\/SPYONE.jpg 601w, https:\/\/www.euro-soft.pl\/w\/wp-content\/uploads\/2018\/03\/SPYONE-300x109.jpg 300w\" sizes=\"auto, (max-width: 601px) 100vw, 601px\" \/><\/p>\n<p style=\"text-align: center;\">Pods\u0142uch&nbsp;telefonu umo\u017cliwia podgl\u0105d i ods\u0142uch ca\u0142ej aktywno\u015bci na stronie.<\/p>\n<p><strong>Pods\u0142uch telefonu<\/strong> to profesjonalne oprogramowanie przeznaczone do kontroli telefonu dziecka, program \u0142\u0105czy ze sob\u0105&nbsp;WSZYSTKIE&nbsp;mo\u017cliwe funkcje do monitorowania telefonu kom\u00f3rkowego. Dzi\u0119ki temu oprogramowaniu SpyOne jeste\u015bmy w stanie widzie\u0107 i s\u0142ysze\u0107 wszystko dooko\u0142a telefonu, a nawet mie\u0107 bezpo\u015bredni dost\u0119p do niego poprzez mo\u017cliwo\u015b\u0107 przegl\u0105dania danych w pami\u0119ci telefonu jak i widzie\u0107 obraz wy\u015bwietlany na \u017cywo z jego ekranu, jeste\u015bmy w stanie zareagowa\u0107 w ka\u017cdej sytuacji.&nbsp;Pods\u0142uch telefonu jest bardzo \u0142atwy do instalowana na telefonie kom\u00f3rkowym. Instalacja trwa ok. 2 minut.&nbsp;<\/p>\n<p style=\"text-align: center;\"><img loading=\"lazy\" decoding=\"async\" class=\" alignleft size-full wp-image-217\" src=\"https:\/\/www.euro-soft.pl\/wordpress\/wp-content\/uploads\/2018\/03\/telefonSpy.png\" alt=\"pods\u0142uch telefonu dziecka\" width=\"319\" height=\"200\" style=\"float: left;\" title=\"pods\u0142uch telefonu\" srcset=\"https:\/\/www.euro-soft.pl\/w\/wp-content\/uploads\/2018\/03\/telefonSpy.png 319w, https:\/\/www.euro-soft.pl\/w\/wp-content\/uploads\/2018\/03\/telefonSpy-300x188.png 300w\" sizes=\"auto, (max-width: 319px) 100vw, 319px\" \/><\/p>\n<p>Nale\u017cy pami\u0119ta\u0107 \u017ce <strong>pods\u0142uch telefonu<\/strong> mo\u017ce by\u0107&nbsp;zainstalowany po po\u017cyczeniu telefonu pod pretekstem &#8222;bo m\u00f3j si\u0119 roz\u0142adowa\u0142&#8221;. Nast\u0119pnie w innym pomieszczeniu lub toalecie wykonujemy ca\u0142\u0105 procedur\u0119 szybko i dane gromadzone w telefonie przesy\u0142ane s\u0105 automatycznie na stron\u0119 internetow\u0105 do kt\u00f3rej ma dost\u0119p tylko osoba kt\u00f3ra instalowa\u0142a oprogramowanie SpyOne.&nbsp;Pods\u0142uch telefonu dzia\u0142a na ca\u0142ym \u015bwiecie nie zale\u017cnie od miejsca gdzie osoba przebywa, potrzebne jest tylko po\u0142\u0105czenie internetowe. Pods\u0142uch telefonu SpyOne umo\u017cliwia przechwycenie informacji w czasie realnym. Mo\u017cna ogl\u0105da\u0107 obraz z obu kamer istniej\u0105cych w telefonie kom\u00f3rkowym.<\/p>\n<p class=\"clear-both\" style=\"text-align: center;\"><img loading=\"lazy\" decoding=\"async\" class=\" size-full wp-image-218\" src=\"https:\/\/www.euro-soft.pl\/wordpress\/wp-content\/uploads\/2018\/03\/pen.png\" alt=\"pods\u0142uch telefonu dziecka\" width=\"238\" height=\"117\" title=\"pods\u0142uch telefonu\" \/><\/p>\n<p style=\"text-align: center;\"><strong>Instalacje oprogramowania SpyOne wykonuje osoba zainteresowana samodzielnie<\/strong>. Oprogramowania przeznaczone jest do kontroli rodzicielskiej.<\/p>\n<p style=\"text-align: center;\">Dodatkowe informacje o&nbsp;SpyOne mo\u017cna uzyska\u0107 pod telefonem tel. 501-159-903<\/p>\n<h2>Pods\u0142uch telefonu pozwala na:<\/h2>\n<p><strong>NIEWIDOCZNA IKONA APLIKACJI<\/strong><\/p>\n<ul>\n<li>\n<p>ikona aplikacji nie widnieje w spisie menu telefonu kom\u00f3rkowego co czyni go ca\u0142kowicie ukrytym w telefonie<\/p>\n<\/li>\n<\/ul>\n<p><strong>NAGRYWANIE ROZM\u00d3W<\/strong><\/p>\n<ul>\n<li>\n<p>nagrywanie (dwustronne) wykonanych i odebranych rozm\u00f3w i wys\u0142anie plik\u00f3w na panel&nbsp;strony<\/p>\n<\/li>\n<\/ul>\n<p><strong>&nbsp;NAGRYWANIE OTOCZENIA<\/strong><\/p>\n<ul>\n<li>\n<p>nagrywanie z poziomu panelu www bez konieczno\u015bci wysy\u0142ania komend sms lub automatycznie po wcze\u015bniej ustawionych porach na panelu strony<\/p>\n<\/li>\n<\/ul>\n<p><strong>PODS\u0141UCH OTOCZENIA NA \u017bYWO<\/strong><\/p>\n<ul>\n<li>\n<p>pods\u0142uch telefonu na \u017cywo z dowolnego komputera, tabletu lub smartfona bez ograniczenia czasowego po klikni\u0119ciu zak\u0142adk\u0119 z panelu&nbsp;<\/p>\n<\/li>\n<\/ul>\n<p><strong>Pods\u0142uch rozm\u00f3w na \u017cywo<\/strong><\/p>\n<ul>\n<li>\n<p>pods\u0142uch telefonu na \u017cywo z dowolnego komputera, tabletu lub smartfona po klikni\u0119ciu zak\u0142adk\u0119 z panelu strony<\/p>\n<\/li>\n<\/ul>\n<p><strong>PODGL\u0104D Z KAMERY Z NAS\u0141UCHEM NA \u017bYWO<\/strong><\/p>\n<ul>\n<li>\n<p>podgl\u0105d i pods\u0142uch na \u017cywo z dowolnego komputera, tabletu lub smartfona po klikni\u0119ciu zak\u0142adk\u0119 z panelu www<\/p>\n<\/li>\n<\/ul>\n<p><strong>PODGL\u0104D VIDEO EKRANU<\/strong><\/p>\n<ul>\n<li>\n<p>podgl\u0105d z ekranu telefonu na \u017cywo z poziomu panelu strony<\/p>\n<\/li>\n<\/ul>\n<p><strong>KOPIA WIADOMO\u015aCI SMS i MMS<\/strong><\/p>\n<ul>\n<li>\n<p>kopia sms\u00f3w przychodz\u0105cych i wychodz\u0105cych na panel www<\/p>\n<\/li>\n<\/ul>\n<p><strong>KOPIA WIADOMO\u015aCI ZE SCHOWKA<\/strong><\/p>\n<ul>\n<li>\n<p>kopia wszystkich wiadomo\u015bci ze schowka telefonu<\/p>\n<\/li>\n<\/ul>\n<p><strong>KOPIA E-MAIL<\/strong><\/p>\n<ul>\n<li>\n<p>kopia wiadomo\u015bci przychodz\u0105cych i wychodz\u0105cych email (tylko na skrzynce gmail)<\/p>\n<\/li>\n<\/ul>\n<p><strong>KOMENDY SMS<\/strong><\/p>\n<ul>\n<li>\n<p>mo\u017cliwo\u015b\u0107 ustawienia na portalu w\u0142asn\u0105 tre\u015b\u0107 komend sms kt\u00f3re w\u0142\u0105cz\u0105 dan\u0105 funkcj\u0119<\/p>\n<\/li>\n<\/ul>\n<p><strong>ZDJ\u0118CIA<\/strong><\/p>\n<ul>\n<li>\n<p>kopia wykonanych zdj\u0119\u0107 na telefonie na panel www<\/p>\n<\/li>\n<\/ul>\n<p><strong>KOPIA PLIK\u00d3W Z TELEFONU<\/strong><\/p>\n<ul>\n<li>\n<p>dost\u0119p do plik\u00f3w telefonu z poziomu panelu strony<\/p>\n<\/li>\n<\/ul>\n<p>HISTORIA PO\u0141\u0104CZE\u0143<\/p>\n<ul>\n<li>\n<p>data, czas, numer telefonu, d\u0142ugo\u015b\u0107 rozmowy<\/p>\n<\/li>\n<\/ul>\n<p>&nbsp;KSI\u0104\u017bKA ADRESOWA<\/p>\n<ul>\n<li>\n<p>dost\u0119p do zapisanych numer\u00f3w telefon\u00f3w z nazw\u0105 kontaktu i zdj\u0119ciem<\/p>\n<\/li>\n<\/ul>\n<p>&nbsp;LOKALIZACJA GPS i BTS<\/p>\n<ul>\n<li>\n<p>lokalizacja telefonu z dok\u0142adno\u015bci\u0105 do 5 metr\u00f3w lub na podstawie stacji BTS<\/p>\n<\/li>\n<\/ul>\n<p>&nbsp;OGRODZENIE GPS<\/p>\n<ul>\n<li>\n<p>powiadomienie o przekroczonym obszarze<\/p>\n<\/li>\n<\/ul>\n<p>&nbsp;APLIKACJE NA TELEFONIE<\/p>\n<ul>\n<li>\n<p>podgl\u0105d zainstalowanych aplikacji na telefonie<\/p>\n<\/li>\n<\/ul>\n<p>&nbsp;BLOKOWANIE APLIKACJI, KONTAKT\u00d3W<\/p>\n<ul>\n<li>\n<p>blokada zainstalowanych aplikacji i zapisanych kontakt\u00f3w<\/p>\n<\/li>\n<\/ul>\n<p>&nbsp;HISTORIA WWW<\/p>\n<ul>\n<li>\n<p>rejestracja odwiedzonych stron internetowych<\/p>\n<\/li>\n<\/ul>\n<p>&nbsp;Whatsapp, Facebook, Messenger, Viber, Hike, Kik, Skype, Hangout, Line, Zolo, Instagram<\/p>\n<ul>\n<li>\n<p>wiadomo\u015bci z portali spo\u0142eczno\u015bciowych<\/p>\n<\/li>\n<\/ul>\n<p>&nbsp;Tinder<\/p>\n<ul>\n<li>\n<p>przychodz\u0105ce \/ wychodz\u0105ce informacje Tinder<\/p>\n<\/li>\n<\/ul>\n<p>&nbsp;Kontrola aplikacji Health<\/p>\n<ul>\n<li>\n<p>informacje z aplikacji Health \u2013 zliczanie kalorii, krok\u00f3w u\u017cytkownika itd.<\/p>\n<\/li>\n<\/ul>\n<p>&nbsp;WIFI w\u0142\/wy\u0142<\/p>\n<ul>\n<li>\n<p>zdalne w\u0142\u0105czenie lub wy\u0142\u0105czenie modu\u0142u wifi<\/p>\n<\/li>\n<\/ul>\n<p>&nbsp;WYKONANIE ZDJ\u0118\u0106 PRZ\u00d3D\/TY\u0141 APARATU<\/p>\n<ul>\n<li>\n<p>wykonywanie zdj\u0119\u0107 z poziomu panelu www bez konieczno\u015bci wysy\u0142ania komend sms lub automatycznie po wcze\u015bniej ustawionych porach na panelu www<\/p>\n<\/li>\n<\/ul>\n<p>ZRZUT EKRANU<\/p>\n<ul>\n<li>\n<p>wykonanie zrzutu ekranu z poziomu panelu www lub automatycznie po wcze\u015bniej ustawionych porach na panelu&nbsp;strony<\/p>\n<\/li>\n<\/ul>\n<p>WZ\u00d3R HAS\u0141A BLOKADY EKRANU ( root )<\/p>\n<ul>\n<li>\n<p>wz\u00f3r has\u0142a blokady do wgl\u0105du z panelu&nbsp;strony<\/p>\n<\/li>\n<\/ul>\n<p>POWIADOMIENIE ZMIANY KARTY SIM<\/p>\n<ul>\n<li>\n<p>Informacja o zmianie SIM na portalu www<\/p>\n<\/li>\n<\/ul>\n<p>&nbsp;ZABEZPIECZENIA<\/p>\n<ul>\n<li>\n<p>brak mo\u017cliwo\u015bci odinstalowania oprogramowania<\/p>\n<\/li>\n<\/ul>\n<p>KEYLOGGER*<\/p>\n<ul>\n<li>\n<p>Ta opcja daje nam mo\u017cliwo\u015b\u0107 przechwytywania wszelkich informacji z klawiatury telefonu tj. has\u0142a do stron internetowych, kont, e-maili i wszystkiego co osoba napisze na klawiaturze telefonu<br \/>( *opcja za dop\u0142at\u0105 w zale\u017cno\u015bci od systemu ANDROID )<\/p>\n<\/li>\n<\/ul>\n<p style=\"text-align: center;\"><span style=\"color: #565656;\"><img loading=\"lazy\" decoding=\"async\" class=\" size-full wp-image-219\" src=\"https:\/\/www.euro-soft.pl\/wordpress\/wp-content\/uploads\/2018\/03\/spy-oferta-6.png\" alt=\"pods\u0142uch telefonu dziecka\" title=\"pods\u0142uch telefonu\" width=\"1256\" height=\"489\" srcset=\"https:\/\/www.euro-soft.pl\/w\/wp-content\/uploads\/2018\/03\/spy-oferta-6.png 1256w, https:\/\/www.euro-soft.pl\/w\/wp-content\/uploads\/2018\/03\/spy-oferta-6-300x117.png 300w, https:\/\/www.euro-soft.pl\/w\/wp-content\/uploads\/2018\/03\/spy-oferta-6-1024x399.png 1024w, https:\/\/www.euro-soft.pl\/w\/wp-content\/uploads\/2018\/03\/spy-oferta-6-768x299.png 768w, https:\/\/www.euro-soft.pl\/w\/wp-content\/uploads\/2018\/03\/spy-oferta-6-600x234.png 600w\" sizes=\"auto, (max-width: 1256px) 100vw, 1256px\" \/><\/span><\/p>\n<p style=\"text-align: center;\">Pods\u0142uch telefonu w panel online pozwala na:<br \/>1. Ogl\u0105dania na ekranie komputera ekranu telefonu kom\u00f3rkowego.<br \/>2. Natychmiastowa lokalizacja telefonu.<br \/>3. Przechwytywanie video.<br \/>4. Przechwytywania audio.<br \/>5. Ogl\u0105danie obrazu z kamery z przodu telefonu.<br \/>6.&nbsp;Ogl\u0105danie obrazu z kamery z ty\u0142u telefonu.<br \/>7. Pods\u0142uch na \u017cywo.<br \/>8. Zrzuty z ekrany telefonu.<\/p>\n<p style=\"text-align: center;\">Wygl\u0105d&nbsp;panelu logowana SPYONE<\/p>\n<h2><img loading=\"lazy\" decoding=\"async\" class=\" size-full wp-image-220\" src=\"https:\/\/www.euro-soft.pl\/wordpress\/wp-content\/uploads\/2018\/03\/login.jpg\" alt=\"pods\u0142uch telefonu dziecka\" width=\"658\" height=\"430\" style=\"display: block; margin-left: auto; margin-right: auto;\" title=\"pods\u0142uch telefonu\" srcset=\"https:\/\/www.euro-soft.pl\/w\/wp-content\/uploads\/2018\/03\/login.jpg 658w, https:\/\/www.euro-soft.pl\/w\/wp-content\/uploads\/2018\/03\/login-300x196.jpg 300w, https:\/\/www.euro-soft.pl\/w\/wp-content\/uploads\/2018\/03\/login-600x392.jpg 600w\" sizes=\"auto, (max-width: 658px) 100vw, 658px\" \/>Logowanie&nbsp;<\/h2>\n<p>Przeznaczenie oprogramowania.<br \/>Pods\u0142uch telefonu&nbsp;SpyOne przeznaczony jest tylko&nbsp;dla rodzic\u00f3w&nbsp;zmuszonych do kontroli telefonu swoich dzieci.&nbsp;<br \/>Kwestie prawne i odpowiedzialno\u015b\u0107. Niew\u0142a\u015bciwe u\u017cytkowanie programu mo\u017ce narusza\u0107 prawo Art. 265, 266, 267 i 268 oraz 269b Kodeksu Karnego. Sprzedawca, dystrybutor i producent nie ponosz\u0105 odpowiedzialno\u015bci za niew\u0142a\u015bciwe lub niezgodne z prawem wykorzystywanie program\u00f3w. Programy nie mog\u0105 by\u0107 u\u017cyte do \u0142amania prawa. Programy nie naruszaj\u0105 warunk\u00f3w licencyjnych innego oprogramowania.<\/p>\n<p style=\"text-align: center;\"><img loading=\"lazy\" decoding=\"async\" class=\" size-full wp-image-221\" src=\"https:\/\/www.euro-soft.pl\/wordpress\/wp-content\/uploads\/2018\/03\/Untitled-5.png\" alt=\"pods\u0142uch telefonu dziecka\" width=\"655\" height=\"503\" srcset=\"https:\/\/www.euro-soft.pl\/w\/wp-content\/uploads\/2018\/03\/Untitled-5.png 655w, https:\/\/www.euro-soft.pl\/w\/wp-content\/uploads\/2018\/03\/Untitled-5-300x230.png 300w, https:\/\/www.euro-soft.pl\/w\/wp-content\/uploads\/2018\/03\/Untitled-5-600x461.png 600w\" sizes=\"auto, (max-width: 655px) 100vw, 655px\" \/>&nbsp;<\/p>\n<p style=\"text-align: center;\">Po zalogowaniu si\u0119 na stron\u0119 <a href=\"https:\/\/pc.spyone.pl\/mul22\/login.jsp\">www.spyone.pl<\/a>&nbsp;uzyskujemy mo\u017cliwo\u015b\u0107 pozyskania informacji jak na poni\u017cszej prezentacji.<\/p>\n<p style=\"text-align: center;\">W celu uzyskania dodatkowych informacji zapraszamy do kontaktu pod numerem 501 159 903.<\/p>\n<p><img loading=\"lazy\" decoding=\"async\" class=\" size-full wp-image-222\" src=\"https:\/\/www.euro-soft.pl\/wordpress\/wp-content\/uploads\/2018\/03\/Untitled-17.png\" alt=\"pods\u0142uch telefonu dziecka\" width=\"900\" height=\"600\" style=\"display: block; margin-left: auto; margin-right: auto;\" title=\"pods\u0142uch telefonu\" \/><\/p>\n<p><img loading=\"lazy\" decoding=\"async\" class=\" size-full wp-image-223\" src=\"https:\/\/www.euro-soft.pl\/wordpress\/wp-content\/uploads\/2018\/03\/Untitled-11.png\" alt=\"pods\u0142uch telefonu dziecka\" width=\"900\" height=\"600\" style=\"display: block; margin-left: auto; margin-right: auto;\" title=\"pods\u0142uch telefonu\" \/><\/p>\n<p>&nbsp;<\/p>\n<p><img loading=\"lazy\" decoding=\"async\" class=\" size-full wp-image-224\" src=\"https:\/\/www.euro-soft.pl\/wordpress\/wp-content\/uploads\/2018\/03\/Untitled-19.png\" alt=\"pods\u0142uch telefonu dziecka\" width=\"900\" height=\"600\" style=\"display: block; margin-left: auto; margin-right: auto;\" title=\"pods\u0142uch telefonu\" \/><\/p>\n<p><img loading=\"lazy\" decoding=\"async\" class=\" size-full wp-image-225\" src=\"https:\/\/www.euro-soft.pl\/wordpress\/wp-content\/uploads\/2018\/03\/Untitled-15.png\" alt=\"pods\u0142uch telefonu dziecka\" width=\"900\" height=\"600\" style=\"display: block; margin-left: auto; margin-right: auto;\" title=\"pods\u0142uch telefonu\" \/><\/p>\n<p><img loading=\"lazy\" decoding=\"async\" class=\" size-full wp-image-226\" src=\"https:\/\/www.euro-soft.pl\/wordpress\/wp-content\/uploads\/2018\/03\/Untitled-13.png\" alt=\"pods\u0142uch telefonu dziecka\" width=\"900\" height=\"600\" style=\"display: block; margin-left: auto; margin-right: auto;\" title=\"pods\u0142uch telefonu\" \/><\/p>\n","protected":false},"excerpt":{"rendered":"<p>Pods\u0142uch telefonu dziecka &#8211; Kontrola rodzicielska Pods\u0142uch&nbsp;telefonu umo\u017cliwia podgl\u0105d i ods\u0142uch ca\u0142ej aktywno\u015bci na stronie. Pods\u0142uch telefonu to profesjonalne oprogramowanie przeznaczone do kontroli telefonu dziecka, program \u0142\u0105czy ze sob\u0105&nbsp;WSZYSTKIE&nbsp;mo\u017cliwe funkcje do monitorowania telefonu kom\u00f3rkowego. Dzi\u0119ki temu oprogramowaniu SpyOne jeste\u015bmy w stanie widzie\u0107 i s\u0142ysze\u0107 wszystko dooko\u0142a telefonu, a nawet mie\u0107 bezpo\u015bredni dost\u0119p do niego poprzez [&hellip;]<\/p>\n","protected":false},"author":1,"featured_media":216,"parent":0,"menu_order":7,"comment_status":"closed","ping_status":"closed","template":"","meta":{"footnotes":""},"categories":[5],"tags":[],"class_list":["post-227","page","type-page","status-publish","has-post-thumbnail","hentry","category-oferty"],"blocksy_meta":[],"_links":{"self":[{"href":"https:\/\/www.euro-soft.pl\/w\/wp-json\/wp\/v2\/pages\/227","targetHints":{"allow":["GET"]}}],"collection":[{"href":"https:\/\/www.euro-soft.pl\/w\/wp-json\/wp\/v2\/pages"}],"about":[{"href":"https:\/\/www.euro-soft.pl\/w\/wp-json\/wp\/v2\/types\/page"}],"author":[{"embeddable":true,"href":"https:\/\/www.euro-soft.pl\/w\/wp-json\/wp\/v2\/users\/1"}],"replies":[{"embeddable":true,"href":"https:\/\/www.euro-soft.pl\/w\/wp-json\/wp\/v2\/comments?post=227"}],"version-history":[{"count":1,"href":"https:\/\/www.euro-soft.pl\/w\/wp-json\/wp\/v2\/pages\/227\/revisions"}],"predecessor-version":[{"id":733,"href":"https:\/\/www.euro-soft.pl\/w\/wp-json\/wp\/v2\/pages\/227\/revisions\/733"}],"wp:featuredmedia":[{"embeddable":true,"href":"https:\/\/www.euro-soft.pl\/w\/wp-json\/wp\/v2\/media\/216"}],"wp:attachment":[{"href":"https:\/\/www.euro-soft.pl\/w\/wp-json\/wp\/v2\/media?parent=227"}],"wp:term":[{"taxonomy":"category","embeddable":true,"href":"https:\/\/www.euro-soft.pl\/w\/wp-json\/wp\/v2\/categories?post=227"},{"taxonomy":"post_tag","embeddable":true,"href":"https:\/\/www.euro-soft.pl\/w\/wp-json\/wp\/v2\/tags?post=227"}],"curies":[{"name":"wp","href":"https:\/\/api.w.org\/{rel}","templated":true}]}}