{"id":165,"date":"2017-10-26T13:41:18","date_gmt":"2017-10-26T11:41:18","guid":{"rendered":"https:\/\/www.euro-soft.pl\/wordpress\/uprawnienia\/"},"modified":"2025-10-28T13:05:49","modified_gmt":"2025-10-28T12:05:49","slug":"uprawnienia","status":"publish","type":"page","link":"https:\/\/www.euro-soft.pl\/w\/uprawnienia\/","title":{"rendered":"Wykrywanie pods\u0142uchu uprawnienia"},"content":{"rendered":"<h1 style=\"text-align: center;\"><strong>Wykrywanie pods\u0142uchu<\/strong><\/h1>\n<p style=\"text-align: center;\"><img loading=\"lazy\" decoding=\"async\" class=\" size-full wp-image-127\" style=\"border: 2px solid black;\" title=\"Dyplom uko\u0144czenia Wojskowej Akademii Technicznej\" src=\"https:\/\/www.euro-soft.pl\/wordpress\/wp-content\/uploads\/2017\/10\/untitled_2.jpg\" sizes=\"auto, (max-width: 480px) 100vw, 480px\" srcset=\"https:\/\/www.euro-soft.pl\/w\/wp-content\/uploads\/2017\/10\/untitled_2.jpg 480w, https:\/\/www.euro-soft.pl\/w\/wp-content\/uploads\/2017\/10\/untitled_2-300x208.jpg 300w\" alt=\"Dyplom uko\u0144czenia Wojskowej Akademii Techniczne\" width=\"480\" height=\"332\" border=\"2\" \/><\/p>\n<p style=\"text-align: center;\"><span style=\"font-size: small;\"><span style=\"font-size: medium;\"> Dyplom uko\u0144czenia Wojskowej Akademii Technicznej.<br \/>\nPromocja 1976 r.<\/span><\/span><\/p>\n<p style=\"text-align: center;\"><img loading=\"lazy\" decoding=\"async\" class=\" size-full wp-image-163\" style=\"border: 2px solid black;\" title=\"Decyzja o powo\u0142aniu Bieg\u0142ego S\u0105dowego S\u0105du Okr\u0119gowego w Warszawie\" src=\"https:\/\/www.euro-soft.pl\/wordpress\/wp-content\/uploads\/2017\/10\/biegly11424-scaled.jpg\" alt=\"Decyzja o powo\u0142aniu Bieg\u0142ego S\u0105dowego S\u0105du Okr\u0119gowego w Warszawi \" width=\"600\" height=\"700\" \/><\/p>\n<p style=\"text-align: center;\">Wpis do rejestru Bieg\u0142ych S\u0105dowych S\u0105du Okr\u0119gowego Warszawie w dziale kryminalistyka o specjalno\u015bci <strong>wykrywanie pods\u0142uchu<\/strong>.<\/p>\n<p style=\"text-align: center;\"><img loading=\"lazy\" decoding=\"async\" class=\" size-full wp-image-164\" style=\"border: 2px solid #000000;\" src=\"https:\/\/www.euro-soft.pl\/wordpress\/wp-content\/uploads\/2017\/10\/odczyt_sms_biegly.jpg\" sizes=\"auto, (max-width: 607px) 100vw, 607px\" srcset=\"https:\/\/www.euro-soft.pl\/w\/wp-content\/uploads\/2017\/10\/odczyt_sms_biegly.jpg 575w, https:\/\/www.euro-soft.pl\/w\/wp-content\/uploads\/2017\/10\/odczyt_sms_biegly-213x300.jpg 213w\" alt=\"odczyt sms bieg\u0142y\" width=\"607\" height=\"855\" \/><\/p>\n<p style=\"text-align: center;\"><img loading=\"lazy\" decoding=\"async\" class=\" size-full wp-image-130\" style=\"border: 2px solid black;\" title=\"Po\u015bwiadczenie Bezpiecze\u0144stwa Osobowego wystawione zgodnie z procedur\u0105 ABW \" src=\"https:\/\/www.euro-soft.pl\/wordpress\/wp-content\/uploads\/2017\/10\/untitled_3.jpg\" alt=\"Po\u015bwiadczenie Bezpiecze\u0144stwa Osobowego wystawione zgodnie z procedur\u0105 ABW \" width=\"600\" height=\"700\" \/><\/p>\n<p style=\"text-align: center;\">Certyfikat Bezpiecze\u0144stwa Osobowego.<\/p>\n<p style=\"text-align: center;\"><a href=\"https:\/\/www.euro-soft.pl\/w\/uprawnienia\/\">Wykrywanie pods\u0142uchu \u2013 weryfikacja wykonawcy<\/a><\/p>\n","protected":false},"excerpt":{"rendered":"<p>Wykrywanie pods\u0142uchu Dyplom uko\u0144czenia Wojskowej Akademii Technicznej. Promocja 1976 r. Wpis do rejestru Bieg\u0142ych S\u0105dowych S\u0105du Okr\u0119gowego Warszawie w dziale kryminalistyka o specjalno\u015bci wykrywanie pods\u0142uchu. Certyfikat Bezpiecze\u0144stwa Osobowego. Wykrywanie pods\u0142uchu \u2013 weryfikacja wykonawcy<\/p>\n","protected":false},"author":1,"featured_media":162,"parent":0,"menu_order":1,"comment_status":"closed","ping_status":"closed","template":"","meta":{"footnotes":""},"categories":[6],"tags":[],"class_list":["post-165","page","type-page","status-publish","has-post-thumbnail","hentry","category-informacje-o-nas"],"blocksy_meta":[],"_links":{"self":[{"href":"https:\/\/www.euro-soft.pl\/w\/wp-json\/wp\/v2\/pages\/165","targetHints":{"allow":["GET"]}}],"collection":[{"href":"https:\/\/www.euro-soft.pl\/w\/wp-json\/wp\/v2\/pages"}],"about":[{"href":"https:\/\/www.euro-soft.pl\/w\/wp-json\/wp\/v2\/types\/page"}],"author":[{"embeddable":true,"href":"https:\/\/www.euro-soft.pl\/w\/wp-json\/wp\/v2\/users\/1"}],"replies":[{"embeddable":true,"href":"https:\/\/www.euro-soft.pl\/w\/wp-json\/wp\/v2\/comments?post=165"}],"version-history":[{"count":2,"href":"https:\/\/www.euro-soft.pl\/w\/wp-json\/wp\/v2\/pages\/165\/revisions"}],"predecessor-version":[{"id":722,"href":"https:\/\/www.euro-soft.pl\/w\/wp-json\/wp\/v2\/pages\/165\/revisions\/722"}],"wp:featuredmedia":[{"embeddable":true,"href":"https:\/\/www.euro-soft.pl\/w\/wp-json\/wp\/v2\/media\/162"}],"wp:attachment":[{"href":"https:\/\/www.euro-soft.pl\/w\/wp-json\/wp\/v2\/media?parent=165"}],"wp:term":[{"taxonomy":"category","embeddable":true,"href":"https:\/\/www.euro-soft.pl\/w\/wp-json\/wp\/v2\/categories?post=165"},{"taxonomy":"post_tag","embeddable":true,"href":"https:\/\/www.euro-soft.pl\/w\/wp-json\/wp\/v2\/tags?post=165"}],"curies":[{"name":"wp","href":"https:\/\/api.w.org\/{rel}","templated":true}]}}