{"id":126,"date":"2017-10-19T20:22:03","date_gmt":"2017-10-19T18:22:03","guid":{"rendered":"https:\/\/www.euro-soft.pl\/wordpress\/kontakt\/"},"modified":"2025-10-22T16:22:38","modified_gmt":"2025-10-22T14:22:38","slug":"kontakt","status":"publish","type":"page","link":"https:\/\/www.euro-soft.pl\/w\/kontakt\/","title":{"rendered":"Kontakt"},"content":{"rendered":"<p><img loading=\"lazy\" decoding=\"async\" class=\" size-full wp-image-124\" src=\"https:\/\/www.euro-soft.pl\/wordpress\/wp-content\/uploads\/2017\/10\/logo.jpg\" alt=\"wykrywanie GPS Warszawa, wykrywanie pods\u0142uchu, wykrywanie pods\u0142uch\u00f3w w telefonach\" width=\"161\" height=\"94\" \/><br \/>\n05-091 Z\u0105bki, Andersena 18F\/2<br \/>\ntel. kom. 501-159-903<br \/>\n502-161-904<\/p>\n<p>e-mail: <a href=\"mailto:eurosoft@euro-soft.pl\">eurosoft@euro-soft.pl<\/a><\/p>\n<p>Bank PKO Bank Polski nr konta: 31 1020 4900 0000 8202 3397 6123<\/p>\n<p><!-- Begin Mailchimp Signup Form --><\/p>\n<style type=\"text\/css\">#mc_embed_signup{background:#fff; clear:left; font:14px Helvetica,Arial,sans-serif; border: 10px solid gray; padding: 20px;}<br \/>\n\t\/* Add your own Mailchimp form style overrides in your site stylesheet or in this style block.<br \/>\n\t   We recommend moving this block and the preceding CSS link to the HEAD of your HTML file. *\/<br \/>\n<\/style>\n<style type=\"text\/css\">#mc-embedded-subscribe-form input[type=checkbox]{display: inline; width: auto;margin-right: 10px;}<br \/>\n\t#mergeRow-gdpr {margin-top: 20px;}<br \/>\n\t#mergeRow-gdpr fieldset label {font-weight: normal;}<br \/>\n\t#mc-embedded-subscribe-form .mc_fieldset{border:none;min-height: 0px;padding-bottom:0px;}<br \/>\n<\/style>\n<div id=\"mc_embed_signup\">\n<form id=\"mc-embedded-subscribe-form\" class=\"validate\" action=\"https:\/\/podsluch.us1.list-manage.com\/subscribe\/post?u=79e9b41d4b5d275e0114107c1&amp;id=c33fd6221b\" method=\"post\" name=\"mc-embedded-subscribe-form\" novalidate=\"\" target=\"_blank\">\n<div id=\"mc_embed_signup_scroll\"><label for=\"mce-EMAIL\">Zapisz si\u0119 na newsletter<\/label> <input id=\"mce-EMAIL\" class=\"email\" name=\"EMAIL\" required=\"\" type=\"email\" value=\"\" placeholder=\"email address\" \/><\/p>\n<div id=\"mergeRow-gdpr\" class=\"mergeRow gdpr-mergeRow content__gdprBlock mc-field-group\">\n<div class=\"content__gdpr\"><label>Zgody marketingowe<\/label>Wybierz spos\u00f3b w jaki mo\u017cemy kontaktowa\u0107 si\u0119 z tob\u0105:<\/p>\n<fieldset class=\"mc_fieldset gdprRequired mc-field-group\" name=\"interestgroup_field\"><label class=\"checkbox subfield\" for=\"gdpr_49046\"><input id=\"gdpr_49046\" class=\"av-checkbox gdpr\" name=\"gdpr[49046]\" type=\"checkbox\" value=\"Y\" \/>Email <\/label><\/fieldset>\n<p>Mo\u017cesz wypisa\u0107 si\u0119 w dowolnym momencie klikaj\u0105c na link w stopce naszych emaili. Informacje na temat prywatno\u015bci znajduj\u0105 si\u0119 na naszej stronie.<\/p>\n<\/div>\n<div class=\"content__gdprLegal\">\n<p>U\u017cywamy MailChimp jako platformy marketingowej. Klikaj\u0105c poni\u017cszy przycisk zgadzasz si\u0119 aby twoje dane zosta\u0142y przekazane do MailChimp. <a href=\"https:\/\/mailchimp.com\/legal\/\" target=\"_blank\" rel=\"noopener\">Dowiedz si\u0119 wi\u0119cej o polityce prywatno\u015bci.<\/a><\/p>\n<\/div>\n<\/div>\n<p><!-- real people should not fill this in and expect good things - do not remove this or risk form bot signups--><\/p>\n<div style=\"position: absolute; left: -5000px;\" aria-hidden=\"true\"><input tabindex=\"-1\" name=\"b_79e9b41d4b5d275e0114107c1_c33fd6221b\" type=\"text\" value=\"\" \/><\/div>\n<div class=\"clear\"><input id=\"mc-embedded-subscribe\" class=\"button\" name=\"subscribe\" type=\"submit\" value=\"Zapisz si\u0119\" \/><\/div>\n<\/div>\n<\/form>\n<\/div>\n<p><!--End mc_embed_signup--><\/p>\n<p><b>Kontakt telefoniczny\u00a0 w sprawie zam\u00f3wie\u0144 od pon. do pt. w godz.<\/b>\u00a09.00-19.00<br \/>\n<b>Kontakt telefoniczny\u00a0 w sprawie wykrywania pods\u0142uchu\u00a0 w godz.<\/b>\u00a09.00-19.00<\/p>\n<p><a href=\"https:\/\/www.euro-soft.pl\/w\/regulamin\/\">Regulamin sklepu Euro-Soft<\/a><\/p>\n<p><a href=\"https:\/\/www.euro-soft.pl\/wordpress\/wp-content\/uploads\/2017\/10\/reklamacja.jpg\"><img loading=\"lazy\" decoding=\"async\" class=\" size-full wp-image-54\" src=\"https:\/\/www.euro-soft.pl\/wordpress\/wp-content\/uploads\/2017\/10\/untitled_32.png\" alt=\"\" width=\"40\" height=\"50\" \/>Zg\u0142oszenie reklamacji.<\/a><\/p>\n<p><a href=\"https:\/\/www.euro-soft.pl\/wordpress\/wp-content\/uploads\/2017\/10\/odstapienie.pdf\"><img loading=\"lazy\" decoding=\"async\" class=\" size-full wp-image-54\" src=\"https:\/\/www.euro-soft.pl\/wordpress\/wp-content\/uploads\/2017\/10\/untitled_32.png\" alt=\"\" width=\"40\" height=\"50\" \/>Odst\u0105pienie od umowy kupna.<\/a><\/p>\n<h1>RODO<\/h1>\n<h2>INFORMACJA DLA KLIENT\u00d3W FIRMY EURO-SOFT DOTYCZ\u0104CA PRZETWARZANIA DANYCH OSOBOWYCH ZGODNIE Z RODO<\/h2>\n<p>Zgodnie z art. 13. Ust. 1 i ust. 2 Rozporz\u0105dzenia Parlamentu Europejskiego i Rady (UE) 2016\/679 z dnia 27 kwietnia 2016 r. w sprawie ochrony os\u00f3b fizycznych w zwi\u0105zku z przetwarzaniem danych osobowych i w sprawie swobodnego przep\u0142ywu takich danych oraz uchylenia dyrektywy 95\/46\/WE (og\u00f3lne rozporz\u0105dzenie o ochronie danych), informuj\u0119, \u017ce:<\/p>\n<h3>Co oznacza skr\u00f3t RODO?<\/h3>\n<p>Odnosi si\u0119 on do rozporz\u0105dzenia Parlamentu Europejskiego i Rady (UE) 2016\/679 z dnia 27 kwietnia 2016 r. w sprawie ochrony os\u00f3b fizycznych w zwi\u0105zku z przetwarzaniem danych osobowych i w sprawie swobodnego przep\u0142ywu takich danych (zwanego dalej rozporz\u0105dzeniem RODO).<\/p>\n<h3>Jaki jest cel wprowadzenia RODO?<\/h3>\n<p>Podstawowym celem RODO jest ochrona podstawowych praw i wolno\u015bci os\u00f3b fizycznych w zwi\u0105zku z przetwarzaniem danych osobowych.<\/p>\n<h3>Kto jest administratorem Twoich Danych osobowych?<\/h3>\n<p>Administratorem Pani\/Pana danych osobowych jest firma Euro-Soft Wioletta Wiencis z siedzib\u0105: 05-091 Z\u0105bki, Andersena 18F\/2<\/p>\n<h3>Jaki jest cel przetwarzania przez nas Twoich danych osobowych?<\/h3>\n<p>Przetwarzamy Pani\/Pana dane osobowe w celu:<\/p>\n<ul>\n<li>zawarcia i realizacji umowy sprzeda\u017cy (zam\u00f3wienia w sklepie internetowym) dane niezb\u0119dne do rejestracji konta: e-mail, imi\u0119 i nazwisko, adres, nazwa firmy, nip firmy, nr telefonu,<\/li>\n<li>marketingu produkt\u00f3w w\u0142asnych w tym, zadania pytania na karcie produktu, zapisu do newslettera, powiadomie\u0144 o szkoleniach i proponowania tematu szkole\u0144, formularz kontaktowy, zapytanie ofertowe: imi\u0119 i nazwisko, adres e-mail, nr telefonu,<\/li>\n<li>zapis na szkolenia: e-mail, imi\u0119 i nazwisko, adres, nazwa firmy, nip firmy, nr telefonu.<\/li>\n<\/ul>\n<p>Podstawa prawna przetwarzania danych<\/p>\n<p>Na podstawie art. 6 ust.1. lit b rozporz\u0105dzenia RODO tj. przetwarzanie jest niezb\u0119dne do wykonania umowy lub do podj\u0119cia dzia\u0142a\u0144 przed zawarciem umowy<\/p>\n<p>Jakie ma Pani\/ Pan prawa w zakresie przetwarzania danych osobowych przez Ministerstwo<\/p>\n<p>Masz prawo:<\/p>\n<ul>\n<li>uzyska\u0107 dost\u0119p do swoich danych,<\/li>\n<li>za\u017c\u0105da\u0107 sprostowania Twoich danych osobowych,<\/li>\n<li>\u017c\u0105da\u0107 usuni\u0119cia danych<\/li>\n<\/ul>\n<p>Wnioski w sprawie realizacji Twoich praw dotycz\u0105cych danych osobowych mo\u017cesz z\u0142o\u017cy\u0107:<\/p>\n<ul>\n<li>osobi\u015bcie w siedzibie firmy<\/li>\n<li>elektronicznie na adres <span lang=\"zxx\"><a href=\"mailto:iodo@euro-soft.pl\">iodo@euro-soft.pl<\/a><\/span><\/li>\n<li>oraz listownie na adres: Euro-Soft Wioletta Wiencis,\u00a005-091 Z\u0105bki, Andersena 18F\/2<\/li>\n<\/ul>\n<p>We wniosku nale\u017cy wskaza\u0107, jakie s\u0105 Pani\/Pana \u017c\u0105dania (np. \u201e\u017b\u0105dam dost\u0119pu do \u2026\u201d) oraz poda\u0107 dane, na podstawie, kt\u00f3rych b\u0119dzie mo\u017cliwa identyfikacja (imi\u0119, nazwisko lub nazwa firmy).<\/p>\n<p>Kiedy mo\u017cesz \u017c\u0105da\u0107 usuni\u0119cia danych<\/p>\n<p>W przypadku gdy dane osobowe nie s\u0105 ju\u017c niezb\u0119dne do cel\u00f3w, dla kt\u00f3rych zosta\u0142y zebrane tj. po zako\u0144czeniu realizacji umowy.<\/p>\n<p>PAMI\u0118TAJ: w przypadku post\u0119powania reklamacyjnego lub s\u0105dowego Twoje dane b\u0119d\u0105 przetwarzane do czasu zako\u0144czenia tych czynno\u015bci.<\/p>\n<h3>PAMI\u0118TAJ<\/h3>\n<p>\u017b\u0105danie usuni\u0119cia danych skutkuje na przysz\u0142o\u015b\u0107 tj. dotyczy dalszej naszej dzia\u0142alno\u015bci. W zwi\u0105zku z przepisami podatkowymi Twoje \u017c\u0105danie usuni\u0119cia danych nie b\u0119dzie skutkowa\u0142o wstecz tzn. Twoje dane b\u0119dziemy archiwizowa\u0107 w zwi\u0105zku z konieczno\u015bci\u0105 udokumentowania przychod\u00f3w przez pi\u0119\u0107 lat od momentu realizacji zam\u00f3wienia.<\/p>\n<p>Gdzie mo\u017cna wnie\u015b\u0107 skarg\u0119, w przypadku naruszenia prawa w zakresie rozporz\u0105dzenia RODO<\/p>\n<p>Do organu nadzorczego, kt\u00f3ry zajmuje si\u0119 ochron\u0105 danych osobowych tj. Prezesa Urz\u0119du Ochrony Danych Osobowych (PUODO).<\/p>\n","protected":false},"excerpt":{"rendered":"<p>05-091 Z\u0105bki, Andersena 18F\/2 tel. kom. 501-159-903 502-161-904 e-mail: eurosoft@euro-soft.pl Bank PKO Bank Polski nr konta: 31 1020 4900 0000 8202 3397 6123 Zapisz si\u0119 na newsletter Zgody marketingoweWybierz spos\u00f3b w jaki mo\u017cemy kontaktowa\u0107 si\u0119 z tob\u0105: Email Mo\u017cesz wypisa\u0107 si\u0119 w dowolnym momencie klikaj\u0105c na link w stopce naszych emaili. Informacje na temat prywatno\u015bci [&hellip;]<\/p>\n","protected":false},"author":1,"featured_media":124,"parent":0,"menu_order":2,"comment_status":"closed","ping_status":"closed","template":"","meta":{"footnotes":""},"categories":[6],"tags":[],"class_list":["post-126","page","type-page","status-publish","has-post-thumbnail","hentry","category-informacje-o-nas"],"blocksy_meta":[],"_links":{"self":[{"href":"https:\/\/www.euro-soft.pl\/w\/wp-json\/wp\/v2\/pages\/126","targetHints":{"allow":["GET"]}}],"collection":[{"href":"https:\/\/www.euro-soft.pl\/w\/wp-json\/wp\/v2\/pages"}],"about":[{"href":"https:\/\/www.euro-soft.pl\/w\/wp-json\/wp\/v2\/types\/page"}],"author":[{"embeddable":true,"href":"https:\/\/www.euro-soft.pl\/w\/wp-json\/wp\/v2\/users\/1"}],"replies":[{"embeddable":true,"href":"https:\/\/www.euro-soft.pl\/w\/wp-json\/wp\/v2\/comments?post=126"}],"version-history":[{"count":1,"href":"https:\/\/www.euro-soft.pl\/w\/wp-json\/wp\/v2\/pages\/126\/revisions"}],"predecessor-version":[{"id":701,"href":"https:\/\/www.euro-soft.pl\/w\/wp-json\/wp\/v2\/pages\/126\/revisions\/701"}],"wp:featuredmedia":[{"embeddable":true,"href":"https:\/\/www.euro-soft.pl\/w\/wp-json\/wp\/v2\/media\/124"}],"wp:attachment":[{"href":"https:\/\/www.euro-soft.pl\/w\/wp-json\/wp\/v2\/media?parent=126"}],"wp:term":[{"taxonomy":"category","embeddable":true,"href":"https:\/\/www.euro-soft.pl\/w\/wp-json\/wp\/v2\/categories?post=126"},{"taxonomy":"post_tag","embeddable":true,"href":"https:\/\/www.euro-soft.pl\/w\/wp-json\/wp\/v2\/tags?post=126"}],"curies":[{"name":"wp","href":"https:\/\/api.w.org\/{rel}","templated":true}]}}