{"id":123,"date":"2017-10-19T20:21:53","date_gmt":"2017-10-19T18:21:53","guid":{"rendered":"https:\/\/www.euro-soft.pl\/wordpress\/referencje\/"},"modified":"2025-10-21T09:34:50","modified_gmt":"2025-10-21T07:34:50","slug":"referencje","status":"publish","type":"page","link":"https:\/\/www.euro-soft.pl\/w\/referencje\/","title":{"rendered":"Wykrywanie pods\u0142uchu &#8211; referencje"},"content":{"rendered":"<p style=\"text-align: center;\">Prezentowane dokumenty pozbawione s\u0105 danych wra\u017cliwych co jest niezb\u0119dnym warunkiem&nbsp;zachowania tajemnicy s\u0142u\u017cbowej.<\/p>\n<p style=\"text-align: center;\"><img loading=\"lazy\" decoding=\"async\" class=\" size-full wp-image-116\" src=\"https:\/\/www.euro-soft.pl\/wordpress\/wp-content\/uploads\/2017\/10\/przysiega.jpg\" alt=\"Szko\u0142a Specjalist\u00f3w Wojskowych D\u0119blin Przysi\u0119ga\" width=\"425\" height=\"272\" style=\"border: 2px solid black;\" title=\"Szko\u0142a Specjalist\u00f3w Wijskowych D\u0119blin Przysi\u0119ga\" srcset=\"https:\/\/www.euro-soft.pl\/w\/wp-content\/uploads\/2017\/10\/przysiega.jpg 425w, https:\/\/www.euro-soft.pl\/w\/wp-content\/uploads\/2017\/10\/przysiega-300x192.jpg 300w\" sizes=\"auto, (max-width: 425px) 100vw, 425px\" \/><\/p>\n<p style=\"text-align: center;\">&nbsp;Twierdza D\u0119blin &#8211; Szko\u0142a Specjalist\u00f3w Wojskowych &#8211; przysi\u0119ga.<\/p>\n<p style=\"text-align: center;\"><img loading=\"lazy\" decoding=\"async\" class=\" size-full wp-image-117\" src=\"https:\/\/www.euro-soft.pl\/wordpress\/wp-content\/uploads\/2017\/10\/dyplom12.png\" alt=\"Krzy\u017c Komandorski Zwi\u0105zku \u017bo\u0142nierzy Wojska Polskiego \" width=\"532\" height=\"764\" style=\"border: 2px solid black; border-width: 2px;\" title=\"Krzy\u017c Komandorski \" \/><\/p>\n<p style=\"text-align: center;\">&nbsp;<\/p>\n<p style=\"text-align: center;\">Jako absolwent Wojskowej Akademii Technicznej szczeg\u00f3lnie ceni\u0119 sobie mo\u017cliwo\u015b\u0107 wsp\u00f3\u0142pracy z KBM WAT.<\/p>\n<p style=\"text-align: center;\"><img loading=\"lazy\" decoding=\"async\" class=\" size-full wp-image-118\" src=\"https:\/\/www.euro-soft.pl\/wordpress\/wp-content\/uploads\/2017\/10\/ref05.jpg\" alt=\"KBM\" width=\"532\" height=\"732\" style=\"border: 2px solid black;\" title=\"KBM WAT List referencyjny\" srcset=\"https:\/\/www.euro-soft.pl\/w\/wp-content\/uploads\/2017\/10\/ref05.jpg 744w, https:\/\/www.euro-soft.pl\/w\/wp-content\/uploads\/2017\/10\/ref05-218x300.jpg 218w, https:\/\/www.euro-soft.pl\/w\/wp-content\/uploads\/2017\/10\/ref05-600x826.jpg 600w\" sizes=\"auto, (max-width: 532px) 100vw, 532px\" \/><br \/> <img loading=\"lazy\" decoding=\"async\" class=\" size-full wp-image-119\" src=\"https:\/\/www.euro-soft.pl\/wordpress\/wp-content\/uploads\/2017\/10\/BN.jpg\" alt=\"List referencyjny Baza NATO Bydgoszcz \" width=\"532\" height=\"366\" style=\"border: 2px solid black;\" title=\"List referencyjny Baza NATO Bydgoszcz\" srcset=\"https:\/\/www.euro-soft.pl\/w\/wp-content\/uploads\/2017\/10\/BN.jpg 857w, https:\/\/www.euro-soft.pl\/w\/wp-content\/uploads\/2017\/10\/BN-300x207.jpg 300w, https:\/\/www.euro-soft.pl\/w\/wp-content\/uploads\/2017\/10\/BN-768x529.jpg 768w, https:\/\/www.euro-soft.pl\/w\/wp-content\/uploads\/2017\/10\/BN-600x413.jpg 600w\" sizes=\"auto, (max-width: 532px) 100vw, 532px\" \/><\/p>\n<p style=\"text-align: center;\">Jednostka specjalna NATO 10 grudzie\u0144 2009 r.<br \/> <img loading=\"lazy\" decoding=\"async\" class=\" size-full wp-image-120\" src=\"https:\/\/www.euro-soft.pl\/wordpress\/wp-content\/uploads\/2017\/10\/ref04.jpg\" alt=\"List referencyjny 12 Szczeci\u0144ska Dywizja Zmechanizowana\" width=\"532\" height=\"764\" style=\"border: 2px solid black;\" title=\"List referencyjny 12 Szczeci\u0144ska Dywizja Zmechanizowana \" srcset=\"https:\/\/www.euro-soft.pl\/w\/wp-content\/uploads\/2017\/10\/ref04.jpg 713w, https:\/\/www.euro-soft.pl\/w\/wp-content\/uploads\/2017\/10\/ref04-209x300.jpg 209w, https:\/\/www.euro-soft.pl\/w\/wp-content\/uploads\/2017\/10\/ref04-600x862.jpg 600w\" sizes=\"auto, (max-width: 532px) 100vw, 532px\" \/><\/p>\n<p style=\"text-align: center;\"><img loading=\"lazy\" decoding=\"async\" class=\" size-full wp-image-121\" src=\"https:\/\/www.euro-soft.pl\/wordpress\/wp-content\/uploads\/2017\/10\/ref03.jpg\" alt=\"List referencyjny Dow\u00f3dztwo 12 Szczeci\u0144skiej Dywizji Zmechanizowanej\" width=\"532\" height=\"846\" style=\"border: 2px solid black;\" title=\"List referencyjny Dow\u00f3dztwo 12 Szczeci\u0144skiej Dywizji Zmechanizowanej\" srcset=\"https:\/\/www.euro-soft.pl\/w\/wp-content\/uploads\/2017\/10\/ref03.jpg 644w, https:\/\/www.euro-soft.pl\/w\/wp-content\/uploads\/2017\/10\/ref03-189x300.jpg 189w, https:\/\/www.euro-soft.pl\/w\/wp-content\/uploads\/2017\/10\/ref03-600x954.jpg 600w\" sizes=\"auto, (max-width: 532px) 100vw, 532px\" \/><\/p>\n<p style=\"text-align: center;\">12 Szczeci\u0144ska Dywizja Zmechanizowana 06-02-2008 r.<\/p>\n<p style=\"text-align: center;\"><img loading=\"lazy\" decoding=\"async\" class=\" size-full wp-image-122\" src=\"https:\/\/www.euro-soft.pl\/wordpress\/wp-content\/uploads\/2017\/10\/ST1.jpg\" alt=\"Wydzia\u0142 operacyjno \u015aledczy Stra\u017cy Granicznej\" width=\"532\" height=\"780\" style=\"border: 2px solid black;\" title=\"Wydzia\u0142 operacyjno \u015aledczy Stra\u017cy Granicznej\" srcset=\"https:\/\/www.euro-soft.pl\/w\/wp-content\/uploads\/2017\/10\/ST1.jpg 806w, https:\/\/www.euro-soft.pl\/w\/wp-content\/uploads\/2017\/10\/ST1-205x300.jpg 205w, https:\/\/www.euro-soft.pl\/w\/wp-content\/uploads\/2017\/10\/ST1-699x1024.jpg 699w, https:\/\/www.euro-soft.pl\/w\/wp-content\/uploads\/2017\/10\/ST1-768x1125.jpg 768w, https:\/\/www.euro-soft.pl\/w\/wp-content\/uploads\/2017\/10\/ST1-600x879.jpg 600w\" sizes=\"auto, (max-width: 532px) 100vw, 532px\" \/><\/p>\n<p style=\"text-align: center;\">Wydzia\u0142 Operacyjny Stra\u017cy Granicznej 2007 r.<\/p>\n<h5 style=\"text-align: center;\" itemprop=\"headline\"><a href=\"https:\/\/www.euro-soft.pl\/w\/\">Wykrywanie pods\u0142uchu &#8211; weryfikacja wykonawcy<\/a>.<\/h5>\n<p>&nbsp;<\/p>\n","protected":false},"excerpt":{"rendered":"<p>Prezentowane dokumenty pozbawione s\u0105 danych wra\u017cliwych co jest niezb\u0119dnym warunkiem&nbsp;zachowania tajemnicy s\u0142u\u017cbowej. &nbsp;Twierdza D\u0119blin &#8211; Szko\u0142a Specjalist\u00f3w Wojskowych &#8211; przysi\u0119ga. &nbsp; Jako absolwent Wojskowej Akademii Technicznej szczeg\u00f3lnie ceni\u0119 sobie mo\u017cliwo\u015b\u0107 wsp\u00f3\u0142pracy z KBM WAT. Jednostka specjalna NATO 10 grudzie\u0144 2009 r. 12 Szczeci\u0144ska Dywizja Zmechanizowana 06-02-2008 r. Wydzia\u0142 Operacyjny Stra\u017cy Granicznej 2007 r. Wykrywanie pods\u0142uchu [&hellip;]<\/p>\n","protected":false},"author":1,"featured_media":116,"parent":0,"menu_order":3,"comment_status":"closed","ping_status":"closed","template":"","meta":{"footnotes":""},"categories":[6],"tags":[],"class_list":["post-123","page","type-page","status-publish","has-post-thumbnail","hentry","category-informacje-o-nas"],"blocksy_meta":[],"_links":{"self":[{"href":"https:\/\/www.euro-soft.pl\/w\/wp-json\/wp\/v2\/pages\/123","targetHints":{"allow":["GET"]}}],"collection":[{"href":"https:\/\/www.euro-soft.pl\/w\/wp-json\/wp\/v2\/pages"}],"about":[{"href":"https:\/\/www.euro-soft.pl\/w\/wp-json\/wp\/v2\/types\/page"}],"author":[{"embeddable":true,"href":"https:\/\/www.euro-soft.pl\/w\/wp-json\/wp\/v2\/users\/1"}],"replies":[{"embeddable":true,"href":"https:\/\/www.euro-soft.pl\/w\/wp-json\/wp\/v2\/comments?post=123"}],"version-history":[{"count":1,"href":"https:\/\/www.euro-soft.pl\/w\/wp-json\/wp\/v2\/pages\/123\/revisions"}],"predecessor-version":[{"id":693,"href":"https:\/\/www.euro-soft.pl\/w\/wp-json\/wp\/v2\/pages\/123\/revisions\/693"}],"wp:featuredmedia":[{"embeddable":true,"href":"https:\/\/www.euro-soft.pl\/w\/wp-json\/wp\/v2\/media\/116"}],"wp:attachment":[{"href":"https:\/\/www.euro-soft.pl\/w\/wp-json\/wp\/v2\/media?parent=123"}],"wp:term":[{"taxonomy":"category","embeddable":true,"href":"https:\/\/www.euro-soft.pl\/w\/wp-json\/wp\/v2\/categories?post=123"},{"taxonomy":"post_tag","embeddable":true,"href":"https:\/\/www.euro-soft.pl\/w\/wp-json\/wp\/v2\/tags?post=123"}],"curies":[{"name":"wp","href":"https:\/\/api.w.org\/{rel}","templated":true}]}}